[Tue Oct 01 05:04:27.503133 2024] [proxy_fcgi:error] [pid 136455:tid 136455] [client 192.99.3.137:36864] AH01071: Got error 'Primary script unknown'
[Tue Oct 01 05:04:28.899960 2024] [proxy_fcgi:error] [pid 136455:tid 136455] [client 192.99.3.137:36864] AH01071: Got error 'Primary script unknown'
[Tue Oct 01 05:04:30.428011 2024] [proxy_fcgi:error] [pid 136455:tid 136455] [client 192.99.3.137:36864] AH01071: Got error 'Primary script unknown'
[Tue Oct 01 05:04:31.804593 2024] [proxy_fcgi:error] [pid 136455:tid 136455] [client 192.99.3.137:36864] AH01071: Got error 'Primary script unknown'
[Tue Oct 01 05:04:33.474525 2024] [proxy_fcgi:error] [pid 136455:tid 136455] [client 192.99.3.137:36864] AH01071: Got error 'Primary script unknown'
[Tue Oct 01 05:04:35.013112 2024] [proxy_fcgi:error] [pid 136455:tid 136455] [client 192.99.3.137:36864] AH01071: Got error 'Primary script unknown'
[Tue Oct 01 05:04:36.552456 2024] [proxy_fcgi:error] [pid 136455:tid 136455] [client 192.99.3.137:36864] AH01071: Got error 'Primary script unknown'
[Tue Oct 01 05:04:38.086450 2024] [proxy_fcgi:error] [pid 136455:tid 136455] [client 192.99.3.137:36864] AH01071: Got error 'Primary script unknown'
[Tue Oct 01 05:04:39.516296 2024] [proxy_fcgi:error] [pid 136455:tid 136455] [client 192.99.3.137:36864] AH01071: Got error 'Primary script unknown'
[Tue Oct 01 05:04:40.982707 2024] [proxy_fcgi:error] [pid 136455:tid 136455] [client 192.99.3.137:36864] AH01071: Got error 'Primary script unknown'
[Tue Oct 01 05:04:42.533773 2024] [proxy_fcgi:error] [pid 136455:tid 136455] [client 192.99.3.137:36864] AH01071: Got error 'Primary script unknown'
[Tue Oct 01 05:04:43.911237 2024] [proxy_fcgi:error] [pid 136455:tid 136455] [client 192.99.3.137:36864] AH01071: Got error 'Primary script unknown'
[Tue Oct 01 05:04:45.317293 2024] [proxy_fcgi:error] [pid 136455:tid 136455] [client 192.99.3.137:36864] AH01071: Got error 'Primary script unknown'
[Tue Oct 01 05:04:46.857054 2024] [proxy_fcgi:error] [pid 136455:tid 136455] [client 192.99.3.137:36864] AH01071: Got error 'Primary script unknown'
[Tue Oct 01 05:04:48.384777 2024] [proxy_fcgi:error] [pid 136455:tid 136455] [client 192.99.3.137:36864] AH01071: Got error 'Primary script unknown'
[Tue Oct 01 05:04:49.916275 2024] [proxy_fcgi:error] [pid 136455:tid 136455] [client 192.99.3.137:36864] AH01071: Got error 'Primary script unknown'
[Tue Oct 01 05:04:51.450208 2024] [proxy_fcgi:error] [pid 181895:tid 181895] [client 192.99.3.137:49928] AH01071: Got error 'Primary script unknown'
[Tue Oct 01 05:04:52.133404 2024] [proxy_fcgi:error] [pid 178218:tid 178218] [client 185.191.171.12:7602] AH01071: Got error 'Primary script unknown'
[Tue Oct 01 05:04:53.361623 2024] [proxy_fcgi:error] [pid 136455:tid 136455] [client 192.99.3.137:36864] AH01071: Got error 'Primary script unknown'
[Tue Oct 01 05:04:55.243359 2024] [proxy_fcgi:error] [pid 181895:tid 181895] [client 192.99.3.137:49928] AH01071: Got error 'Primary script unknown'
[Tue Oct 01 05:04:56.755670 2024] [proxy_fcgi:error] [pid 136455:tid 136455] [client 192.99.3.137:36864] AH01071: Got error 'Primary script unknown'
[Tue Oct 01 05:04:58.129521 2024] [proxy_fcgi:error] [pid 181895:tid 181895] [client 192.99.3.137:49928] AH01071: Got error 'Primary script unknown'
[Tue Oct 01 05:04:59.673180 2024] [proxy_fcgi:error] [pid 136455:tid 136455] [client 192.99.3.137:36864] AH01071: Got error 'Primary script unknown'
[Tue Oct 01 05:05:14.497276 2024] [proxy_fcgi:error] [pid 162895:tid 162895] [client 43.156.204.134:58776] AH01071: Got error 'Primary script unknown'
[Tue Oct 01 05:05:14.592630 2024] [proxy_fcgi:error] [pid 175610:tid 175610] [client 43.156.204.134:58778] AH01071: Got error 'Primary script unknown'
[Tue Oct 01 05:05:14.704926 2024] [proxy_fcgi:error] [pid 178218:tid 178218] [client 43.156.204.134:58898] AH01071: Got error 'Primary script unknown'
[Tue Oct 01 05:06:25.430294 2024] [proxy_fcgi:error] [pid 181895:tid 181895] [client 170.106.180.246:59236] AH01071: Got error 'Primary script unknown'
[Tue Oct 01 05:09:33.394246 2024] [proxy_fcgi:error] [pid 184160:tid 184160] [client 185.191.171.18:52216] AH01071: Got error 'Primary script unknown'
[Tue Oct 01 05:10:58.118051 2024] [proxy_fcgi:error] [pid 154614:tid 154614] [client 66.249.66.86:49769] AH01071: Got error 'Primary script unknown'
[Tue Oct 01 05:12:45.032518 2024] [proxy_fcgi:error] [pid 175610:tid 175610] [client 185.191.171.12:24870] AH01071: Got error 'Primary script unknown'
[Tue Oct 01 05:12:56.003945 2024] [proxy_fcgi:error] [pid 184124:tid 184124] [client 185.191.171.1:11414] AH01071: Got error 'Primary script unknown'
[Tue Oct 01 05:14:10.719750 2024] [proxy_fcgi:error] [pid 154614:tid 154614] [client 85.208.96.209:65432] AH01071: Got error 'Primary script unknown'
[Tue Oct 01 05:14:45.758976 2024] [proxy_fcgi:error] [pid 184160:tid 184160] [client 85.208.96.210:65066] AH01071: Got error 'Primary script unknown'
[Tue Oct 01 05:18:11.366610 2024] [proxy_fcgi:error] [pid 150871:tid 150871] [client 85.208.96.196:43170] AH01071: Got error 'Primary script unknown'
[Tue Oct 01 05:20:47.034174 2024] [proxy_fcgi:error] [pid 184124:tid 184124] [client 85.208.96.212:42328] AH01071: Got error 'Primary script unknown'
[Tue Oct 01 05:20:59.959763 2024] [proxy_fcgi:error] [pid 162895:tid 162895] [client 85.208.96.208:37216] AH01071: Got error 'Primary script unknown'
[Tue Oct 01 05:21:29.640575 2024] [proxy_fcgi:error] [pid 171173:tid 171173] [client 85.208.96.195:33842] AH01071: Got error 'Primary script unknown'
[Tue Oct 01 05:26:35.919035 2024] [proxy_fcgi:error] [pid 171173:tid 171173] [client 85.208.96.202:23016] AH01071: Got error 'Primary script unknown'
[Tue Oct 01 05:31:47.690623 2024] [proxy_fcgi:error] [pid 184124:tid 184124] [client 185.191.171.2:32910] AH01071: Got error 'Primary script unknown'
[Tue Oct 01 05:35:36.794228 2024] [proxy_fcgi:error] [pid 154614:tid 154614] [client 185.191.171.5:26248] AH01071: Got error 'Primary script unknown'
[Tue Oct 01 05:36:54.731761 2024] [core:crit] [pid 150871:tid 150871] (13)Permission denied: [client 207.90.244.6:57854] AH00529: /home/beautystudiomix/public_html/.htaccess pcfg_openfile: unable to check htaccess file, ensure it is readable and that '/home/beautystudiomix/public_html/' is executable
[Tue Oct 01 05:36:55.260932 2024] [core:crit] [pid 181895:tid 181895] (13)Permission denied: [client 207.90.244.6:57866] AH00529: /home/beautystudiomix/public_html/.htaccess pcfg_openfile: unable to check htaccess file, ensure it is readable and that '/home/beautystudiomix/public_html/' is executable
[Tue Oct 01 05:36:55.781839 2024] [core:crit] [pid 154614:tid 154614] (13)Permission denied: [client 207.90.244.6:57872] AH00529: /home/beautystudiomix/public_html/.htaccess pcfg_openfile: unable to check htaccess file, ensure it is readable and that '/home/beautystudiomix/public_html/' is executable
[Tue Oct 01 05:36:56.275501 2024] [core:crit] [pid 136455:tid 136455] (13)Permission denied: [client 207.90.244.6:57886] AH00529: /home/beautystudiomix/public_html/.htaccess pcfg_openfile: unable to check htaccess file, ensure it is readable and that '/home/beautystudiomix/public_html/' is executable
[Tue Oct 01 05:37:02.941783 2024] [core:crit] [pid 150871:tid 150871] (13)Permission denied: [client 207.90.244.6:57912] AH00529: /home/beautystudiomix/public_html/.htaccess pcfg_openfile: unable to check htaccess file, ensure it is readable and that '/home/beautystudiomix/public_html/' is executable
[Tue Oct 01 05:39:42.383487 2024] [proxy_fcgi:error] [pid 150871:tid 150871] [client 92.50.31.145:62048] AH10414: To be forwarded path contains control characters or spaces
[Tue Oct 01 05:40:04.019757 2024] [proxy_fcgi:error] [pid 154614:tid 154614] [client 185.191.171.6:18676] AH01071: Got error 'Primary script unknown'
[Tue Oct 01 05:44:13.905547 2024] [proxy_fcgi:error] [pid 154614:tid 154614] [client 185.191.171.7:41932] AH01071: Got error 'Primary script unknown'
[Tue Oct 01 05:46:50.947475 2024] [proxy_fcgi:error] [pid 136455:tid 136455] [client 185.191.171.15:45632] AH01071: Got error 'Primary script unknown'
[Tue Oct 01 05:47:01.608818 2024] [proxy_fcgi:error] [pid 150871:tid 150871] [client 185.191.171.13:47706] AH01071: Got error 'Primary script unknown'
[Tue Oct 01 05:49:38.281833 2024] [proxy_fcgi:error] [pid 178218:tid 178218] [client 14.178.64.153:65092] AH01071: Got error 'Primary script unknown'
[Tue Oct 01 05:51:09.247644 2024] [proxy_fcgi:error] [pid 178218:tid 178218] [client 185.191.171.16:50610] AH01071: Got error 'Primary script unknown'
[Tue Oct 01 06:01:09.014359 2024] [proxy_fcgi:error] [pid 154614:tid 154614] [client 185.191.171.1:48932] AH01071: Got error 'Primary script unknown'
[Tue Oct 01 06:10:06.337872 2024] [proxy_fcgi:error] [pid 178218:tid 178218] [client 185.191.171.4:39622] AH01071: Got error 'Primary script unknown'
[Tue Oct 01 06:10:35.496411 2024] [proxy_fcgi:error] [pid 171173:tid 171173] [client 85.208.96.199:61348] AH01071: Got error 'Primary script unknown'
[Tue Oct 01 06:17:36.324572 2024] [proxy_fcgi:error] [pid 136455:tid 136455] [client 185.191.171.17:25482] AH01071: Got error 'Primary script unknown'
[Tue Oct 01 06:21:27.864810 2024] [proxy_fcgi:error] [pid 150871:tid 150871] [client 185.191.171.8:16516] AH01071: Got error 'Primary script unknown'
[Tue Oct 01 06:29:06.517846 2024] [proxy_fcgi:error] [pid 181895:tid 181895] [client 85.208.96.199:64850] AH01071: Got error 'Primary script unknown'
[Tue Oct 01 06:31:34.764829 2024] [proxy_fcgi:error] [pid 184124:tid 184124] [client 66.249.66.81:62058] AH01071: Got error 'Primary script unknown'
[Tue Oct 01 06:32:50.358519 2024] [proxy_fcgi:error] [pid 136455:tid 136455] [client 85.208.96.198:35994] AH01071: Got error 'Primary script unknown'
[Tue Oct 01 06:33:37.840146 2024] [proxy_fcgi:error] [pid 150871:tid 150871] [client 185.191.171.10:23134] AH01071: Got error 'Primary script unknown'
[Tue Oct 01 06:33:50.749553 2024] [proxy_fcgi:error] [pid 181895:tid 181895] [client 85.208.96.203:58658] AH01071: Got error 'Primary script unknown'
[Tue Oct 01 06:38:26.771190 2024] [proxy_fcgi:error] [pid 154614:tid 154614] [client 85.208.96.201:7448] AH01071: Got error 'Primary script unknown'
[Tue Oct 01 06:42:57.721271 2024] [core:crit] [pid 150871:tid 150871] (13)Permission denied: [client 185.189.182.234:56834] AH00529: /home/beautystudiomix/public_html/.htaccess pcfg_openfile: unable to check htaccess file, ensure it is readable and that '/home/beautystudiomix/public_html/' is executable
[Tue Oct 01 06:53:13.561243 2024] [proxy_fcgi:error] [pid 150871:tid 150871] [client 185.191.171.8:52940] AH01071: Got error 'Primary script unknown'
[Tue Oct 01 07:00:45.421683 2024] [proxy_fcgi:error] [pid 184124:tid 184124] [client 85.208.96.194:58470] AH01071: Got error 'Primary script unknown'
[Tue Oct 01 07:04:31.278170 2024] [proxy_fcgi:error] [pid 184124:tid 184124] [client 185.191.171.7:49462] AH01071: Got error 'Primary script unknown'
[Tue Oct 01 07:04:32.839700 2024] [proxy_fcgi:error] [pid 188190:tid 188190] [client 185.191.171.17:27194] AH01071: Got error 'Primary script unknown'
[Tue Oct 01 07:07:15.994251 2024] [proxy_fcgi:error] [pid 175610:tid 175610] [client 122.161.50.73:12022] AH01071: Got error 'Primary script unknown'
[Tue Oct 01 07:07:16.878906 2024] [proxy_fcgi:error] [pid 154614:tid 154614] [client 122.161.50.73:20105] AH01071: Got error 'Primary script unknown'
[Tue Oct 01 07:09:35.745685 2024] [proxy_fcgi:error] [pid 175610:tid 175610] [client 185.191.171.16:62034] AH01071: Got error 'Primary script unknown'
[Tue Oct 01 07:12:59.048849 2024] [proxy_fcgi:error] [pid 136455:tid 136455] [client 185.191.171.1:7770] AH01071: Got error 'Primary script unknown'
[Tue Oct 01 07:14:06.880975 2024] [proxy_fcgi:error] [pid 178218:tid 178218] [client 85.208.96.203:33770] AH01071: Got error 'Primary script unknown'
[Tue Oct 01 07:14:42.366626 2024] [proxy_fcgi:error] [pid 150871:tid 150871] [client 185.191.171.19:23716] AH01071: Got error 'Primary script unknown'
[Tue Oct 01 07:16:53.134629 2024] [proxy_fcgi:error] [pid 184160:tid 184160] [client 185.191.171.3:38174] AH01071: Got error 'Primary script unknown'
[Tue Oct 01 07:18:23.887658 2024] [proxy_fcgi:error] [pid 175610:tid 175610] [client 85.208.96.202:55856] AH01071: Got error 'Primary script unknown'
[Tue Oct 01 07:20:12.494202 2024] [proxy_fcgi:error] [pid 184124:tid 184124] [client 85.208.96.198:12520] AH01071: Got error 'Primary script unknown'
[Tue Oct 01 07:25:09.588174 2024] [proxy_fcgi:error] [pid 162895:tid 162895] [client 185.191.171.2:13606] AH01071: Got error 'Primary script unknown'
[Tue Oct 01 07:27:18.234488 2024] [proxy_fcgi:error] [pid 154614:tid 154614] [client 185.191.171.8:58182] AH01071: Got error 'Primary script unknown'
[Tue Oct 01 07:27:36.708065 2024] [proxy_fcgi:error] [pid 136455:tid 136455] [client 185.191.171.3:23926] AH01071: Got error 'Primary script unknown'
[Tue Oct 01 07:37:14.014761 2024] [proxy_fcgi:error] [pid 178218:tid 178218] [client 185.191.171.19:65412] AH01071: Got error 'Primary script unknown'
[Tue Oct 01 07:43:21.614017 2024] [proxy_fcgi:error] [pid 150871:tid 150871] [client 144.126.155.254:49902] AH01071: Got error 'Primary script unknown'
[Tue Oct 01 07:52:26.291148 2024] [proxy_fcgi:error] [pid 175610:tid 175610] [client 185.191.171.13:4422] AH01071: Got error 'Primary script unknown'
[Tue Oct 01 07:54:47.367684 2024] [proxy_fcgi:error] [pid 178218:tid 178218] [client 85.208.96.212:5784] AH01071: Got error 'Primary script unknown'
[Tue Oct 01 07:56:27.667032 2024] [proxy_fcgi:error] [pid 188190:tid 188190] [client 85.208.96.211:13292] AH01071: Got error 'Primary script unknown'
[Tue Oct 01 08:01:59.469637 2024] [proxy_fcgi:error] [pid 188190:tid 188190] [client 85.208.96.201:53638] AH01071: Got error 'Primary script unknown'
[Tue Oct 01 08:11:15.835714 2024] [proxy_fcgi:error] [pid 184160:tid 184160] [client 185.191.171.9:12416] AH01071: Got error 'Primary script unknown'
[Tue Oct 01 08:11:39.874634 2024] [proxy_fcgi:error] [pid 150871:tid 150871] [client 185.191.171.12:23360] AH01071: Got error 'Primary script unknown'
[Tue Oct 01 08:12:49.354330 2024] [proxy_fcgi:error] [pid 193352:tid 193352] [client 85.208.96.201:20448] AH01071: Got error 'Primary script unknown'
[Tue Oct 01 08:15:37.814272 2024] [proxy_fcgi:error] [pid 184160:tid 184160] [client 85.208.96.197:16704] AH01071: Got error 'Primary script unknown'
[Tue Oct 01 08:19:27.656035 2024] [proxy_fcgi:error] [pid 181895:tid 181895] [client 85.208.96.201:60662] AH01071: Got error 'Primary script unknown'
[Tue Oct 01 08:22:35.278596 2024] [proxy_fcgi:error] [pid 181895:tid 181895] [client 185.191.171.4:10588] AH01071: Got error 'Primary script unknown'
[Tue Oct 01 08:23:02.530509 2024] [proxy_fcgi:error] [pid 178218:tid 178218] [client 85.208.96.201:5782] AH01071: Got error 'Primary script unknown'
[Tue Oct 01 08:23:59.587782 2024] [proxy_fcgi:error] [pid 178218:tid 178218] [client 66.249.66.83:41092] AH01071: Got error 'Primary script unknown'
[Tue Oct 01 08:26:35.484714 2024] [proxy_fcgi:error] [pid 181895:tid 181895] [client 85.208.96.208:65356] AH01071: Got error 'Primary script unknown'
[Tue Oct 01 08:34:23.906625 2024] [proxy_fcgi:error] [pid 188190:tid 188190] [client 185.191.171.16:28440] AH01071: Got error 'Primary script unknown'
[Tue Oct 01 08:35:32.862425 2024] [proxy_fcgi:error] [pid 184124:tid 184124] [client 85.208.96.211:17308] AH01071: Got error 'Primary script unknown'
[Tue Oct 01 08:40:41.005466 2024] [proxy_fcgi:error] [pid 162895:tid 162895] [client 185.191.171.12:57126] AH01071: Got error 'Primary script unknown'
[Tue Oct 01 08:43:05.859356 2024] [proxy_fcgi:error] [pid 150871:tid 150871] [client 43.135.185.59:35564] AH01071: Got error 'Primary script unknown'
[Tue Oct 01 08:43:33.981533 2024] [proxy_fcgi:error] [pid 188190:tid 188190] [client 43.135.185.59:43112] AH01071: Got error 'Primary script unknown'
[Tue Oct 01 08:43:35.084061 2024] [proxy_fcgi:error] [pid 154614:tid 154614] [client 43.135.185.59:42884] AH01071: Got error 'Primary script unknown'
[Tue Oct 01 08:44:20.807519 2024] [proxy_fcgi:error] [pid 193352:tid 193352] [client 85.208.96.207:46002] AH01071: Got error 'Primary script unknown'
[Tue Oct 01 08:53:32.785568 2024] [proxy_fcgi:error] [pid 150871:tid 150871] [client 139.99.36.208:59953] AH01071: Got error 'Primary script unknown'
[Tue Oct 01 08:53:42.833638 2024] [proxy_fcgi:error] [pid 162895:tid 162895] [client 139.99.36.208:57651] AH01071: Got error 'Primary script unknown'
[Tue Oct 01 08:53:44.220719 2024] [proxy_fcgi:error] [pid 184124:tid 184124] [client 139.99.36.208:60217] AH01071: Got error 'Primary script unknown'
[Tue Oct 01 08:53:47.723041 2024] [proxy_fcgi:error] [pid 181895:tid 181895] [client 139.99.36.208:49373] AH01071: Got error 'Primary script unknown'
[Tue Oct 01 08:53:48.889574 2024] [proxy_fcgi:error] [pid 188190:tid 188190] [client 139.99.36.208:51095] AH01071: Got error 'Primary script unknown'
[Tue Oct 01 08:53:51.741126 2024] [proxy_fcgi:error] [pid 184160:tid 184160] [client 139.99.36.208:54653] AH01071: Got error 'Primary script unknown'
[Tue Oct 01 08:53:53.772331 2024] [proxy_fcgi:error] [pid 193352:tid 193352] [client 139.99.36.208:57413] AH01071: Got error 'Primary script unknown'
[Tue Oct 01 08:54:16.057330 2024] [proxy_fcgi:error] [pid 154614:tid 154614] [client 139.99.36.208:54275] AH01071: Got error 'Primary script unknown'
[Tue Oct 01 08:54:18.896805 2024] [proxy_fcgi:error] [pid 150871:tid 150871] [client 139.99.36.208:56655] AH01071: Got error 'Primary script unknown'
[Tue Oct 01 08:54:20.598077 2024] [proxy_fcgi:error] [pid 181895:tid 181895] [client 139.99.36.208:58202] AH01071: Got error 'Primary script unknown'
[Tue Oct 01 08:54:28.859621 2024] [proxy_fcgi:error] [pid 184124:tid 184124] [client 139.99.36.208:64219] AH01071: Got error 'Primary script unknown'
[Tue Oct 01 08:54:38.751709 2024] [proxy_fcgi:error] [pid 178218:tid 178218] [client 139.99.36.208:55397] AH01071: Got error 'Primary script unknown'
[Tue Oct 01 08:54:39.747697 2024] [proxy_fcgi:error] [pid 162895:tid 162895] [client 139.99.36.208:55933] AH01071: Got error 'Primary script unknown'
[Tue Oct 01 08:54:47.056703 2024] [proxy_fcgi:error] [pid 184160:tid 184160] [client 139.99.36.208:60741] AH01071: Got error 'Primary script unknown'
[Tue Oct 01 08:54:51.491784 2024] [proxy_fcgi:error] [pid 184124:tid 184124] [client 139.99.36.208:63158] AH01071: Got error 'Primary script unknown'
[Tue Oct 01 08:54:54.530654 2024] [proxy_fcgi:error] [pid 150871:tid 150871] [client 139.99.36.208:64747] AH01071: Got error 'Primary script unknown'
[Tue Oct 01 08:55:18.612824 2024] [proxy_fcgi:error] [pid 154614:tid 154614] [client 139.99.36.208:60946] AH01071: Got error 'Primary script unknown'
[Tue Oct 01 08:55:22.471257 2024] [proxy_fcgi:error] [pid 184160:tid 184160] [client 139.99.36.208:63259] AH01071: Got error 'Primary script unknown'
[Tue Oct 01 08:55:26.309964 2024] [proxy_fcgi:error] [pid 162895:tid 162895] [client 139.99.36.208:64991] AH01071: Got error 'Primary script unknown'
[Tue Oct 01 08:56:18.575153 2024] [proxy_fcgi:error] [pid 154614:tid 154614] [client 185.191.171.10:7566] AH01071: Got error 'Primary script unknown'
[Tue Oct 01 09:00:33.720033 2024] [proxy_fcgi:error] [pid 193352:tid 193352] [client 85.208.96.206:25490] AH01071: Got error 'Primary script unknown'
[Tue Oct 01 09:03:06.744538 2024] [proxy_fcgi:error] [pid 154614:tid 154614] [client 85.208.96.204:61416] AH01071: Got error 'Primary script unknown'
[Tue Oct 01 09:05:01.028510 2024] [proxy_fcgi:error] [pid 150871:tid 150871] [client 185.191.171.2:42696] AH01071: Got error 'Primary script unknown'
[Tue Oct 01 09:06:40.261928 2024] [proxy_fcgi:error] [pid 181895:tid 181895] [client 43.134.141.244:52816] AH01071: Got error 'Primary script unknown'
[Tue Oct 01 09:10:18.006752 2024] [proxy_fcgi:error] [pid 178218:tid 178218] [client 43.135.133.194:49560] AH01071: Got error 'Primary script unknown'
[Tue Oct 01 09:10:19.063177 2024] [proxy_fcgi:error] [pid 175610:tid 175610] [client 43.135.133.194:50210] AH01071: Got error 'Primary script unknown'
[Tue Oct 01 09:10:20.508201 2024] [proxy_fcgi:error] [pid 150871:tid 150871] [client 43.135.133.194:50742] AH01071: Got error 'Primary script unknown'
[Tue Oct 01 09:23:06.326768 2024] [proxy_fcgi:error] [pid 181895:tid 181895] [client 185.191.171.15:41666] AH01071: Got error 'Primary script unknown'
[Tue Oct 01 09:29:26.379944 2024] [proxy_fcgi:error] [pid 162895:tid 162895] [client 85.208.96.210:23534] AH01071: Got error 'Primary script unknown'
[Tue Oct 01 09:30:33.078300 2024] [proxy_fcgi:error] [pid 184124:tid 184124] [client 185.191.171.10:21060] AH01071: Got error 'Primary script unknown'
[Tue Oct 01 09:32:44.717907 2024] [proxy_fcgi:error] [pid 197715:tid 197715] [client 85.208.96.204:14260] AH01071: Got error 'Primary script unknown'
[Tue Oct 01 09:49:57.492435 2024] [proxy_fcgi:error] [pid 197828:tid 197828] [client 185.191.171.4:21428] AH01071: Got error 'Primary script unknown'
[Tue Oct 01 10:12:38.367266 2024] [proxy_fcgi:error] [pid 197859:tid 197859] [client 66.249.66.87:43919] AH01071: Got error 'Primary script unknown'
[Tue Oct 01 10:17:02.637075 2024] [proxy_fcgi:error] [pid 184124:tid 184124] [client 66.249.66.87:42068] AH01071: Got error 'Primary script unknown'
[Tue Oct 01 10:17:03.358906 2024] [proxy_fcgi:error] [pid 197715:tid 197715] [client 66.249.66.86:44021] AH01071: Got error 'Primary script unknown'
[Tue Oct 01 10:21:03.662141 2024] [proxy_fcgi:error] [pid 197859:tid 197859] [client 66.249.66.81:39993] AH01071: Got error 'Primary script unknown'
[Tue Oct 01 10:23:03.966556 2024] [proxy_fcgi:error] [pid 184124:tid 184124] [client 66.249.66.81:38593] AH01071: Got error 'Primary script unknown'
[Tue Oct 01 10:33:37.158262 2024] [core:error] [pid 184124:tid 184124] [client 80.242.208.68:34366] AH10244: invalid URI path (/cgi-bin/.%2e/.%2e/.%2e/.%2e/.%2e/.%2e/.%2e/.%2e/.%2e/.%2e/bin/sh)
[Tue Oct 01 10:33:39.046543 2024] [core:error] [pid 197858:tid 197858] [client 80.242.208.68:34382] AH10244: invalid URI path (/cgi-bin/%%32%65%%32%65/%%32%65%%32%65/%%32%65%%32%65/%%32%65%%32%65/%%32%65%%32%65/%%32%65%%32%65/%%32%65%%32%65/bin/sh)
[Tue Oct 01 10:39:28.412214 2024] [proxy_fcgi:error] [pid 197864:tid 197864] [client 31.6.46.125:38743] AH01071: Got error 'Primary script unknown'
[Tue Oct 01 10:43:31.498165 2024] [proxy_fcgi:error] [pid 197715:tid 197715] [client 66.249.66.85:60259] AH01071: Got error 'Primary script unknown'
[Tue Oct 01 10:43:34.343511 2024] [proxy_fcgi:error] [pid 197715:tid 197715] [client 66.249.66.85:60259] AH01071: Got error 'Primary script unknown'
[Tue Oct 01 10:43:34.761885 2024] [proxy_fcgi:error] [pid 197829:tid 197829] [client 66.249.66.87:53501] AH01071: Got error 'Primary script unknown'
[Tue Oct 01 10:43:37.036162 2024] [proxy_fcgi:error] [pid 197859:tid 197859] [client 66.249.66.86:55259] AH01071: Got error 'Primary script unknown'
[Tue Oct 01 10:43:37.208048 2024] [proxy_fcgi:error] [pid 197859:tid 197859] [client 66.249.66.86:55259] AH01071: Got error 'Primary script unknown'
[Tue Oct 01 10:43:37.809539 2024] [proxy_fcgi:error] [pid 184124:tid 184124] [client 66.249.66.81:52310] AH01071: Got error 'Primary script unknown'
[Tue Oct 01 10:43:38.169654 2024] [proxy_fcgi:error] [pid 184124:tid 184124] [client 66.249.66.81:52310] AH01071: Got error 'Primary script unknown'
[Tue Oct 01 11:00:51.195326 2024] [proxy_fcgi:error] [pid 184124:tid 184124] [client 54.36.148.151:45383] AH01071: Got error 'Primary script unknown'
[Tue Oct 01 11:01:21.477941 2024] [authz_core:error] [pid 201747:tid 201747] [client 45.135.232.70:36944] AH01630: client denied by server configuration: /home/derhosting/public_html/.htaccess
[Tue Oct 01 11:01:22.129717 2024] [proxy_fcgi:error] [pid 197859:tid 197859] [client 45.135.232.70:37252] AH01071: Got error 'Primary script unknown'
[Tue Oct 01 11:01:23.738285 2024] [proxy_fcgi:error] [pid 184124:tid 184124] [client 45.135.232.70:38700] AH01071: Got error 'Primary script unknown'
[Tue Oct 01 11:01:23.923045 2024] [proxy_fcgi:error] [pid 197864:tid 197864] [client 45.135.232.70:39250] AH01071: Got error 'Primary script unknown'
[Tue Oct 01 11:01:23.991231 2024] [proxy_fcgi:error] [pid 201750:tid 201750] [client 45.135.232.70:39466] AH01071: Got error 'Primary script unknown'
[Tue Oct 01 11:01:24.015260 2024] [proxy_fcgi:error] [pid 197858:tid 197858] [client 45.135.232.70:39420] AH01071: Got error 'Primary script unknown'
[Tue Oct 01 11:01:24.017437 2024] [proxy_fcgi:error] [pid 197864:tid 197864] [client 45.135.232.70:39464] AH01071: Got error 'Primary script unknown'
[Tue Oct 01 11:01:24.046106 2024] [proxy_fcgi:error] [pid 201537:tid 201537] [client 45.135.232.70:39562] AH01071: Got error 'Primary script unknown'
[Tue Oct 01 11:01:24.050255 2024] [proxy_fcgi:error] [pid 201751:tid 201751] [client 45.135.232.70:39504] AH01071: Got error 'Primary script unknown'
[Tue Oct 01 11:01:24.101015 2024] [authz_core:error] [pid 197828:tid 197828] [client 45.135.232.70:39578] AH01630: client denied by server configuration: /home/derhosting/public_html/php.ini
[Tue Oct 01 11:01:24.109927 2024] [proxy_fcgi:error] [pid 197858:tid 197858] [client 45.135.232.70:39346] AH01071: Got error 'Primary script unknown'
[Tue Oct 01 11:01:24.178251 2024] [proxy_fcgi:error] [pid 201750:tid 201750] [client 45.135.232.70:39762] AH01071: Got error 'Primary script unknown'
[Tue Oct 01 11:01:24.210791 2024] [proxy_fcgi:error] [pid 201747:tid 201747] [client 45.135.232.70:39726] AH01071: Got error 'Primary script unknown'
[Tue Oct 01 11:01:24.273138 2024] [proxy_fcgi:error] [pid 201749:tid 201749] [client 45.135.232.70:40022] AH01071: Got error 'Primary script unknown'
[Tue Oct 01 11:01:24.289998 2024] [proxy_fcgi:error] [pid 197715:tid 197715] [client 45.135.232.70:39540] AH01071: Got error 'Primary script unknown'
[Tue Oct 01 11:01:24.325301 2024] [proxy_fcgi:error] [pid 197859:tid 197859] [client 45.135.232.70:40374] AH01071: Got error 'Primary script unknown'
[Tue Oct 01 11:01:24.340202 2024] [proxy_fcgi:error] [pid 201754:tid 201754] [client 45.135.232.70:39824] AH01071: Got error 'Primary script unknown'
[Tue Oct 01 11:01:24.368008 2024] [proxy_fcgi:error] [pid 201750:tid 201750] [client 45.135.232.70:40046] AH01071: Got error 'Primary script unknown'
[Tue Oct 01 11:01:24.480241 2024] [proxy_fcgi:error] [pid 197828:tid 197828] [client 45.135.232.70:39648] AH01071: Got error 'Primary script unknown'
[Tue Oct 01 11:01:24.488537 2024] [proxy_fcgi:error] [pid 197858:tid 197858] [client 45.135.232.70:39902] AH01071: Got error 'Primary script unknown'
[Tue Oct 01 11:01:24.585905 2024] [proxy_fcgi:error] [pid 197864:tid 197864] [client 45.135.232.70:40232] AH01071: Got error 'Primary script unknown'
[Tue Oct 01 11:01:24.593296 2024] [proxy_fcgi:error] [pid 201762:tid 201762] [client 45.135.232.70:40344] AH01071: Got error 'Primary script unknown'
[Tue Oct 01 11:01:24.621010 2024] [proxy_fcgi:error] [pid 201753:tid 201753] [client 45.135.232.70:40196] AH01071: Got error 'Primary script unknown'
[Tue Oct 01 11:01:24.680043 2024] [proxy_fcgi:error] [pid 201756:tid 201756] [client 45.135.232.70:40552] AH01071: Got error 'Primary script unknown'
[Tue Oct 01 11:01:24.919066 2024] [proxy_fcgi:error] [pid 201752:tid 201752] [client 45.135.232.70:41412] AH01071: Got error 'Primary script unknown'
[Tue Oct 01 11:01:25.028982 2024] [proxy_fcgi:error] [pid 201749:tid 201749] [client 45.135.232.70:41306] AH01071: Got error 'Primary script unknown'
[Tue Oct 01 11:01:25.099546 2024] [proxy_fcgi:error] [pid 184124:tid 184124] [client 45.135.232.70:41948] AH01071: Got error 'Primary script unknown'
[Tue Oct 01 11:01:25.387100 2024] [proxy_fcgi:error] [pid 201753:tid 201753] [client 45.135.232.70:41998] AH01071: Got error 'Primary script unknown'
[Tue Oct 01 11:01:25.447462 2024] [proxy_fcgi:error] [pid 201750:tid 201750] [client 45.135.232.70:42098] AH01071: Got error 'Primary script unknown'
[Tue Oct 01 11:01:25.484378 2024] [proxy_fcgi:error] [pid 197859:tid 197859] [client 45.135.232.70:42210] AH01071: Got error 'Primary script unknown'
[Tue Oct 01 11:01:25.486191 2024] [proxy_fcgi:error] [pid 197864:tid 197864] [client 45.135.232.70:42122] AH01071: Got error 'Primary script unknown'
[Tue Oct 01 11:06:51.656848 2024] [proxy_fcgi:error] [pid 201757:tid 201757] [client 54.36.148.7:24889] AH01071: Got error 'Primary script unknown'
[Tue Oct 01 11:46:21.487411 2024] [core:crit] [pid 201756:tid 201756] (13)Permission denied: [client 143.198.55.238:36344] AH00529: /home/beautystudiomix/public_html/.htaccess pcfg_openfile: unable to check htaccess file, ensure it is readable and that '/home/beautystudiomix/public_html/' is executable
[Tue Oct 01 12:09:01.369293 2024] [proxy_fcgi:error] [pid 201752:tid 201752] [client 43.130.32.245:33202] AH01071: Got error 'Primary script unknown'
[Tue Oct 01 12:09:02.863249 2024] [proxy_fcgi:error] [pid 201756:tid 201756] [client 43.130.32.245:33534] AH01071: Got error 'Primary script unknown'
[Tue Oct 01 12:38:31.022096 2024] [proxy_fcgi:error] [pid 197864:tid 197864] [client 212.111.80.107:56690] AH01071: Got error 'Primary script unknown', referer: https://beautystudiomix.com/contact.php
[Tue Oct 01 12:38:31.192048 2024] [proxy_fcgi:error] [pid 204144:tid 204144] [client 212.111.80.107:56766] AH01071: Got error 'Primary script unknown', referer: https://beautystudiomix.com/contact.php
[Tue Oct 01 12:42:01.193635 2024] [proxy_fcgi:error] [pid 204143:tid 204143] [client 170.106.179.68:36612] AH01071: Got error 'Primary script unknown'
[Tue Oct 01 12:42:02.316782 2024] [proxy_fcgi:error] [pid 204145:tid 204145] [client 170.106.179.68:37340] AH01071: Got error 'Primary script unknown'
[Tue Oct 01 12:42:03.055153 2024] [proxy_fcgi:error] [pid 197739:tid 197739] [client 170.106.179.68:37894] AH01071: Got error 'Primary script unknown'
[Tue Oct 01 12:56:51.714401 2024] [proxy_fcgi:error] [pid 197829:tid 197829] [client 104.224.71.220:15260] AH10414: To be forwarded path contains control characters or spaces
[Tue Oct 01 12:57:26.515651 2024] [proxy_fcgi:error] [pid 204143:tid 204143] [client 82.6.65.25:55078] AH01071: Got error 'Primary script unknown'
[Tue Oct 01 12:57:26.791747 2024] [proxy_fcgi:error] [pid 201757:tid 201757] [client 82.6.65.25:55120] AH01071: Got error 'Primary script unknown'
[Tue Oct 01 13:06:57.872388 2024] [core:error] [pid 197829:tid 197829] [client 154.213.184.15:44162] AH10244: invalid URI path (/cgi-bin/.%%%%32%%65/.%%%%32%%65/.%%%%32%%65/.%%%%32%%65/.%%%%32%%65/bin/sh)
[Tue Oct 01 13:08:01.374546 2024] [proxy_fcgi:error] [pid 201757:tid 201757] [client 217.113.194.205:6373] AH01071: Got error 'Primary script unknown'
[Tue Oct 01 13:08:20.372224 2024] [proxy_fcgi:error] [pid 197829:tid 197829] [client 217.113.194.208:27777] AH01071: Got error 'Primary script unknown'
[Tue Oct 01 13:08:54.966520 2024] [proxy_fcgi:error] [pid 201756:tid 201756] [client 85.217.147.64:42454] AH01071: Got error 'Primary script unknown'
[Tue Oct 01 13:08:59.004579 2024] [proxy_fcgi:error] [pid 201757:tid 201757] [client 217.113.194.202:20165] AH01071: Got error 'Primary script unknown'
[Tue Oct 01 13:09:26.628777 2024] [proxy_fcgi:error] [pid 197829:tid 197829] [client 217.113.194.203:20573] AH01071: Got error 'Primary script unknown'
[Tue Oct 01 13:09:49.143348 2024] [proxy_fcgi:error] [pid 197739:tid 197739] [client 217.113.194.203:5555] AH01071: Got error 'Primary script unknown'
[Tue Oct 01 13:09:58.170371 2024] [proxy_fcgi:error] [pid 201752:tid 201752] [client 217.113.194.209:17913] AH01071: Got error 'Primary script unknown'
[Tue Oct 01 13:10:07.878407 2024] [proxy_fcgi:error] [pid 204143:tid 204143] [client 217.113.194.202:13629] AH01071: Got error 'Primary script unknown'
[Tue Oct 01 13:10:16.965569 2024] [proxy_fcgi:error] [pid 201757:tid 201757] [client 217.113.194.252:2053] AH01071: Got error 'Primary script unknown'
[Tue Oct 01 13:10:26.306848 2024] [proxy_fcgi:error] [pid 204145:tid 204145] [client 217.113.194.203:9005] AH01071: Got error 'Primary script unknown'
[Tue Oct 01 13:10:45.364095 2024] [proxy_fcgi:error] [pid 197864:tid 197864] [client 217.113.194.208:24703] AH01071: Got error 'Primary script unknown'
[Tue Oct 01 13:10:54.533280 2024] [proxy_fcgi:error] [pid 197739:tid 197739] [client 217.113.194.207:12715] AH01071: Got error 'Primary script unknown'
[Tue Oct 01 13:11:04.295134 2024] [proxy_fcgi:error] [pid 201752:tid 201752] [client 217.113.194.252:12395] AH01071: Got error 'Primary script unknown'
[Tue Oct 01 13:11:13.288035 2024] [proxy_fcgi:error] [pid 204144:tid 204144] [client 217.113.194.206:31111] AH01071: Got error 'Primary script unknown'
[Tue Oct 01 13:26:12.995636 2024] [proxy_fcgi:error] [pid 204145:tid 204145] [client 65.21.113.247:44668] AH01071: Got error 'Primary script unknown'
[Tue Oct 01 13:26:14.678541 2024] [proxy_fcgi:error] [pid 201752:tid 201752] [client 65.21.113.247:44684] AH01071: Got error 'Primary script unknown'
[Tue Oct 01 13:26:16.923827 2024] [proxy_fcgi:error] [pid 197829:tid 197829] [client 65.21.113.247:44690] AH01071: Got error 'Primary script unknown'
[Tue Oct 01 13:26:19.073870 2024] [proxy_fcgi:error] [pid 201756:tid 201756] [client 20.46.149.159:57746] AH01071: Got error 'Primary script unknown'
[Tue Oct 01 13:26:32.926483 2024] [proxy_fcgi:error] [pid 197844:tid 197844] [client 65.21.113.247:38074] AH01071: Got error 'Primary script unknown'
[Tue Oct 01 13:26:36.138006 2024] [proxy_fcgi:error] [pid 197739:tid 197739] [client 85.208.96.210:20778] AH01071: Got error 'Primary script unknown'
[Tue Oct 01 13:26:37.213441 2024] [proxy_fcgi:error] [pid 204144:tid 204144] [client 65.21.113.247:38086] AH01071: Got error 'Primary script unknown'
[Tue Oct 01 13:26:39.570814 2024] [proxy_fcgi:error] [pid 204145:tid 204145] [client 65.21.113.247:40042] AH01071: Got error 'Primary script unknown'
[Tue Oct 01 13:26:41.607160 2024] [proxy_fcgi:error] [pid 201752:tid 201752] [client 65.21.113.247:40058] AH01071: Got error 'Primary script unknown'
[Tue Oct 01 13:26:43.869488 2024] [proxy_fcgi:error] [pid 197829:tid 197829] [client 65.21.113.247:40062] AH01071: Got error 'Primary script unknown'
[Tue Oct 01 13:26:47.073750 2024] [proxy_fcgi:error] [pid 201757:tid 201757] [client 65.21.113.247:40068] AH01071: Got error 'Primary script unknown'
[Tue Oct 01 13:26:51.256313 2024] [proxy_fcgi:error] [pid 201756:tid 201756] [client 65.21.113.247:49916] AH01071: Got error 'Primary script unknown'
[Tue Oct 01 13:27:40.614031 2024] [proxy_fcgi:error] [pid 204143:tid 204143] [client 170.106.104.42:54648] AH01071: Got error 'Primary script unknown'
[Tue Oct 01 13:27:41.504990 2024] [proxy_fcgi:error] [pid 197844:tid 197844] [client 170.106.104.42:55112] AH01071: Got error 'Primary script unknown'
[Tue Oct 01 13:27:43.722748 2024] [proxy_fcgi:error] [pid 197864:tid 197864] [client 170.106.104.42:55950] AH01071: Got error 'Primary script unknown'
[Tue Oct 01 13:30:22.614199 2024] [proxy_fcgi:error] [pid 201756:tid 201756] [client 43.130.34.74:36742] AH01071: Got error 'Primary script unknown'
[Tue Oct 01 13:30:23.216554 2024] [proxy_fcgi:error] [pid 204143:tid 204143] [client 43.130.34.74:36768] AH01071: Got error 'Primary script unknown'
[Tue Oct 01 13:30:31.775969 2024] [core:crit] [pid 197864:tid 197864] (13)Permission denied: [client 170.106.180.246:57538] AH00529: /home/beautystudiomix/public_html/.htaccess pcfg_openfile: unable to check htaccess file, ensure it is readable and that '/home/beautystudiomix/public_html/' is executable
[Tue Oct 01 13:38:19.125338 2024] [proxy_fcgi:error] [pid 204144:tid 204144] [client 43.135.149.154:33492] AH01071: Got error 'Primary script unknown'
[Tue Oct 01 13:38:20.005023 2024] [proxy_fcgi:error] [pid 201752:tid 201752] [client 43.135.149.154:34206] AH01071: Got error 'Primary script unknown'
[Tue Oct 01 13:38:20.549534 2024] [proxy_fcgi:error] [pid 197829:tid 197829] [client 43.135.149.154:34632] AH01071: Got error 'Primary script unknown'
[Tue Oct 01 13:55:59.088473 2024] [proxy_fcgi:error] [pid 201752:tid 201752] [client 146.70.189.217:63498] AH01071: Got error 'Primary script unknown'
[Tue Oct 01 13:55:59.975242 2024] [proxy_fcgi:error] [pid 201752:tid 201752] [client 146.70.189.217:63498] AH01071: Got error 'Primary script unknown'
[Tue Oct 01 13:56:00.074301 2024] [proxy_fcgi:error] [pid 201752:tid 201752] [client 146.70.189.217:63498] AH01071: Got error 'Primary script unknown'
[Tue Oct 01 14:16:15.120822 2024] [proxy_fcgi:error] [pid 204144:tid 204144] [client 92.249.159.22:51380] AH01071: Got error 'Primary script unknown'
[Tue Oct 01 14:57:25.421395 2024] [proxy_fcgi:error] [pid 204144:tid 204144] [client 91.142.222.180:41944] AH01071: Got error 'Primary script unknown'
[Tue Oct 01 15:06:29.245878 2024] [proxy_fcgi:error] [pid 197829:tid 197829] [client 34.1.20.24:37028] AH01071: Got error 'Primary script unknown'
[Tue Oct 01 15:06:32.756260 2024] [proxy_fcgi:error] [pid 197739:tid 197739] [client 34.1.20.24:37032] AH01071: Got error 'Primary script unknown'
[Tue Oct 01 15:23:07.007798 2024] [core:error] [pid 197739:tid 197739] [client 93.113.63.8:43250] AH10244: invalid URI path (/cgi-bin/.%2e/.%2e/.%2e/.%2e/.%2e/.%2e/.%2e/.%2e/.%2e/.%2e/bin/sh)
[Tue Oct 01 15:23:10.081425 2024] [core:error] [pid 204143:tid 204143] [client 93.113.63.8:43254] AH10244: invalid URI path (/cgi-bin/%%32%65%%32%65/%%32%65%%32%65/%%32%65%%32%65/%%32%65%%32%65/%%32%65%%32%65/%%32%65%%32%65/%%32%65%%32%65/bin/sh)
[Tue Oct 01 15:29:10.985753 2024] [proxy_fcgi:error] [pid 204143:tid 204143] [client 156.239.62.55:64455] AH01071: Got error 'Primary script unknown'
[Tue Oct 01 15:29:10.986474 2024] [proxy_fcgi:error] [pid 197739:tid 197739] [client 141.11.172.24:50941] AH01071: Got error 'Primary script unknown'
[Tue Oct 01 15:33:55.002492 2024] [proxy_fcgi:error] [pid 204144:tid 204144] [client 4.237.68.225:54897] AH01071: Got error 'Primary script unknown'
[Tue Oct 01 15:33:55.268130 2024] [proxy_fcgi:error] [pid 204144:tid 204144] [client 4.237.68.225:54897] AH01071: Got error 'Primary script unknown'
[Tue Oct 01 15:40:11.244550 2024] [proxy_fcgi:error] [pid 204145:tid 204145] [client 139.99.36.208:62571] AH01071: Got error 'Primary script unknown'
[Tue Oct 01 15:40:22.881597 2024] [proxy_fcgi:error] [pid 197864:tid 197864] [client 139.99.36.208:55659] AH01071: Got error 'Primary script unknown'
[Tue Oct 01 15:40:24.013071 2024] [proxy_fcgi:error] [pid 204143:tid 204143] [client 139.99.36.208:56696] AH01071: Got error 'Primary script unknown'
[Tue Oct 01 15:40:28.118277 2024] [proxy_fcgi:error] [pid 204144:tid 204144] [client 139.99.36.208:60681] AH01071: Got error 'Primary script unknown'
[Tue Oct 01 15:40:29.211160 2024] [proxy_fcgi:error] [pid 197844:tid 197844] [client 139.99.36.208:61700] AH01071: Got error 'Primary script unknown'
[Tue Oct 01 15:40:31.680342 2024] [proxy_fcgi:error] [pid 201757:tid 201757] [client 139.99.36.208:63828] AH01071: Got error 'Primary script unknown'
[Tue Oct 01 15:40:35.390423 2024] [proxy_fcgi:error] [pid 197864:tid 197864] [client 139.99.36.208:50434] AH01071: Got error 'Primary script unknown'
[Tue Oct 01 15:40:53.631189 2024] [proxy_fcgi:error] [pid 197739:tid 197739] [client 139.99.36.208:50770] AH01071: Got error 'Primary script unknown'
[Tue Oct 01 15:40:55.606640 2024] [proxy_fcgi:error] [pid 201756:tid 201756] [client 139.99.36.208:52968] AH01071: Got error 'Primary script unknown'
[Tue Oct 01 15:40:57.034260 2024] [proxy_fcgi:error] [pid 204144:tid 204144] [client 139.99.36.208:54446] AH01071: Got error 'Primary script unknown'
[Tue Oct 01 15:41:02.799968 2024] [proxy_fcgi:error] [pid 197864:tid 197864] [client 139.99.36.208:59723] AH01071: Got error 'Primary script unknown'
[Tue Oct 01 15:41:10.215069 2024] [proxy_fcgi:error] [pid 197844:tid 197844] [client 139.99.36.208:49826] AH01071: Got error 'Primary script unknown'
[Tue Oct 01 15:41:11.111911 2024] [proxy_fcgi:error] [pid 211901:tid 211901] [client 139.99.36.208:50672] AH01071: Got error 'Primary script unknown'
[Tue Oct 01 15:41:15.846152 2024] [proxy_fcgi:error] [pid 197844:tid 197844] [client 139.99.36.208:54503] AH01071: Got error 'Primary script unknown'
[Tue Oct 01 15:41:18.201487 2024] [proxy_fcgi:error] [pid 201757:tid 201757] [client 139.99.36.208:56201] AH01071: Got error 'Primary script unknown'
[Tue Oct 01 15:41:20.784739 2024] [proxy_fcgi:error] [pid 211373:tid 211373] [client 139.99.36.208:57814] AH01071: Got error 'Primary script unknown'
[Tue Oct 01 15:41:35.630977 2024] [proxy_fcgi:error] [pid 201756:tid 201756] [client 139.99.36.208:62028] AH01071: Got error 'Primary script unknown'
[Tue Oct 01 15:41:37.337123 2024] [proxy_fcgi:error] [pid 204144:tid 204144] [client 139.99.36.208:63887] AH01071: Got error 'Primary script unknown'
[Tue Oct 01 15:41:38.297299 2024] [proxy_fcgi:error] [pid 204143:tid 204143] [client 139.99.36.208:64971] AH01071: Got error 'Primary script unknown'
[Tue Oct 01 16:05:07.834783 2024] [proxy_fcgi:error] [pid 204143:tid 204143] [client 92.223.86.11:2566] AH01071: Got error 'Primary script unknown'
[Tue Oct 01 16:05:14.953215 2024] [proxy_fcgi:error] [pid 197864:tid 197864] [client 92.223.86.11:2470] AH01071: Got error 'Primary script unknown'
[Tue Oct 01 16:05:15.829394 2024] [proxy_fcgi:error] [pid 211901:tid 211901] [client 92.223.86.11:2449] AH01071: Got error 'Primary script unknown'
[Tue Oct 01 16:05:19.870245 2024] [proxy_fcgi:error] [pid 211373:tid 211373] [client 92.223.86.11:2569] AH01071: Got error 'Primary script unknown'
[Tue Oct 01 16:05:21.257834 2024] [proxy_fcgi:error] [pid 201757:tid 201757] [client 92.223.86.11:2570] AH01071: Got error 'Primary script unknown'
[Tue Oct 01 16:05:23.047505 2024] [proxy_fcgi:error] [pid 201756:tid 201756] [client 92.223.86.11:2525] AH01071: Got error 'Primary script unknown'
[Tue Oct 01 16:05:25.131673 2024] [proxy_fcgi:error] [pid 204144:tid 204144] [client 92.223.86.11:2533] AH01071: Got error 'Primary script unknown'
[Tue Oct 01 16:05:39.057070 2024] [proxy_fcgi:error] [pid 211901:tid 211901] [client 92.223.86.11:2409] AH01071: Got error 'Primary script unknown'
[Tue Oct 01 16:05:40.099456 2024] [proxy_fcgi:error] [pid 197739:tid 197739] [client 92.223.86.11:2549] AH01071: Got error 'Primary script unknown'
[Tue Oct 01 16:05:41.316031 2024] [proxy_fcgi:error] [pid 204143:tid 204143] [client 92.223.86.11:2559] AH01071: Got error 'Primary script unknown'
[Tue Oct 01 16:21:18.896990 2024] [proxy_fcgi:error] [pid 197844:tid 197844] [client 66.249.68.64:35806] AH01071: Got error 'Primary script unknown'
[Tue Oct 01 16:21:19.722131 2024] [proxy_fcgi:error] [pid 204145:tid 204145] [client 66.249.68.71:52085] AH01071: Got error 'Primary script unknown'
[Tue Oct 01 17:12:45.749040 2024] [proxy_fcgi:error] [pid 197739:tid 197739] [client 137.59.110.109:36332] AH01071: Got error 'Primary script unknown'
[Tue Oct 01 17:24:08.410915 2024] [proxy_fcgi:error] [pid 215405:tid 215405] [client 3.220.148.166:61673] AH01071: Got error 'Primary script unknown'
[Tue Oct 01 17:24:24.438516 2024] [proxy_fcgi:error] [pid 201756:tid 201756] [client 54.197.82.195:5219] AH01071: Got error 'Primary script unknown'
[Tue Oct 01 17:24:36.566358 2024] [proxy_fcgi:error] [pid 204144:tid 204144] [client 3.93.98.99:23495] AH01071: Got error 'Primary script unknown'
[Tue Oct 01 17:24:40.590173 2024] [proxy_fcgi:error] [pid 197739:tid 197739] [client 3.94.40.182:14532] AH01071: Got error 'Primary script unknown'
[Tue Oct 01 17:24:44.460113 2024] [proxy_fcgi:error] [pid 204145:tid 204145] [client 52.71.203.206:51723] AH01071: Got error 'Primary script unknown'
[Tue Oct 01 17:25:00.667867 2024] [proxy_fcgi:error] [pid 216288:tid 216288] [client 44.213.202.136:47273] AH01071: Got error 'Primary script unknown'
[Tue Oct 01 17:25:04.791839 2024] [proxy_fcgi:error] [pid 211373:tid 211373] [client 52.201.155.215:5006] AH01071: Got error 'Primary script unknown'
[Tue Oct 01 17:25:08.681090 2024] [proxy_fcgi:error] [pid 197864:tid 197864] [client 18.215.77.19:42410] AH01071: Got error 'Primary script unknown'
[Tue Oct 01 17:25:12.519428 2024] [proxy_fcgi:error] [pid 204144:tid 204144] [client 54.90.244.132:22460] AH01071: Got error 'Primary script unknown'
[Tue Oct 01 17:25:16.835561 2024] [proxy_fcgi:error] [pid 197739:tid 197739] [client 54.235.172.96:24858] AH01071: Got error 'Primary script unknown'
[Tue Oct 01 17:25:20.718350 2024] [proxy_fcgi:error] [pid 204145:tid 204145] [client 52.200.251.20:56883] AH01071: Got error 'Primary script unknown'
[Tue Oct 01 17:25:24.840535 2024] [proxy_fcgi:error] [pid 215405:tid 215405] [client 54.80.185.200:36331] AH01071: Got error 'Primary script unknown'
[Tue Oct 01 17:25:28.402686 2024] [proxy_fcgi:error] [pid 197844:tid 197844] [client 3.93.211.16:11116] AH01071: Got error 'Primary script unknown'
[Tue Oct 01 17:25:32.533976 2024] [proxy_fcgi:error] [pid 204143:tid 204143] [client 52.3.127.170:38288] AH01071: Got error 'Primary script unknown'
[Tue Oct 01 17:37:08.485615 2024] [proxy_fcgi:error] [pid 204144:tid 204144] [client 192.81.221.227:47965] AH01071: Got error 'Primary script unknown'
[Tue Oct 01 18:43:10.726532 2024] [proxy_fcgi:error] [pid 201756:tid 201756] [client 20.46.149.159:52436] AH01071: Got error 'Primary script unknown'
[Tue Oct 01 18:43:10.865003 2024] [proxy_fcgi:error] [pid 201756:tid 201756] [client 20.46.149.159:52436] AH01071: Got error 'Primary script unknown'
[Tue Oct 01 19:39:08.280324 2024] [proxy_fcgi:error] [pid 216288:tid 216288] [client 213.180.203.126:44238] AH10414: To be forwarded path contains control characters or spaces
[Tue Oct 01 19:50:46.818987 2024] [proxy_fcgi:error] [pid 197864:tid 197864] [client 157.55.39.61:39717] AH01071: Got error 'Primary script unknown'
[Tue Oct 01 19:56:13.858880 2024] [ssl:error] [pid 219255:tid 219255] [client 206.168.34.213:39934] AH02032: Hostname cpcalendars.derhosting.bg provided via SNI and hostname 92.247.223.173 provided via HTTP have no compatible SSL setup
[Tue Oct 01 20:08:54.487641 2024] [ssl:error] [pid 197844:tid 197844] [client 199.45.154.130:47876] AH02032: Hostname autodiscover.derhostingbg.com provided via SNI and hostname 92.247.223.173 provided via HTTP have no compatible SSL setup
[Tue Oct 01 20:26:35.195400 2024] [proxy_fcgi:error] [pid 216288:tid 216288] [client 213.152.187.225:41222] AH01071: Got error 'Primary script unknown', referer: https://derhosting.bg
[Tue Oct 01 20:26:35.369268 2024] [proxy_fcgi:error] [pid 216288:tid 216288] [client 213.152.187.225:41222] AH01071: Got error 'Primary script unknown', referer: https://derhosting.bg
[Tue Oct 01 20:26:35.534369 2024] [proxy_fcgi:error] [pid 216288:tid 216288] [client 213.152.187.225:41222] AH01071: Got error 'Primary script unknown', referer: https://derhosting.bg
[Tue Oct 01 20:26:48.375800 2024] [proxy_fcgi:error] [pid 223270:tid 223270] [client 134.19.179.203:52760] AH01071: Got error 'Primary script unknown', referer: https://zonatabg.net
[Tue Oct 01 20:26:48.528084 2024] [proxy_fcgi:error] [pid 223270:tid 223270] [client 134.19.179.203:52760] AH01071: Got error 'Primary script unknown', referer: https://zonatabg.net
[Tue Oct 01 20:26:48.928144 2024] [proxy_fcgi:error] [pid 223270:tid 223270] [client 134.19.179.203:52760] AH01071: Got error 'Primary script unknown', referer: https://zonatabg.net
[Tue Oct 01 20:38:11.845703 2024] [proxy_fcgi:error] [pid 223270:tid 223270] [client 66.249.68.71:52869] AH01071: Got error 'Primary script unknown'
[Tue Oct 01 20:45:44.347777 2024] [core:crit] [pid 204144:tid 204144] (13)Permission denied: [client 223.113.128.223:49518] AH00529: /home/beautystudiomix/public_html/.htaccess pcfg_openfile: unable to check htaccess file, ensure it is readable and that '/home/beautystudiomix/public_html/' is executable
[Tue Oct 01 20:45:56.144481 2024] [core:crit] [pid 215405:tid 215405] (13)Permission denied: [client 223.113.128.223:34364] AH00529: /home/beautystudiomix/public_html/.htaccess pcfg_openfile: unable to check htaccess file, ensure it is readable and that '/home/beautystudiomix/public_html/' is executable
[Tue Oct 01 21:34:43.705642 2024] [proxy_fcgi:error] [pid 228609:tid 228609] [client 216.244.66.227:46172] AH01071: Got error 'Primary script unknown'
[Tue Oct 01 21:39:56.330328 2024] [core:error] [pid 228621:tid 228621] [client 8.222.175.173:35748] AH10244: invalid URI path (/cgi-bin/.%2e/.%2e/.%2e/.%2e/.%2e/.%2e/.%2e/.%2e/.%2e/.%2e/bin/sh)
[Tue Oct 01 21:49:13.968460 2024] [ssl:error] [pid 228609:tid 228609] [client 206.168.34.46:53822] AH02032: Hostname webdisk.derhosting.bg provided via SNI and hostname 92.247.223.173 provided via HTTP have no compatible SSL setup
[Tue Oct 01 22:04:59.766491 2024] [proxy_fcgi:error] [pid 229247:tid 229247] [client 54.36.148.25:32413] AH01071: Got error 'Primary script unknown'
[Tue Oct 01 22:06:41.388422 2024] [proxy_fcgi:error] [pid 228609:tid 228609] [client 54.36.148.66:50977] AH01071: Got error 'Primary script unknown'
[Tue Oct 01 22:07:42.743302 2024] [proxy_fcgi:error] [pid 229071:tid 229071] [client 54.36.148.40:58787] AH01071: Got error 'Primary script unknown'
[Tue Oct 01 22:10:12.526234 2024] [proxy_fcgi:error] [pid 229247:tid 229247] [client 54.36.149.19:16787] AH01071: Got error 'Primary script unknown'
[Tue Oct 01 22:13:29.546380 2024] [proxy_fcgi:error] [pid 228621:tid 228621] [client 54.36.148.192:22195] AH01071: Got error 'Primary script unknown'
[Tue Oct 01 22:15:14.946935 2024] [proxy_fcgi:error] [pid 229247:tid 229247] [client 20.46.149.159:53837] AH01071: Got error 'Primary script unknown'
[Tue Oct 01 22:15:15.089314 2024] [proxy_fcgi:error] [pid 229247:tid 229247] [client 20.46.149.159:53837] AH01071: Got error 'Primary script unknown'
[Tue Oct 01 22:16:08.688714 2024] [proxy_fcgi:error] [pid 228608:tid 228608] [client 54.36.148.110:15603] AH01071: Got error 'Primary script unknown'
[Tue Oct 01 22:18:21.627523 2024] [proxy_fcgi:error] [pid 229071:tid 229071] [client 54.36.148.38:43525] AH01071: Got error 'Primary script unknown'
