[Thu Oct 03 02:59:08.117301 2024] [proxy_fcgi:error] [pid 375068:tid 375068] [client 54.36.148.184:55061] AH01071: Got error 'Primary script unknown'
[Thu Oct 03 02:59:37.756411 2024] [proxy_fcgi:error] [pid 379831:tid 379831] [client 52.167.144.187:64226] AH01071: Got error 'Primary script unknown'
[Thu Oct 03 03:00:36.746164 2024] [proxy_fcgi:error] [pid 377352:tid 377352] [client 54.36.148.66:32419] AH01071: Got error 'Primary script unknown'
[Thu Oct 03 03:01:52.344079 2024] [proxy_fcgi:error] [pid 375066:tid 375066] [client 54.36.148.69:16001] AH01071: Got error 'Primary script unknown'
[Thu Oct 03 03:12:31.130543 2024] [proxy_fcgi:error] [pid 377010:tid 377010] [client 54.36.149.68:58405] AH01071: Got error 'Primary script unknown'
[Thu Oct 03 03:15:19.345129 2024] [proxy_fcgi:error] [pid 377009:tid 377009] [client 54.36.148.113:36989] AH01071: Got error 'Primary script unknown'
[Thu Oct 03 03:16:27.412773 2024] [proxy_fcgi:error] [pid 379831:tid 379831] [client 54.36.148.173:27455] AH01071: Got error 'Primary script unknown'
[Thu Oct 03 03:17:56.858986 2024] [proxy_fcgi:error] [pid 377010:tid 377010] [client 54.36.148.166:31845] AH01071: Got error 'Primary script unknown'
[Thu Oct 03 03:19:26.568565 2024] [proxy_fcgi:error] [pid 375066:tid 375066] [client 54.36.148.105:17273] AH01071: Got error 'Primary script unknown'
[Thu Oct 03 03:20:56.432225 2024] [proxy_fcgi:error] [pid 377094:tid 377094] [client 54.36.148.41:50367] AH01071: Got error 'Primary script unknown'
[Thu Oct 03 03:22:13.683946 2024] [proxy_fcgi:error] [pid 375066:tid 375066] [client 54.36.149.97:29523] AH01071: Got error 'Primary script unknown'
[Thu Oct 03 03:23:34.617251 2024] [proxy_fcgi:error] [pid 377010:tid 377010] [client 54.36.149.97:19597] AH01071: Got error 'Primary script unknown'
[Thu Oct 03 03:24:47.473414 2024] [proxy_fcgi:error] [pid 375068:tid 375068] [client 54.36.149.57:61451] AH01071: Got error 'Primary script unknown'
[Thu Oct 03 03:26:06.226811 2024] [proxy_fcgi:error] [pid 379831:tid 379831] [client 54.36.148.204:55883] AH01071: Got error 'Primary script unknown'
[Thu Oct 03 03:27:17.452308 2024] [proxy_fcgi:error] [pid 377010:tid 377010] [client 54.39.52.23:63261] AH01071: Got error 'Primary script unknown'
[Thu Oct 03 03:28:57.174012 2024] [proxy_fcgi:error] [pid 377094:tid 377094] [client 54.36.148.51:40337] AH01071: Got error 'Primary script unknown'
[Thu Oct 03 03:29:35.694633 2024] [proxy_fcgi:error] [pid 375066:tid 375066] [client 66.249.69.65:60471] AH01071: Got error 'Primary script unknown'
[Thu Oct 03 03:30:36.207159 2024] [proxy_fcgi:error] [pid 375068:tid 375068] [client 54.36.148.224:19649] AH01071: Got error 'Primary script unknown'
[Thu Oct 03 03:33:30.263471 2024] [proxy_fcgi:error] [pid 377093:tid 377093] [client 54.36.148.181:15479] AH01071: Got error 'Primary script unknown'
[Thu Oct 03 03:36:26.462927 2024] [proxy_fcgi:error] [pid 377010:tid 377010] [client 54.36.148.229:40813] AH01071: Got error 'Primary script unknown'
[Thu Oct 03 03:38:09.309274 2024] [proxy_fcgi:error] [pid 377094:tid 377094] [client 54.36.149.92:22045] AH01071: Got error 'Primary script unknown'
[Thu Oct 03 03:40:48.070262 2024] [proxy_fcgi:error] [pid 375066:tid 375066] [client 54.36.148.161:23407] AH01071: Got error 'Primary script unknown'
[Thu Oct 03 03:42:18.088929 2024] [proxy_fcgi:error] [pid 377093:tid 377093] [client 54.36.148.90:38333] AH01071: Got error 'Primary script unknown'
[Thu Oct 03 03:43:40.482105 2024] [proxy_fcgi:error] [pid 379826:tid 379826] [client 54.36.148.94:35855] AH01071: Got error 'Primary script unknown'
[Thu Oct 03 03:44:11.841640 2024] [core:crit] [pid 377352:tid 377352] (13)Permission denied: [client 192.241.248.199:47564] AH00529: /home/beautystudiomix/public_html/.htaccess pcfg_openfile: unable to check htaccess file, ensure it is readable and that '/home/beautystudiomix/public_html/' is executable
[Thu Oct 03 03:44:38.304812 2024] [proxy_fcgi:error] [pid 379826:tid 379826] [client 66.249.69.71:35892] AH01071: Got error 'Primary script unknown'
[Thu Oct 03 03:48:14.986453 2024] [proxy_fcgi:error] [pid 375066:tid 375066] [client 54.36.148.146:64821] AH01071: Got error 'Primary script unknown'
[Thu Oct 03 03:49:36.646200 2024] [proxy_fcgi:error] [pid 383022:tid 383022] [client 54.36.148.85:41397] AH01071: Got error 'Primary script unknown'
[Thu Oct 03 03:53:10.978020 2024] [proxy_fcgi:error] [pid 383023:tid 383023] [client 54.36.148.114:63357] AH01071: Got error 'Primary script unknown'
[Thu Oct 03 03:54:22.753419 2024] [core:crit] [pid 379831:tid 379831] (13)Permission denied: [client 43.254.158.134:41792] AH00529: /home/beautystudiomix/public_html/.htaccess pcfg_openfile: unable to check htaccess file, ensure it is readable and that '/home/beautystudiomix/public_html/' is executable
[Thu Oct 03 03:54:42.878434 2024] [proxy_fcgi:error] [pid 379826:tid 379826] [client 54.36.149.81:37785] AH01071: Got error 'Primary script unknown'
[Thu Oct 03 04:03:02.417031 2024] [proxy_fcgi:error] [pid 383023:tid 383023] [client 54.36.149.86:28347] AH01071: Got error 'Primary script unknown'
[Thu Oct 03 04:03:38.998936 2024] [proxy_fcgi:error] [pid 377352:tid 377352] [client 66.249.69.69:37473] AH01071: Got error 'Primary script unknown'
[Thu Oct 03 04:05:45.690382 2024] [proxy_fcgi:error] [pid 377010:tid 377010] [client 54.36.148.244:62123] AH01071: Got error 'Primary script unknown'
[Thu Oct 03 04:08:43.962431 2024] [proxy_fcgi:error] [pid 383022:tid 383022] [client 54.36.148.34:62553] AH01071: Got error 'Primary script unknown'
[Thu Oct 03 04:14:15.888584 2024] [proxy_fcgi:error] [pid 379831:tid 379831] [client 54.36.148.245:42497] AH01071: Got error 'Primary script unknown'
[Thu Oct 03 04:15:38.223219 2024] [proxy_fcgi:error] [pid 377093:tid 377093] [client 54.36.148.231:22511] AH01071: Got error 'Primary script unknown'
[Thu Oct 03 04:16:55.270984 2024] [proxy_fcgi:error] [pid 379826:tid 379826] [client 54.36.148.146:39675] AH01071: Got error 'Primary script unknown'
[Thu Oct 03 04:18:31.593823 2024] [proxy_fcgi:error] [pid 377010:tid 377010] [client 54.36.148.67:35969] AH01071: Got error 'Primary script unknown'
[Thu Oct 03 04:20:09.749749 2024] [proxy_fcgi:error] [pid 375066:tid 375066] [client 54.36.148.81:61721] AH01071: Got error 'Primary script unknown'
[Thu Oct 03 04:21:30.037116 2024] [proxy_fcgi:error] [pid 383022:tid 383022] [client 54.36.148.103:57117] AH01071: Got error 'Primary script unknown'
[Thu Oct 03 04:22:38.850051 2024] [proxy_fcgi:error] [pid 379826:tid 379826] [client 37.99.18.15:20568] AH01071: Got error 'Primary script unknown', referer: https://derhosting.bg/contact.php
[Thu Oct 03 04:24:19.331681 2024] [proxy_fcgi:error] [pid 379831:tid 379831] [client 54.36.148.152:56045] AH01071: Got error 'Primary script unknown'
[Thu Oct 03 04:25:29.379129 2024] [proxy_fcgi:error] [pid 379826:tid 379826] [client 54.36.149.73:26195] AH01071: Got error 'Primary script unknown'
[Thu Oct 03 04:27:01.561787 2024] [proxy_fcgi:error] [pid 379831:tid 379831] [client 54.36.148.83:57477] AH01071: Got error 'Primary script unknown'
[Thu Oct 03 04:28:26.991893 2024] [proxy_fcgi:error] [pid 383021:tid 383021] [client 54.36.149.13:35183] AH01071: Got error 'Primary script unknown'
[Thu Oct 03 04:29:51.601261 2024] [proxy_fcgi:error] [pid 383022:tid 383022] [client 54.36.149.61:23583] AH01071: Got error 'Primary script unknown'
[Thu Oct 03 04:36:49.351641 2024] [proxy_fcgi:error] [pid 383021:tid 383021] [client 54.36.148.143:33177] AH01071: Got error 'Primary script unknown'
[Thu Oct 03 04:39:43.261046 2024] [proxy_fcgi:error] [pid 383022:tid 383022] [client 54.36.148.250:35179] AH01071: Got error 'Primary script unknown'
[Thu Oct 03 04:42:44.951475 2024] [proxy_fcgi:error] [pid 379826:tid 379826] [client 124.243.187.115:38160] AH01071: Got error 'Primary script unknown'
[Thu Oct 03 04:44:09.981959 2024] [proxy_fcgi:error] [pid 377009:tid 377009] [client 54.36.148.232:57887] AH01071: Got error 'Primary script unknown'
[Thu Oct 03 04:48:35.652795 2024] [proxy_fcgi:error] [pid 383023:tid 383023] [client 54.36.148.118:36003] AH01071: Got error 'Primary script unknown'
[Thu Oct 03 04:51:30.900928 2024] [proxy_fcgi:error] [pid 383021:tid 383021] [client 54.36.148.44:29149] AH01071: Got error 'Primary script unknown'
[Thu Oct 03 04:52:18.008341 2024] [proxy_fcgi:error] [pid 383023:tid 383023] [client 213.108.1.23:33493] AH01071: Got error 'Primary script unknown'
[Thu Oct 03 04:52:19.103800 2024] [proxy_fcgi:error] [pid 379831:tid 379831] [client 213.108.1.23:39163] AH01071: Got error 'Primary script unknown', referer: https://www.google.com
[Thu Oct 03 04:52:20.187346 2024] [proxy_fcgi:error] [pid 383022:tid 383022] [client 213.108.1.23:42765] AH01071: Got error 'Primary script unknown', referer: https://www.google.com
[Thu Oct 03 04:52:22.329015 2024] [proxy_fcgi:error] [pid 379826:tid 379826] [client 213.108.1.23:23851] AH01071: Got error 'Primary script unknown'
[Thu Oct 03 04:52:24.415757 2024] [proxy_fcgi:error] [pid 383021:tid 383021] [client 213.108.1.23:64121] AH01071: Got error 'Primary script unknown', referer: https://www.google.com
[Thu Oct 03 04:52:26.535623 2024] [proxy_fcgi:error] [pid 377352:tid 377352] [client 213.108.1.23:54711] AH01071: Got error 'Primary script unknown', referer: https://www.google.com
[Thu Oct 03 04:57:15.113532 2024] [proxy_fcgi:error] [pid 377009:tid 377009] [client 54.36.148.173:20623] AH01071: Got error 'Primary script unknown'
[Thu Oct 03 04:59:37.789907 2024] [proxy_fcgi:error] [pid 383022:tid 383022] [client 54.36.148.246:24513] AH01071: Got error 'Primary script unknown'
[Thu Oct 03 05:01:12.576618 2024] [proxy_fcgi:error] [pid 379826:tid 379826] [client 54.36.148.119:46487] AH01071: Got error 'Primary script unknown'
[Thu Oct 03 05:02:34.150288 2024] [proxy_fcgi:error] [pid 379826:tid 379826] [client 54.36.148.140:53261] AH01071: Got error 'Primary script unknown'
[Thu Oct 03 05:05:35.426272 2024] [proxy_fcgi:error] [pid 379826:tid 379826] [client 66.249.69.69:55795] AH01071: Got error 'Primary script unknown'
[Thu Oct 03 05:13:47.478561 2024] [proxy_fcgi:error] [pid 379826:tid 379826] [client 216.244.66.227:52966] AH01071: Got error 'Primary script unknown'
[Thu Oct 03 05:14:04.648054 2024] [proxy_fcgi:error] [pid 377093:tid 377093] [client 54.36.149.106:53495] AH01071: Got error 'Primary script unknown'
[Thu Oct 03 05:14:35.774700 2024] [proxy_fcgi:error] [pid 383022:tid 383022] [client 66.249.69.65:40458] AH01071: Got error 'Primary script unknown'
[Thu Oct 03 05:17:47.499989 2024] [proxy_fcgi:error] [pid 383022:tid 383022] [client 54.36.148.128:58515] AH01071: Got error 'Primary script unknown'
[Thu Oct 03 05:19:43.768501 2024] [proxy_fcgi:error] [pid 377352:tid 377352] [client 216.244.66.227:56066] AH01071: Got error 'Primary script unknown'
[Thu Oct 03 05:32:50.333855 2024] [proxy_fcgi:error] [pid 383021:tid 383021] [client 66.249.69.71:45646] AH01071: Got error 'Primary script unknown'
[Thu Oct 03 05:33:32.650947 2024] [proxy_fcgi:error] [pid 375066:tid 375066] [client 54.36.149.34:61799] AH01071: Got error 'Primary script unknown'
[Thu Oct 03 05:36:17.779624 2024] [proxy_fcgi:error] [pid 377352:tid 377352] [client 54.36.148.184:59129] AH01071: Got error 'Primary script unknown'
[Thu Oct 03 05:40:13.914947 2024] [proxy_fcgi:error] [pid 383021:tid 383021] [client 54.36.149.7:56921] AH01071: Got error 'Primary script unknown'
[Thu Oct 03 05:41:26.896332 2024] [proxy_fcgi:error] [pid 379826:tid 379826] [client 54.36.148.91:38477] AH01071: Got error 'Primary script unknown'
[Thu Oct 03 05:52:44.484991 2024] [proxy_fcgi:error] [pid 377352:tid 377352] [client 54.36.148.202:24079] AH01071: Got error 'Primary script unknown'
[Thu Oct 03 06:01:33.726214 2024] [proxy_fcgi:error] [pid 389354:tid 389354] [client 69.160.160.58:35492] AH01071: Got error 'Primary script unknown'
[Thu Oct 03 06:01:38.010767 2024] [proxy_fcgi:error] [pid 377352:tid 377352] [client 69.160.160.58:36536] AH01071: Got error 'Primary script unknown'
[Thu Oct 03 06:01:38.089254 2024] [proxy_fcgi:error] [pid 388854:tid 388854] [client 69.160.160.58:36670] AH01071: Got error 'Primary script unknown'
[Thu Oct 03 06:01:39.843449 2024] [proxy_fcgi:error] [pid 388854:tid 388854] [client 69.160.160.58:37256] AH01071: Got error 'Primary script unknown'
[Thu Oct 03 06:01:40.573907 2024] [proxy_fcgi:error] [pid 389367:tid 389367] [client 66.249.69.69:49218] AH01071: Got error 'Primary script unknown'
[Thu Oct 03 06:01:40.624461 2024] [proxy_fcgi:error] [pid 388852:tid 388852] [client 69.160.160.58:37490] AH01071: Got error 'Primary script unknown'
[Thu Oct 03 06:01:42.722197 2024] [proxy_fcgi:error] [pid 389371:tid 389371] [client 69.160.160.58:37982] AH01071: Got error 'Primary script unknown'
[Thu Oct 03 06:01:44.201080 2024] [proxy_fcgi:error] [pid 389355:tid 389355] [client 69.160.160.58:38356] AH01071: Got error 'Primary script unknown'
[Thu Oct 03 06:01:44.508444 2024] [proxy_fcgi:error] [pid 389357:tid 389357] [client 69.160.160.58:38441] AH01071: Got error 'Primary script unknown'
[Thu Oct 03 06:03:11.039615 2024] [proxy_fcgi:error] [pid 388854:tid 388854] [client 66.249.69.71:64656] AH01071: Got error 'Primary script unknown'
[Thu Oct 03 06:19:52.113349 2024] [proxy_fcgi:error] [pid 388852:tid 388852] [client 54.36.148.89:23251] AH01071: Got error 'Primary script unknown'
[Thu Oct 03 06:32:51.823477 2024] [proxy:error] [pid 389369:tid 389369] (111)Connection refused: AH00957: http: attempt to connect to 127.0.0.1:2095 (127.0.0.1:2095) failed
[Thu Oct 03 06:32:51.823559 2024] [proxy_http:error] [pid 389369:tid 389369] [client 45.149.241.66:52991] AH01114: HTTP: failed to make connection to backend: 127.0.0.1
[Thu Oct 03 06:32:51.823749 2024] [proxy:error] [pid 389369:tid 389369] (111)Connection refused: AH00957: http: attempt to connect to 127.0.0.1:2095 (127.0.0.1:2095) failed
[Thu Oct 03 06:32:51.823773 2024] [proxy_http:error] [pid 389369:tid 389369] [client 45.149.241.66:52991] AH01114: HTTP: failed to make connection to backend: 127.0.0.1
[Thu Oct 03 06:44:01.965756 2024] [proxy_fcgi:error] [pid 389370:tid 389370] [client 185.73.124.29:33788] AH01071: Got error 'Primary script unknown'
[Thu Oct 03 06:46:30.405036 2024] [proxy_fcgi:error] [pid 389365:tid 389365] [client 124.243.135.47:54692] AH01071: Got error 'Primary script unknown'
[Thu Oct 03 06:55:30.087434 2024] [proxy_fcgi:error] [pid 390640:tid 390640] [client 59.188.249.91:56472] AH01071: Got error 'Primary script unknown'
[Thu Oct 03 06:57:14.475054 2024] [proxy:error] [pid 388854:tid 388854] (111)Connection refused: AH00957: http: attempt to connect to 127.0.0.1:2095 (127.0.0.1:2095) failed
[Thu Oct 03 06:57:14.475127 2024] [proxy_http:error] [pid 388854:tid 388854] [client 165.22.195.143:59456] AH01114: HTTP: failed to make connection to backend: 127.0.0.1
[Thu Oct 03 06:57:14.475315 2024] [proxy:error] [pid 388854:tid 388854] (111)Connection refused: AH00957: http: attempt to connect to 127.0.0.1:2095 (127.0.0.1:2095) failed
[Thu Oct 03 06:57:14.475339 2024] [proxy_http:error] [pid 388854:tid 388854] [client 165.22.195.143:59456] AH01114: HTTP: failed to make connection to backend: 127.0.0.1
[Thu Oct 03 06:57:14.552770 2024] [proxy:error] [pid 389370:tid 389370] (111)Connection refused: AH00957: http: attempt to connect to 127.0.0.1:2095 (127.0.0.1:2095) failed
[Thu Oct 03 06:57:14.552821 2024] [proxy_http:error] [pid 389370:tid 389370] [client 165.22.195.143:59466] AH01114: HTTP: failed to make connection to backend: 127.0.0.1, referer: http://webmail.beautystudiomix.com/
[Thu Oct 03 06:57:14.553005 2024] [proxy:error] [pid 389370:tid 389370] (111)Connection refused: AH00957: http: attempt to connect to 127.0.0.1:2095 (127.0.0.1:2095) failed
[Thu Oct 03 06:57:14.553029 2024] [proxy_http:error] [pid 389370:tid 389370] [client 165.22.195.143:59466] AH01114: HTTP: failed to make connection to backend: 127.0.0.1, referer: http://webmail.beautystudiomix.com/
[Thu Oct 03 06:57:14.702247 2024] [proxy:error] [pid 389366:tid 389366] (111)Connection refused: AH00957: http: attempt to connect to 127.0.0.1:2095 (127.0.0.1:2095) failed
[Thu Oct 03 06:57:14.702305 2024] [proxy_http:error] [pid 389366:tid 389366] [client 165.22.195.143:51488] AH01114: HTTP: failed to make connection to backend: 127.0.0.1
[Thu Oct 03 06:57:14.702501 2024] [proxy:error] [pid 389366:tid 389366] (111)Connection refused: AH00957: http: attempt to connect to 127.0.0.1:2095 (127.0.0.1:2095) failed
[Thu Oct 03 06:57:14.702525 2024] [proxy_http:error] [pid 389366:tid 389366] [client 165.22.195.143:51488] AH01114: HTTP: failed to make connection to backend: 127.0.0.1
[Thu Oct 03 06:57:15.784327 2024] [proxy:error] [pid 388852:tid 388852] (111)Connection refused: AH00957: http: attempt to connect to 127.0.0.1:2095 (127.0.0.1:2095) failed
[Thu Oct 03 06:57:15.784377 2024] [proxy_http:error] [pid 388852:tid 388852] [client 165.22.195.143:51568] AH01114: HTTP: failed to make connection to backend: 127.0.0.1, referer: https://webmail.beautystudiomix.com/
[Thu Oct 03 06:57:15.784567 2024] [proxy:error] [pid 388852:tid 388852] (111)Connection refused: AH00957: http: attempt to connect to 127.0.0.1:2095 (127.0.0.1:2095) failed
[Thu Oct 03 06:57:15.784592 2024] [proxy_http:error] [pid 388852:tid 388852] [client 165.22.195.143:51568] AH01114: HTTP: failed to make connection to backend: 127.0.0.1, referer: https://webmail.beautystudiomix.com/
[Thu Oct 03 07:16:31.119604 2024] [core:error] [pid 390640:tid 390640] [client 8.213.227.121:55614] AH10244: invalid URI path (/cgi-bin/.%2e/.%2e/.%2e/.%2e/.%2e/.%2e/.%2e/.%2e/.%2e/.%2e/bin/sh)
[Thu Oct 03 07:16:32.419483 2024] [core:error] [pid 389369:tid 389369] [client 8.213.227.121:55620] AH10244: invalid URI path (/cgi-bin/%%32%65%%32%65/%%32%65%%32%65/%%32%65%%32%65/%%32%65%%32%65/%%32%65%%32%65/%%32%65%%32%65/%%32%65%%32%65/bin/sh)
[Thu Oct 03 07:24:10.771254 2024] [proxy_fcgi:error] [pid 388852:tid 388852] [client 66.249.69.70:59785] AH01071: Got error 'Primary script unknown'
[Thu Oct 03 08:08:31.478841 2024] [proxy_fcgi:error] [pid 394797:tid 394797] [client 216.244.66.227:48768] AH01071: Got error 'Primary script unknown'
[Thu Oct 03 08:10:25.695145 2024] [proxy_fcgi:error] [pid 389366:tid 389366] [client 66.249.69.64:58881] AH01071: Got error 'Primary script unknown'
[Thu Oct 03 08:13:26.452300 2024] [proxy_fcgi:error] [pid 394798:tid 394798] [client 66.249.69.71:36616] AH01071: Got error 'Primary script unknown'
[Thu Oct 03 08:24:35.997558 2024] [proxy_fcgi:error] [pid 389366:tid 389366] [client 66.249.69.70:35639] AH01071: Got error 'Primary script unknown'
[Thu Oct 03 08:24:56.203609 2024] [proxy_fcgi:error] [pid 389369:tid 389369] [client 54.36.149.33:19501] AH01071: Got error 'Primary script unknown'
[Thu Oct 03 08:34:28.716329 2024] [proxy:error] [pid 394796:tid 394796] (111)Connection refused: AH00957: http: attempt to connect to 127.0.0.1:2095 (127.0.0.1:2095) failed
[Thu Oct 03 08:34:28.716414 2024] [proxy_http:error] [pid 394796:tid 394796] [client 87.120.113.244:65031] AH01114: HTTP: failed to make connection to backend: 127.0.0.1
[Thu Oct 03 08:34:28.716606 2024] [proxy:error] [pid 394796:tid 394796] (111)Connection refused: AH00957: http: attempt to connect to 127.0.0.1:2095 (127.0.0.1:2095) failed
[Thu Oct 03 08:34:28.716630 2024] [proxy_http:error] [pid 394796:tid 394796] [client 87.120.113.244:65031] AH01114: HTTP: failed to make connection to backend: 127.0.0.1
[Thu Oct 03 08:39:00.771165 2024] [proxy_fcgi:error] [pid 389366:tid 389366] [client 184.170.241.6:35958] AH01071: Got error 'Primary script unknown'
[Thu Oct 03 08:39:01.138974 2024] [proxy_fcgi:error] [pid 389366:tid 389366] [client 184.170.241.6:35958] AH01071: Got error 'Primary script unknown'
[Thu Oct 03 08:39:01.486877 2024] [proxy_fcgi:error] [pid 389366:tid 389366] [client 184.170.241.6:35958] AH01071: Got error 'Primary script unknown'
[Thu Oct 03 08:44:01.689338 2024] [proxy:error] [pid 389371:tid 389371] (111)Connection refused: AH00957: http: attempt to connect to 127.0.0.1:2095 (127.0.0.1:2095) failed
[Thu Oct 03 08:44:01.689427 2024] [proxy_http:error] [pid 389371:tid 389371] [client 43.143.60.88:41830] AH01114: HTTP: failed to make connection to backend: 127.0.0.1
[Thu Oct 03 08:44:01.689628 2024] [proxy:error] [pid 389371:tid 389371] (111)Connection refused: AH00957: http: attempt to connect to 127.0.0.1:2095 (127.0.0.1:2095) failed
[Thu Oct 03 08:44:01.689652 2024] [proxy_http:error] [pid 389371:tid 389371] [client 43.143.60.88:41830] AH01114: HTTP: failed to make connection to backend: 127.0.0.1
[Thu Oct 03 09:00:26.333185 2024] [proxy_fcgi:error] [pid 389366:tid 389366] [client 66.249.69.70:48373] AH01071: Got error 'Primary script unknown'
[Thu Oct 03 09:33:39.198959 2024] [proxy_fcgi:error] [pid 400742:tid 400742] [client 66.249.69.69:62119] AH01071: Got error 'Primary script unknown'
[Thu Oct 03 09:45:13.938115 2024] [proxy_fcgi:error] [pid 394798:tid 394798] [client 184.170.241.6:38178] AH01071: Got error 'Primary script unknown'
[Thu Oct 03 09:45:14.311301 2024] [proxy_fcgi:error] [pid 394798:tid 394798] [client 184.170.241.6:38178] AH01071: Got error 'Primary script unknown'
[Thu Oct 03 09:53:37.694339 2024] [proxy_fcgi:error] [pid 397901:tid 397901] [client 66.249.69.65:37347] AH01071: Got error 'Primary script unknown'
[Thu Oct 03 09:57:30.541402 2024] [proxy_fcgi:error] [pid 390640:tid 390640] [client 216.244.66.227:37462] AH01071: Got error 'Primary script unknown'
[Thu Oct 03 09:57:57.805831 2024] [proxy_fcgi:error] [pid 397901:tid 397901] [client 216.244.66.227:60418] AH01071: Got error 'Primary script unknown'
[Thu Oct 03 09:58:44.806335 2024] [proxy_fcgi:error] [pid 389371:tid 389371] [client 216.244.66.227:32892] AH01071: Got error 'Primary script unknown'
[Thu Oct 03 10:11:12.260580 2024] [proxy_fcgi:error] [pid 390640:tid 390640] [client 66.249.69.64:64495] AH01071: Got error 'Primary script unknown'
[Thu Oct 03 10:20:13.444313 2024] [proxy_fcgi:error] [pid 390640:tid 390640] [client 66.249.69.65:40235] AH01071: Got error 'Primary script unknown'
[Thu Oct 03 10:37:16.901120 2024] [proxy_fcgi:error] [pid 402673:tid 402673] [client 57.141.0.15:50176] AH01071: Got error 'Primary script unknown'
[Thu Oct 03 10:42:35.090188 2024] [core:crit] [pid 402672:tid 402672] (13)Permission denied: [client 34.76.178.141:33676] AH00529: /home/beautystudiomix/public_html/.htaccess pcfg_openfile: unable to check htaccess file, ensure it is readable and that '/home/beautystudiomix/public_html/' is executable
[Thu Oct 03 10:42:49.962525 2024] [proxy_fcgi:error] [pid 400306:tid 400306] [client 66.249.69.65:48484] AH01071: Got error 'Primary script unknown'
[Thu Oct 03 10:47:50.301305 2024] [proxy_fcgi:error] [pid 394798:tid 394798] [client 66.249.69.71:62825] AH01071: Got error 'Primary script unknown'
[Thu Oct 03 10:49:43.040901 2024] [proxy_fcgi:error] [pid 400306:tid 400306] [client 216.244.66.227:40676] AH01071: Got error 'Primary script unknown'
[Thu Oct 03 10:50:43.890190 2024] [proxy_fcgi:error] [pid 390640:tid 390640] [client 216.244.66.227:57604] AH01071: Got error 'Primary script unknown'
[Thu Oct 03 10:51:13.106681 2024] [proxy_fcgi:error] [pid 400742:tid 400742] [client 216.244.66.227:40166] AH01071: Got error 'Primary script unknown'
[Thu Oct 03 10:58:59.908606 2024] [proxy_fcgi:error] [pid 400742:tid 400742] [client 66.249.69.71:43425] AH01071: Got error 'Primary script unknown'
[Thu Oct 03 11:10:50.218854 2024] [proxy_fcgi:error] [pid 402671:tid 402671] [client 145.239.10.137:53304] AH01071: Got error 'Primary script unknown', referer: http://beautystudiomix.com/wos.php
[Thu Oct 03 11:10:50.219331 2024] [proxy_fcgi:error] [pid 404203:tid 404203] [client 145.239.10.137:44372] AH01071: Got error 'Primary script unknown', referer: http://beautystudiomix.com/wso.php
[Thu Oct 03 11:10:50.233045 2024] [proxy_fcgi:error] [pid 400306:tid 400306] [client 145.239.10.137:49945] AH01071: Got error 'Primary script unknown', referer: http://beautystudiomix.com/wwos.php
[Thu Oct 03 11:15:47.267559 2024] [proxy_fcgi:error] [pid 404203:tid 404203] [client 185.191.171.8:24786] AH01071: Got error 'Primary script unknown'
[Thu Oct 03 11:19:38.981872 2024] [cgi:error] [pid 400306:tid 400306] [client 23.178.112.217:34365] AH01215: stderr from /usr/local/cpanel/cgi-priv/get_local.cgi: 400: No cPanel user controls a local domain called \xe2\x80\x9c92-247-223-173.cprapid.com\xe2\x80\x9d. at cgi-priv/get_local.cgi.pl line 151.
[Thu Oct 03 11:19:39.319987 2024] [cgi:error] [pid 402672:tid 402672] [client 23.178.112.219:48739] AH01215: stderr from /usr/local/cpanel/cgi-priv/get_local.cgi: 400: No cPanel user controls a local domain called \xe2\x80\x9c92-247-223-173.cprapid.com\xe2\x80\x9d. at cgi-priv/get_local.cgi.pl line 151.
[Thu Oct 03 11:19:39.330389 2024] [cgi:error] [pid 394798:tid 394798] [client 23.178.112.213:35881] AH01215: stderr from /usr/local/cpanel/cgi-priv/get_local.cgi: 400: No cPanel user controls a local domain called \xe2\x80\x9c92-247-223-173.cprapid.com\xe2\x80\x9d. at cgi-priv/get_local.cgi.pl line 151.
[Thu Oct 03 11:19:39.489548 2024] [cgi:error] [pid 390640:tid 390640] [client 23.178.112.211:40915] AH01215: stderr from /usr/local/cpanel/cgi-priv/get_local.cgi: 400: No cPanel user controls a local domain called \xe2\x80\x9c92-247-223-173.cprapid.com\xe2\x80\x9d. at cgi-priv/get_local.cgi.pl line 151.
[Thu Oct 03 11:19:39.719242 2024] [cgi:error] [pid 400742:tid 400742] [client 23.178.112.219:48741] AH01215: stderr from /usr/local/cpanel/cgi-priv/get_local.cgi: 400: No cPanel user controls a local domain called \xe2\x80\x9c92-247-223-173.cprapid.com\xe2\x80\x9d. at cgi-priv/get_local.cgi.pl line 151.
[Thu Oct 03 11:19:40.151138 2024] [cgi:error] [pid 397901:tid 397901] [client 23.178.112.213:35885] AH01215: stderr from /usr/local/cpanel/cgi-priv/get_local.cgi: 400: No cPanel user controls a local domain called \xe2\x80\x9c92-247-223-173.cprapid.com\xe2\x80\x9d. at cgi-priv/get_local.cgi.pl line 151.
[Thu Oct 03 11:19:40.370880 2024] [cgi:error] [pid 402671:tid 402671] [client 23.178.112.219:48755] AH01215: stderr from /usr/local/cpanel/cgi-priv/get_local.cgi: 400: No cPanel user controls a local domain called \xe2\x80\x9c92-247-223-173.cprapid.com\xe2\x80\x9d. at cgi-priv/get_local.cgi.pl line 151.
[Thu Oct 03 11:19:40.551667 2024] [cgi:error] [pid 404203:tid 404203] [client 23.178.112.214:33327] AH01215: stderr from /usr/local/cpanel/cgi-priv/get_local.cgi: 400: No cPanel user controls a local domain called \xe2\x80\x9c92-247-223-173.cprapid.com\xe2\x80\x9d. at cgi-priv/get_local.cgi.pl line 151.
[Thu Oct 03 11:37:02.560014 2024] [proxy_fcgi:error] [pid 402671:tid 402671] [client 185.191.171.15:4004] AH01071: Got error 'Primary script unknown'
[Thu Oct 03 11:39:16.417710 2024] [proxy_fcgi:error] [pid 404203:tid 404203] [client 185.191.171.16:56566] AH01071: Got error 'Primary script unknown'
[Thu Oct 03 11:41:39.704401 2024] [proxy_fcgi:error] [pid 389371:tid 389371] [client 185.191.171.9:23806] AH01071: Got error 'Primary script unknown'
[Thu Oct 03 11:44:49.767143 2024] [proxy_fcgi:error] [pid 400742:tid 400742] [client 85.208.96.205:38682] AH01071: Got error 'Primary script unknown'
[Thu Oct 03 11:47:29.871685 2024] [proxy_fcgi:error] [pid 402673:tid 402673] [client 85.208.96.203:33578] AH01071: Got error 'Primary script unknown'
[Thu Oct 03 11:52:15.996290 2024] [proxy_fcgi:error] [pid 402671:tid 402671] [client 66.249.66.85:50451] AH01071: Got error 'Primary script unknown'
[Thu Oct 03 11:54:21.125370 2024] [proxy_fcgi:error] [pid 402673:tid 402673] [client 160.155.106.236:59047] AH01071: Got error 'Primary script unknown', referer: https://derhosting.bg/index.php?rp=/store/free-shared-hostings/free-starter-3
[Thu Oct 03 11:54:21.855379 2024] [proxy_fcgi:error] [pid 402673:tid 402673] [client 160.155.106.236:59047] AH01071: Got error 'Primary script unknown', referer: https://derhosting.bg/index.php?rp=/store/free-shared-hostings/free-starter-3'[0]
[Thu Oct 03 11:55:00.129401 2024] [proxy_fcgi:error] [pid 400306:tid 400306] [client 185.191.171.19:57802] AH01071: Got error 'Primary script unknown'
[Thu Oct 03 11:57:17.917906 2024] [proxy_fcgi:error] [pid 390640:tid 390640] [client 85.208.96.208:11428] AH01071: Got error 'Primary script unknown'
[Thu Oct 03 12:03:34.948653 2024] [proxy_fcgi:error] [pid 402671:tid 402671] [client 66.249.66.85:57927] AH01071: Got error 'Primary script unknown'
[Thu Oct 03 12:03:37.330459 2024] [proxy_fcgi:error] [pid 390640:tid 390640] [client 66.249.66.83:63997] AH01071: Got error 'Primary script unknown'
[Thu Oct 03 12:04:00.332987 2024] [proxy_fcgi:error] [pid 404203:tid 404203] [client 185.191.171.4:27618] AH01071: Got error 'Primary script unknown'
[Thu Oct 03 12:12:14.301207 2024] [proxy_fcgi:error] [pid 404203:tid 404203] [client 66.249.66.87:48400] AH01071: Got error 'Primary script unknown'
[Thu Oct 03 12:12:36.338586 2024] [proxy_fcgi:error] [pid 397901:tid 397901] [client 66.249.66.85:60966] AH01071: Got error 'Primary script unknown'
[Thu Oct 03 12:13:14.824931 2024] [proxy_fcgi:error] [pid 400742:tid 400742] [client 66.249.66.86:57163] AH01071: Got error 'Primary script unknown'
[Thu Oct 03 12:17:15.132601 2024] [proxy_fcgi:error] [pid 389371:tid 389371] [client 66.249.66.83:45901] AH01071: Got error 'Primary script unknown'
[Thu Oct 03 12:17:16.128316 2024] [proxy_fcgi:error] [pid 394798:tid 394798] [client 66.249.66.81:46221] AH01071: Got error 'Primary script unknown'
[Thu Oct 03 12:17:52.558922 2024] [proxy_fcgi:error] [pid 389371:tid 389371] [client 85.208.96.204:30288] AH01071: Got error 'Primary script unknown'
[Thu Oct 03 12:17:54.076867 2024] [proxy_fcgi:error] [pid 394798:tid 394798] [client 85.208.96.196:43858] AH01071: Got error 'Primary script unknown'
[Thu Oct 03 12:17:58.188597 2024] [proxy_fcgi:error] [pid 397901:tid 397901] [client 85.208.96.204:48104] AH01071: Got error 'Primary script unknown'
[Thu Oct 03 12:18:48.685906 2024] [proxy_fcgi:error] [pid 400306:tid 400306] [client 185.191.171.1:28100] AH01071: Got error 'Primary script unknown'
[Thu Oct 03 12:19:21.269823 2024] [proxy_fcgi:error] [pid 411320:tid 411320] [client 66.249.66.87:36183] AH01071: Got error 'Primary script unknown'
[Thu Oct 03 12:19:25.176931 2024] [proxy_fcgi:error] [pid 411321:tid 411321] [client 85.208.96.210:45142] AH01071: Got error 'Primary script unknown'
[Thu Oct 03 12:22:37.011919 2024] [proxy_fcgi:error] [pid 411321:tid 411321] [client 66.249.66.82:55149] AH01071: Got error 'Primary script unknown'
[Thu Oct 03 12:23:37.456418 2024] [proxy_fcgi:error] [pid 389371:tid 389371] [client 66.249.66.87:46871] AH01071: Got error 'Primary script unknown'
[Thu Oct 03 12:26:10.891141 2024] [proxy_fcgi:error] [pid 411320:tid 411320] [client 85.208.96.211:23256] AH01071: Got error 'Primary script unknown'
[Thu Oct 03 12:27:09.354393 2024] [proxy_fcgi:error] [pid 397901:tid 397901] [client 52.167.144.236:63497] AH01071: Got error 'Primary script unknown'
[Thu Oct 03 12:31:32.042465 2024] [proxy_fcgi:error] [pid 411321:tid 411321] [client 185.191.171.10:18302] AH01071: Got error 'Primary script unknown'
[Thu Oct 03 12:35:33.632660 2024] [proxy_fcgi:error] [pid 400306:tid 400306] [client 185.191.171.2:63658] AH01071: Got error 'Primary script unknown'
[Thu Oct 03 12:36:44.554860 2024] [proxy_fcgi:error] [pid 402673:tid 402673] [client 66.249.66.86:59527] AH01071: Got error 'Primary script unknown'
[Thu Oct 03 12:42:05.068655 2024] [proxy_fcgi:error] [pid 402673:tid 402673] [client 85.208.96.200:49962] AH01071: Got error 'Primary script unknown'
[Thu Oct 03 12:47:12.867871 2024] [proxy_fcgi:error] [pid 389371:tid 389371] [client 185.191.171.15:17786] AH01071: Got error 'Primary script unknown'
[Thu Oct 03 12:48:03.186065 2024] [proxy_fcgi:error] [pid 400306:tid 400306] [client 185.191.171.12:30918] AH01071: Got error 'Primary script unknown'
[Thu Oct 03 12:48:59.401334 2024] [proxy_fcgi:error] [pid 402672:tid 402672] [client 66.249.66.86:60106] AH01071: Got error 'Primary script unknown'
[Thu Oct 03 12:50:14.234498 2024] [core:crit] [pid 389371:tid 389371] (13)Permission denied: [client 57.151.48.99:52446] AH00529: /home/beautystudiomix/public_html/.htaccess pcfg_openfile: unable to check htaccess file, ensure it is readable and that '/home/beautystudiomix/public_html/' is executable
[Thu Oct 03 12:50:34.347466 2024] [proxy_fcgi:error] [pid 400306:tid 400306] [client 85.208.96.197:63922] AH01071: Got error 'Primary script unknown'
[Thu Oct 03 12:53:21.685399 2024] [proxy_fcgi:error] [pid 400306:tid 400306] [client 198.240.92.207:28864] AH10414: To be forwarded path contains control characters or spaces
[Thu Oct 03 12:54:35.943186 2024] [proxy_fcgi:error] [pid 411322:tid 411322] [client 85.208.96.207:12718] AH01071: Got error 'Primary script unknown'
[Thu Oct 03 12:55:11.864098 2024] [proxy_fcgi:error] [pid 389371:tid 389371] [client 185.191.171.14:37592] AH01071: Got error 'Primary script unknown'
[Thu Oct 03 12:59:05.637644 2024] [proxy_fcgi:error] [pid 389371:tid 389371] [client 185.191.171.8:57588] AH01071: Got error 'Primary script unknown'
[Thu Oct 03 13:00:44.042862 2024] [proxy_fcgi:error] [pid 411321:tid 411321] [client 85.208.96.198:60660] AH01071: Got error 'Primary script unknown'
[Thu Oct 03 13:01:04.781920 2024] [proxy_fcgi:error] [pid 411320:tid 411320] [client 185.191.171.17:28898] AH01071: Got error 'Primary script unknown'
[Thu Oct 03 13:01:22.110724 2024] [proxy_fcgi:error] [pid 411322:tid 411322] [client 85.208.96.197:54772] AH01071: Got error 'Primary script unknown'
[Thu Oct 03 13:02:27.695987 2024] [proxy_fcgi:error] [pid 394798:tid 394798] [client 185.191.171.6:50432] AH01071: Got error 'Primary script unknown'
[Thu Oct 03 13:03:39.385414 2024] [proxy_fcgi:error] [pid 402673:tid 402673] [client 85.208.96.203:32976] AH01071: Got error 'Primary script unknown'
[Thu Oct 03 13:06:20.942764 2024] [proxy_fcgi:error] [pid 400306:tid 400306] [client 185.191.171.16:18776] AH01071: Got error 'Primary script unknown'
[Thu Oct 03 13:10:09.876742 2024] [proxy_fcgi:error] [pid 411321:tid 411321] [client 66.249.66.82:51691] AH01071: Got error 'Primary script unknown'
[Thu Oct 03 13:11:14.012337 2024] [proxy_fcgi:error] [pid 394798:tid 394798] [client 85.208.96.210:16134] AH01071: Got error 'Primary script unknown'
[Thu Oct 03 13:16:11.171345 2024] [proxy_fcgi:error] [pid 411322:tid 411322] [client 85.208.96.204:52020] AH01071: Got error 'Primary script unknown'
[Thu Oct 03 13:17:56.852579 2024] [proxy_fcgi:error] [pid 411320:tid 411320] [client 85.208.96.200:9108] AH01071: Got error 'Primary script unknown'
[Thu Oct 03 13:18:07.359785 2024] [proxy_fcgi:error] [pid 414001:tid 414001] [client 185.191.171.3:36528] AH01071: Got error 'Primary script unknown'
[Thu Oct 03 13:19:41.381045 2024] [proxy_fcgi:error] [pid 397901:tid 397901] [client 85.208.96.202:33644] AH01071: Got error 'Primary script unknown'
[Thu Oct 03 13:20:28.545740 2024] [proxy_fcgi:error] [pid 389371:tid 389371] [client 85.208.96.195:44374] AH01071: Got error 'Primary script unknown'
[Thu Oct 03 13:21:05.146373 2024] [proxy_fcgi:error] [pid 402673:tid 402673] [client 185.191.171.4:2196] AH01071: Got error 'Primary script unknown'
[Thu Oct 03 13:26:04.814248 2024] [proxy_fcgi:error] [pid 404203:tid 404203] [client 85.208.96.201:9676] AH01071: Got error 'Primary script unknown'
[Thu Oct 03 13:29:04.724867 2024] [proxy_fcgi:error] [pid 404203:tid 404203] [client 66.249.66.87:37343] AH01071: Got error 'Primary script unknown'
[Thu Oct 03 13:33:00.265410 2024] [proxy_fcgi:error] [pid 397901:tid 397901] [client 85.208.96.197:4742] AH01071: Got error 'Primary script unknown'
[Thu Oct 03 13:36:43.346633 2024] [proxy_fcgi:error] [pid 404203:tid 404203] [client 185.191.171.11:5602] AH01071: Got error 'Primary script unknown'
[Thu Oct 03 13:38:41.890744 2024] [proxy_fcgi:error] [pid 414001:tid 414001] [client 20.171.206.96:16375] AH01071: Got error 'Primary script unknown'
[Thu Oct 03 13:38:44.427780 2024] [proxy_fcgi:error] [pid 414001:tid 414001] [client 20.171.206.96:16375] AH01071: Got error 'Primary script unknown'
[Thu Oct 03 13:38:50.424341 2024] [proxy_fcgi:error] [pid 414001:tid 414001] [client 20.171.206.96:16375] AH01071: Got error 'Primary script unknown'
[Thu Oct 03 13:38:53.423513 2024] [proxy_fcgi:error] [pid 414001:tid 414001] [client 20.171.206.96:16375] AH01071: Got error 'Primary script unknown'
[Thu Oct 03 13:39:02.127548 2024] [proxy_fcgi:error] [pid 414001:tid 414001] [client 20.171.206.96:16375] AH01071: Got error 'Primary script unknown'
[Thu Oct 03 13:39:12.933795 2024] [proxy_fcgi:error] [pid 414001:tid 414001] [client 20.171.206.96:16375] AH01071: Got error 'Primary script unknown'
[Thu Oct 03 13:39:15.624252 2024] [proxy_fcgi:error] [pid 414001:tid 414001] [client 20.171.206.96:16375] AH01071: Got error 'Primary script unknown'
[Thu Oct 03 13:39:18.324143 2024] [proxy_fcgi:error] [pid 414001:tid 414001] [client 20.171.206.96:16375] AH01071: Got error 'Primary script unknown'
[Thu Oct 03 13:39:21.023333 2024] [proxy_fcgi:error] [pid 414001:tid 414001] [client 20.171.206.96:16375] AH01071: Got error 'Primary script unknown'
[Thu Oct 03 13:39:23.860375 2024] [proxy_fcgi:error] [pid 414001:tid 414001] [client 20.171.206.96:16375] AH01071: Got error 'Primary script unknown'
[Thu Oct 03 13:44:26.792766 2024] [proxy_fcgi:error] [pid 414001:tid 414001] [client 185.191.171.17:44330] AH01071: Got error 'Primary script unknown'
[Thu Oct 03 13:45:26.406306 2024] [proxy_fcgi:error] [pid 402673:tid 402673] [client 66.249.66.83:37368] AH01071: Got error 'Primary script unknown'
[Thu Oct 03 13:50:53.323943 2024] [proxy_fcgi:error] [pid 411321:tid 411321] [client 83.99.151.66:33855] AH01071: Got error 'Primary script unknown'
[Thu Oct 03 13:51:00.865702 2024] [proxy_fcgi:error] [pid 414001:tid 414001] [client 66.249.66.86:56809] AH01071: Got error 'Primary script unknown'
[Thu Oct 03 13:51:03.411892 2024] [proxy_fcgi:error] [pid 411322:tid 411322] [client 83.99.151.66:15077] AH01071: Got error 'Primary script unknown'
[Thu Oct 03 13:51:13.503473 2024] [proxy_fcgi:error] [pid 402673:tid 402673] [client 83.99.151.67:47369] AH01071: Got error 'Primary script unknown'
[Thu Oct 03 13:51:23.610777 2024] [proxy_fcgi:error] [pid 389371:tid 389371] [client 83.99.151.66:7173] AH01071: Got error 'Primary script unknown'
[Thu Oct 03 13:52:15.711847 2024] [proxy_fcgi:error] [pid 402672:tid 402672] [client 83.99.151.71:48449] AH01071: Got error 'Primary script unknown'
[Thu Oct 03 13:52:17.602008 2024] [proxy_fcgi:error] [pid 411321:tid 411321] [client 85.208.96.202:49714] AH01071: Got error 'Primary script unknown'
[Thu Oct 03 13:52:25.832962 2024] [proxy_fcgi:error] [pid 394798:tid 394798] [client 83.99.151.71:52721] AH01071: Got error 'Primary script unknown'
[Thu Oct 03 13:52:45.134467 2024] [proxy_fcgi:error] [pid 402673:tid 402673] [client 83.99.151.71:49271] AH01071: Got error 'Primary script unknown'
[Thu Oct 03 13:53:28.420014 2024] [proxy_fcgi:error] [pid 402672:tid 402672] [client 83.99.151.64:49601] AH01071: Got error 'Primary script unknown'
[Thu Oct 03 13:53:56.943837 2024] [proxy_fcgi:error] [pid 394798:tid 394798] [client 83.99.151.64:19091] AH01071: Got error 'Primary script unknown'
[Thu Oct 03 13:54:18.890643 2024] [proxy_fcgi:error] [pid 402673:tid 402673] [client 83.99.151.64:56603] AH01071: Got error 'Primary script unknown'
[Thu Oct 03 13:54:51.163950 2024] [proxy_fcgi:error] [pid 389371:tid 389371] [client 83.99.151.67:63037] AH01071: Got error 'Primary script unknown'
[Thu Oct 03 13:55:01.252486 2024] [proxy_fcgi:error] [pid 397901:tid 397901] [client 83.99.151.67:51115] AH01071: Got error 'Primary script unknown'
[Thu Oct 03 13:55:29.816029 2024] [proxy_fcgi:error] [pid 400306:tid 400306] [client 85.208.96.211:40994] AH01071: Got error 'Primary script unknown'
[Thu Oct 03 13:58:07.718694 2024] [proxy_fcgi:error] [pid 389371:tid 389371] [client 185.191.171.7:21196] AH01071: Got error 'Primary script unknown'
[Thu Oct 03 14:00:16.752963 2024] [proxy_fcgi:error] [pid 411322:tid 411322] [client 66.249.66.81:46309] AH01071: Got error 'Primary script unknown'
[Thu Oct 03 14:01:17.147609 2024] [proxy_fcgi:error] [pid 414001:tid 414001] [client 66.249.66.87:49366] AH01071: Got error 'Primary script unknown'
[Thu Oct 03 14:01:48.222976 2024] [proxy_fcgi:error] [pid 389371:tid 389371] [client 66.249.66.82:41943] AH01071: Got error 'Primary script unknown'
[Thu Oct 03 14:02:44.639195 2024] [proxy_fcgi:error] [pid 397901:tid 397901] [client 185.191.171.13:46722] AH01071: Got error 'Primary script unknown'
[Thu Oct 03 14:09:17.643714 2024] [proxy_fcgi:error] [pid 397901:tid 397901] [client 66.249.66.83:51409] AH01071: Got error 'Primary script unknown'
[Thu Oct 03 14:10:50.098505 2024] [proxy_fcgi:error] [pid 394798:tid 394798] [client 66.249.66.83:38308] AH01071: Got error 'Primary script unknown'
[Thu Oct 03 14:11:09.985155 2024] [proxy_fcgi:error] [pid 416643:tid 416643] [client 85.208.96.211:42972] AH01071: Got error 'Primary script unknown'
[Thu Oct 03 14:11:31.331078 2024] [proxy_fcgi:error] [pid 416644:tid 416644] [client 85.208.96.212:50518] AH01071: Got error 'Primary script unknown'
[Thu Oct 03 14:15:17.911614 2024] [proxy_fcgi:error] [pid 411322:tid 411322] [client 66.249.66.83:50832] AH01071: Got error 'Primary script unknown'
[Thu Oct 03 14:16:21.187522 2024] [proxy_fcgi:error] [pid 389371:tid 389371] [client 85.208.96.209:34220] AH01071: Got error 'Primary script unknown'
[Thu Oct 03 14:22:50.119026 2024] [proxy_fcgi:error] [pid 411321:tid 411321] [client 110.238.105.166:36800] AH01071: Got error 'Primary script unknown'
[Thu Oct 03 14:24:17.489491 2024] [proxy_fcgi:error] [pid 389371:tid 389371] [client 85.208.96.204:45180] AH01071: Got error 'Primary script unknown'
[Thu Oct 03 14:26:39.167469 2024] [proxy_fcgi:error] [pid 414001:tid 414001] [client 185.191.171.9:6108] AH01071: Got error 'Primary script unknown'
[Thu Oct 03 14:26:51.906409 2024] [proxy_fcgi:error] [pid 389371:tid 389371] [client 66.249.66.85:64902] AH01071: Got error 'Primary script unknown'
[Thu Oct 03 14:30:47.750243 2024] [proxy_fcgi:error] [pid 414001:tid 414001] [client 185.191.171.17:40982] AH01071: Got error 'Primary script unknown'
[Thu Oct 03 14:31:05.467580 2024] [proxy_fcgi:error] [pid 411322:tid 411322] [client 85.208.96.195:13638] AH01071: Got error 'Primary script unknown'
[Thu Oct 03 14:33:13.232780 2024] [proxy_fcgi:error] [pid 394798:tid 394798] [client 185.191.171.13:28252] AH01071: Got error 'Primary script unknown'
[Thu Oct 03 14:34:19.085250 2024] [proxy_fcgi:error] [pid 404203:tid 404203] [client 84.32.245.182:43088] AH10414: To be forwarded path contains control characters or spaces
[Thu Oct 03 14:34:38.587132 2024] [proxy_fcgi:error] [pid 397901:tid 397901] [client 66.249.66.85:46721] AH01071: Got error 'Primary script unknown'
[Thu Oct 03 14:34:38.869339 2024] [proxy_fcgi:error] [pid 416644:tid 416644] [client 66.249.66.81:38919] AH01071: Got error 'Primary script unknown'
[Thu Oct 03 14:36:23.604439 2024] [proxy_fcgi:error] [pid 404203:tid 404203] [client 87.120.114.20:49745] AH01071: Got error 'Primary script unknown'
[Thu Oct 03 14:36:53.421679 2024] [proxy_fcgi:error] [pid 394798:tid 394798] [client 87.120.114.20:62132] AH01071: Got error 'Primary script unknown'
[Thu Oct 03 14:38:39.141353 2024] [proxy_fcgi:error] [pid 397901:tid 397901] [client 66.249.66.81:61472] AH01071: Got error 'Primary script unknown'
[Thu Oct 03 14:39:08.042446 2024] [proxy_fcgi:error] [pid 389371:tid 389371] [client 85.208.96.207:61832] AH01071: Got error 'Primary script unknown'
[Thu Oct 03 14:45:25.507789 2024] [proxy_fcgi:error] [pid 411321:tid 411321] [client 85.208.96.207:34058] AH01071: Got error 'Primary script unknown'
[Thu Oct 03 14:45:44.939702 2024] [proxy_fcgi:error] [pid 416644:tid 416644] [client 47.128.38.155:41662] AH01071: Got error 'Primary script unknown'
[Thu Oct 03 14:45:58.597539 2024] [proxy_fcgi:error] [pid 397901:tid 397901] [client 185.191.171.18:56402] AH01071: Got error 'Primary script unknown'
[Thu Oct 03 14:47:20.263618 2024] [proxy_fcgi:error] [pid 414001:tid 414001] [client 85.208.96.195:62212] AH01071: Got error 'Primary script unknown'
[Thu Oct 03 14:49:21.530494 2024] [proxy_fcgi:error] [pid 402672:tid 402672] [client 66.249.66.86:59406] AH01071: Got error 'Primary script unknown'
[Thu Oct 03 14:54:02.836135 2024] [proxy_fcgi:error] [pid 394798:tid 394798] [client 185.191.171.4:61078] AH01071: Got error 'Primary script unknown'
[Thu Oct 03 14:56:44.639492 2024] [proxy_fcgi:error] [pid 389371:tid 389371] [client 216.244.66.227:60046] AH01071: Got error 'Primary script unknown'
[Thu Oct 03 14:59:19.867351 2024] [proxy_fcgi:error] [pid 402672:tid 402672] [client 85.208.96.207:52650] AH01071: Got error 'Primary script unknown'
[Thu Oct 03 14:59:36.040673 2024] [proxy_fcgi:error] [pid 397901:tid 397901] [client 185.191.171.8:54956] AH01071: Got error 'Primary script unknown'
[Thu Oct 03 15:01:50.795144 2024] [proxy_fcgi:error] [pid 394798:tid 394798] [client 188.190.10.136:49716] AH01071: Got error 'Primary script unknown'
[Thu Oct 03 15:01:50.959202 2024] [proxy_fcgi:error] [pid 404203:tid 404203] [client 188.190.10.136:49749] AH01071: Got error 'Primary script unknown'
[Thu Oct 03 15:01:51.510555 2024] [proxy_fcgi:error] [pid 411321:tid 411321] [client 188.190.10.136:49803] AH01071: Got error 'Primary script unknown'
[Thu Oct 03 15:06:28.490705 2024] [ssl:error] [pid 411322:tid 411322] [client 167.94.146.50:35848] AH02032: Hostname derhosting.bg provided via SNI and hostname 92.247.223.173 provided via HTTP have no compatible SSL setup
[Thu Oct 03 15:07:38.621072 2024] [proxy_fcgi:error] [pid 404203:tid 404203] [client 85.208.96.196:6138] AH01071: Got error 'Primary script unknown'
[Thu Oct 03 15:09:30.183252 2024] [proxy:error] [pid 416644:tid 416644] (111)Connection refused: AH00957: http: attempt to connect to 127.0.0.1:2095 (127.0.0.1:2095) failed
[Thu Oct 03 15:09:30.183316 2024] [proxy_http:error] [pid 416644:tid 416644] [client 185.222.59.11:51757] AH01114: HTTP: failed to make connection to backend: 127.0.0.1
[Thu Oct 03 15:09:30.183496 2024] [proxy:error] [pid 416644:tid 416644] (111)Connection refused: AH00957: http: attempt to connect to 127.0.0.1:2095 (127.0.0.1:2095) failed
[Thu Oct 03 15:09:30.183520 2024] [proxy_http:error] [pid 416644:tid 416644] [client 185.222.59.11:51757] AH01114: HTTP: failed to make connection to backend: 127.0.0.1
[Thu Oct 03 15:12:21.193513 2024] [proxy_fcgi:error] [pid 411322:tid 411322] [client 185.191.171.2:55966] AH01071: Got error 'Primary script unknown'
[Thu Oct 03 15:12:27.893779 2024] [proxy_fcgi:error] [pid 394798:tid 394798] [client 54.36.148.8:28961] AH01071: Got error 'Primary script unknown'
[Thu Oct 03 15:13:14.617966 2024] [proxy_fcgi:error] [pid 404203:tid 404203] [client 185.191.171.6:25460] AH01071: Got error 'Primary script unknown'
[Thu Oct 03 15:15:44.885713 2024] [proxy_fcgi:error] [pid 416645:tid 416645] [client 185.191.171.9:17992] AH01071: Got error 'Primary script unknown'
[Thu Oct 03 15:20:46.890981 2024] [proxy_fcgi:error] [pid 411321:tid 411321] [client 85.208.96.193:3532] AH01071: Got error 'Primary script unknown'
[Thu Oct 03 15:23:38.519140 2024] [proxy_fcgi:error] [pid 404203:tid 404203] [client 85.208.96.197:34754] AH01071: Got error 'Primary script unknown'
[Thu Oct 03 15:24:07.846448 2024] [proxy_fcgi:error] [pid 416645:tid 416645] [client 54.36.148.146:29157] AH01071: Got error 'Primary script unknown'
[Thu Oct 03 15:26:26.626153 2024] [proxy_fcgi:error] [pid 394798:tid 394798] [client 85.208.96.207:14602] AH01071: Got error 'Primary script unknown'
[Thu Oct 03 15:31:05.394621 2024] [ssl:error] [pid 416645:tid 416645] [client 206.168.34.205:57422] AH02032: Hostname mail.zonatabg.net provided via SNI and hostname 92.247.223.173 provided via HTTP have no compatible SSL setup
[Thu Oct 03 15:32:57.282405 2024] [proxy_fcgi:error] [pid 402672:tid 402672] [client 185.73.124.29:6971] AH01071: Got error 'Primary script unknown'
[Thu Oct 03 15:35:10.440937 2024] [core:crit] [pid 389371:tid 389371] (13)Permission denied: [client 152.42.174.244:36820] AH00529: /home/beautystudiomix/public_html/.htaccess pcfg_openfile: unable to check htaccess file, ensure it is readable and that '/home/beautystudiomix/public_html/' is executable
[Thu Oct 03 15:38:03.173210 2024] [proxy_fcgi:error] [pid 404203:tid 404203] [client 185.191.171.2:5358] AH01071: Got error 'Primary script unknown'
[Thu Oct 03 15:41:38.402532 2024] [proxy_fcgi:error] [pid 402672:tid 402672] [client 47.128.124.74:16998] AH01071: Got error 'Primary script unknown'
[Thu Oct 03 15:41:43.641676 2024] [proxy_fcgi:error] [pid 394798:tid 394798] [client 66.249.66.87:64978] AH01071: Got error 'Primary script unknown'
[Thu Oct 03 15:43:25.802862 2024] [ssl:error] [pid 389371:tid 389371] [client 199.45.154.149:49324] AH02032: Hostname derhosting.bg provided via SNI and hostname 92.247.223.173 provided via HTTP have no compatible SSL setup
[Thu Oct 03 15:44:41.556589 2024] [proxy_fcgi:error] [pid 416644:tid 416644] [client 85.208.96.194:52162] AH01071: Got error 'Primary script unknown'
[Thu Oct 03 15:45:58.850806 2024] [proxy_fcgi:error] [pid 397901:tid 397901] [client 85.208.96.193:46612] AH01071: Got error 'Primary script unknown'
[Thu Oct 03 15:46:15.706780 2024] [proxy_fcgi:error] [pid 411322:tid 411322] [client 54.36.148.102:41197] AH01071: Got error 'Primary script unknown'
[Thu Oct 03 15:48:21.929063 2024] [proxy_fcgi:error] [pid 411321:tid 411321] [client 54.36.148.119:24155] AH01071: Got error 'Primary script unknown'
[Thu Oct 03 15:52:00.942797 2024] [proxy_fcgi:error] [pid 416645:tid 416645] [client 66.249.66.87:52845] AH01071: Got error 'Primary script unknown'
[Thu Oct 03 15:53:20.576207 2024] [proxy_fcgi:error] [pid 411322:tid 411322] [client 85.208.96.205:50474] AH01071: Got error 'Primary script unknown'
