[Wed Oct 02 16:45:27.004995 2024] [proxy_fcgi:error] [pid 271917:tid 271917] [client 66.249.69.71:39545] AH01071: Got error 'Primary script unknown'
[Wed Oct 02 16:47:55.144199 2024] [proxy_fcgi:error] [pid 326652:tid 326652] [client 66.249.69.71:51531] AH01071: Got error 'Primary script unknown'
[Wed Oct 02 16:59:55.608152 2024] [proxy_fcgi:error] [pid 306907:tid 306907] [client 66.249.69.70:44137] AH01071: Got error 'Primary script unknown'
[Wed Oct 02 17:10:33.110035 2024] [cgi:error] [pid 322806:tid 322806] [client 23.178.112.214:45773] AH01215: stderr from /usr/local/cpanel/cgi-priv/get_local.cgi: 400: No cPanel user controls a local domain called \xe2\x80\x9c92-247-223-173.cprapid.com\xe2\x80\x9d. at cgi-priv/get_local.cgi.pl line 151.
[Wed Oct 02 17:10:33.333486 2024] [cgi:error] [pid 331733:tid 331733] [client 23.178.112.217:53329] AH01215: stderr from /usr/local/cpanel/cgi-priv/get_local.cgi: 400: No cPanel user controls a local domain called \xe2\x80\x9c92-247-223-173.cprapid.com\xe2\x80\x9d. at cgi-priv/get_local.cgi.pl line 151.
[Wed Oct 02 17:10:33.516033 2024] [cgi:error] [pid 331427:tid 331427] [client 23.178.112.214:45783] AH01215: stderr from /usr/local/cpanel/cgi-priv/get_local.cgi: 400: No cPanel user controls a local domain called \xe2\x80\x9c92-247-223-173.cprapid.com\xe2\x80\x9d. at cgi-priv/get_local.cgi.pl line 151.
[Wed Oct 02 17:10:33.699248 2024] [cgi:error] [pid 326597:tid 326597] [client 23.178.112.214:45791] AH01215: stderr from /usr/local/cpanel/cgi-priv/get_local.cgi: 400: No cPanel user controls a local domain called \xe2\x80\x9c92-247-223-173.cprapid.com\xe2\x80\x9d. at cgi-priv/get_local.cgi.pl line 151.
[Wed Oct 02 17:10:33.862540 2024] [cgi:error] [pid 322924:tid 322924] [client 23.178.112.212:32265] AH01215: stderr from /usr/local/cpanel/cgi-priv/get_local.cgi: 400: No cPanel user controls a local domain called \xe2\x80\x9c92-247-223-173.cprapid.com\xe2\x80\x9d. at cgi-priv/get_local.cgi.pl line 151.
[Wed Oct 02 17:10:34.303892 2024] [cgi:error] [pid 285769:tid 285769] [client 23.178.112.214:45793] AH01215: stderr from /usr/local/cpanel/cgi-priv/get_local.cgi: 400: No cPanel user controls a local domain called \xe2\x80\x9c92-247-223-173.cprapid.com\xe2\x80\x9d. at cgi-priv/get_local.cgi.pl line 151.
[Wed Oct 02 17:10:34.561519 2024] [cgi:error] [pid 323037:tid 323037] [client 23.178.112.219:45183] AH01215: stderr from /usr/local/cpanel/cgi-priv/get_local.cgi: 400: No cPanel user controls a local domain called \xe2\x80\x9c92-247-223-173.cprapid.com\xe2\x80\x9d. at cgi-priv/get_local.cgi.pl line 151.
[Wed Oct 02 17:10:34.791825 2024] [cgi:error] [pid 271917:tid 271917] [client 23.178.112.217:53333] AH01215: stderr from /usr/local/cpanel/cgi-priv/get_local.cgi: 400: No cPanel user controls a local domain called \xe2\x80\x9c92-247-223-173.cprapid.com\xe2\x80\x9d. at cgi-priv/get_local.cgi.pl line 151.
[Wed Oct 02 17:13:20.517924 2024] [proxy_fcgi:error] [pid 322806:tid 322806] [client 54.36.148.122:32023] AH01071: Got error 'Primary script unknown'
[Wed Oct 02 17:17:57.696047 2024] [proxy_fcgi:error] [pid 271917:tid 271917] [client 66.249.69.71:37069] AH01071: Got error 'Primary script unknown'
[Wed Oct 02 17:18:18.213696 2024] [proxy_fcgi:error] [pid 326652:tid 326652] [client 44.223.115.10:34467] AH01071: Got error 'Primary script unknown'
[Wed Oct 02 17:20:30.216590 2024] [proxy_fcgi:error] [pid 331427:tid 331427] [client 52.204.81.148:41709] AH01071: Got error 'Primary script unknown'
[Wed Oct 02 17:21:52.292124 2024] [proxy_fcgi:error] [pid 285769:tid 285769] [client 54.36.148.230:30447] AH01071: Got error 'Primary script unknown'
[Wed Oct 02 17:30:37.074927 2024] [proxy_fcgi:error] [pid 326652:tid 326652] [client 54.36.149.20:41169] AH01071: Got error 'Primary script unknown'
[Wed Oct 02 17:31:54.628639 2024] [proxy_fcgi:error] [pid 331743:tid 331743] [client 54.92.171.106:33955] AH01071: Got error 'Primary script unknown'
[Wed Oct 02 17:31:58.131175 2024] [proxy_fcgi:error] [pid 326597:tid 326597] [client 52.203.237.170:49093] AH01071: Got error 'Primary script unknown'
[Wed Oct 02 17:36:53.566006 2024] [proxy_fcgi:error] [pid 326597:tid 326597] [client 185.73.124.29:47613] AH01071: Got error 'Primary script unknown'
[Wed Oct 02 17:38:24.211557 2024] [proxy_fcgi:error] [pid 331733:tid 331733] [client 54.36.149.59:48455] AH01071: Got error 'Primary script unknown'
[Wed Oct 02 17:42:41.820324 2024] [proxy_fcgi:error] [pid 331427:tid 331427] [client 3.216.13.10:3728] AH01071: Got error 'Primary script unknown'
[Wed Oct 02 17:44:53.960632 2024] [proxy_fcgi:error] [pid 337900:tid 337900] [client 52.71.218.25:9972] AH01071: Got error 'Primary script unknown'
[Wed Oct 02 17:50:49.356901 2024] [proxy_fcgi:error] [pid 331733:tid 331733] [client 160.155.106.236:63650] AH01071: Got error 'Primary script unknown', referer: https://derhosting.bg/index.php?rp=/store/free-shared-hostings/free-starter-3
[Wed Oct 02 17:50:49.916030 2024] [proxy_fcgi:error] [pid 331733:tid 331733] [client 160.155.106.236:63650] AH01071: Got error 'Primary script unknown', referer: https://derhosting.bg/index.php?rp=/store/free-shared-hostings/free-starter-3'[0]
[Wed Oct 02 17:53:51.175465 2024] [proxy_fcgi:error] [pid 322806:tid 322806] [client 54.36.148.35:37503] AH01071: Got error 'Primary script unknown'
[Wed Oct 02 17:57:51.121367 2024] [core:crit] [pid 285769:tid 285769] (13)Permission denied: [client 154.213.187.109:46486] AH00529: /home/beautystudiomix/public_html/.htaccess pcfg_openfile: unable to check htaccess file, ensure it is readable and that '/home/beautystudiomix/public_html/' is executable
[Wed Oct 02 18:01:13.246088 2024] [proxy_fcgi:error] [pid 322806:tid 322806] [client 92.255.85.164:56536] AH01071: Got error 'Primary script unknown', referer: https://beautystudiomix.com/contact.php
[Wed Oct 02 18:01:13.500927 2024] [proxy_fcgi:error] [pid 331743:tid 331743] [client 92.255.85.164:61408] AH01071: Got error 'Primary script unknown', referer: https://beautystudiomix.com/contact.php
[Wed Oct 02 18:01:57.422115 2024] [proxy_fcgi:error] [pid 285769:tid 285769] [client 54.36.148.128:21235] AH01071: Got error 'Primary script unknown'
[Wed Oct 02 18:05:18.343583 2024] [proxy_fcgi:error] [pid 285769:tid 285769] [client 98.82.59.253:24615] AH01071: Got error 'Primary script unknown'
[Wed Oct 02 18:05:25.244623 2024] [proxy_fcgi:error] [pid 323037:tid 323037] [client 78.153.140.218:57160] AH01071: Got error 'Primary script unknown'
[Wed Oct 02 18:05:36.868676 2024] [proxy_fcgi:error] [pid 331733:tid 331733] [client 66.249.69.71:46062] AH01071: Got error 'Primary script unknown'
[Wed Oct 02 18:09:44.313063 2024] [proxy_fcgi:error] [pid 337900:tid 337900] [client 54.36.149.90:18585] AH01071: Got error 'Primary script unknown'
[Wed Oct 02 18:10:48.548582 2024] [proxy_fcgi:error] [pid 326597:tid 326597] [client 66.249.75.199:39229] AH01071: Got error 'Primary script unknown'
[Wed Oct 02 18:20:13.259769 2024] [proxy_fcgi:error] [pid 271917:tid 271917] [client 168.232.152.101:33602] AH01071: Got error 'Primary script unknown'
[Wed Oct 02 18:26:29.363501 2024] [proxy_fcgi:error] [pid 331733:tid 331733] [client 54.36.149.90:31283] AH01071: Got error 'Primary script unknown'
[Wed Oct 02 18:27:53.934458 2024] [proxy_fcgi:error] [pid 322806:tid 322806] [client 52.4.238.8:54427] AH01071: Got error 'Primary script unknown'
[Wed Oct 02 18:32:44.815964 2024] [proxy_fcgi:error] [pid 326597:tid 326597] [client 66.249.69.69:44698] AH01071: Got error 'Primary script unknown'
[Wed Oct 02 18:36:14.597513 2024] [proxy_fcgi:error] [pid 337900:tid 337900] [client 54.36.148.227:53631] AH01071: Got error 'Primary script unknown'
[Wed Oct 02 18:45:45.939579 2024] [proxy_fcgi:error] [pid 331733:tid 331733] [client 3.216.86.144:14687] AH01071: Got error 'Primary script unknown'
[Wed Oct 02 18:47:42.138187 2024] [proxy_fcgi:error] [pid 322806:tid 322806] [client 52.44.174.136:62352] AH01071: Got error 'Primary script unknown'
[Wed Oct 02 18:47:56.240237 2024] [proxy_fcgi:error] [pid 331427:tid 331427] [client 20.105.202.227:54097] AH01071: Got error 'Primary script unknown', referer: https://derhostingbg.com/wp-login.php
[Wed Oct 02 18:47:56.341912 2024] [proxy_fcgi:error] [pid 337900:tid 337900] [client 20.105.202.227:54111] AH01071: Got error 'Primary script unknown', referer: https://derhostingbg.com/wp-login.php
[Wed Oct 02 19:03:35.880927 2024] [proxy_fcgi:error] [pid 326652:tid 326652] [client 54.36.148.175:53719] AH01071: Got error 'Primary script unknown'
[Wed Oct 02 19:16:58.893652 2024] [proxy_fcgi:error] [pid 331733:tid 331733] [client 66.249.69.71:35589] AH01071: Got error 'Primary script unknown'
[Wed Oct 02 19:21:21.240867 2024] [proxy:error] [pid 331427:tid 331427] (111)Connection refused: AH00957: http: attempt to connect to 127.0.0.1:2095 (127.0.0.1:2095) failed
[Wed Oct 02 19:21:21.240935 2024] [proxy_http:error] [pid 331427:tid 331427] [client 138.246.253.24:58314] AH01114: HTTP: failed to make connection to backend: 127.0.0.1
[Wed Oct 02 19:21:21.241119 2024] [proxy:error] [pid 331427:tid 331427] (111)Connection refused: AH00957: http: attempt to connect to 127.0.0.1:2095 (127.0.0.1:2095) failed
[Wed Oct 02 19:21:21.241143 2024] [proxy_http:error] [pid 331427:tid 331427] [client 138.246.253.24:58314] AH01114: HTTP: failed to make connection to backend: 127.0.0.1
[Wed Oct 02 19:43:19.739945 2024] [proxy_fcgi:error] [pid 326652:tid 326652] [client 100.27.153.9:50422] AH01071: Got error 'Primary script unknown'
[Wed Oct 02 19:51:32.567943 2024] [proxy_fcgi:error] [pid 285769:tid 285769] [client 66.249.69.70:37945] AH01071: Got error 'Primary script unknown'
[Wed Oct 02 19:53:29.243090 2024] [proxy_fcgi:error] [pid 326597:tid 326597] [client 54.36.148.192:53493] AH01071: Got error 'Primary script unknown'
[Wed Oct 02 19:53:46.114375 2024] [proxy_fcgi:error] [pid 354132:tid 354132] [client 66.115.149.68:1583] AH01071: Got error 'Primary script unknown'
[Wed Oct 02 20:03:44.382829 2024] [cgi:error] [pid 354132:tid 354132] [client 117.253.215.23:56623] AH02811: stderr from /var/www/html/setup.cgi: script not found or unable to stat
[Wed Oct 02 20:10:17.379784 2024] [proxy:error] [pid 350855:tid 350855] (111)Connection refused: AH00957: http: attempt to connect to 127.0.0.1:2095 (127.0.0.1:2095) failed
[Wed Oct 02 20:10:17.379844 2024] [proxy_http:error] [pid 350855:tid 350855] [client 87.236.176.104:43119] AH01114: HTTP: failed to make connection to backend: 127.0.0.1
[Wed Oct 02 20:10:17.380034 2024] [proxy:error] [pid 350855:tid 350855] (111)Connection refused: AH00957: http: attempt to connect to 127.0.0.1:2095 (127.0.0.1:2095) failed
[Wed Oct 02 20:10:17.380059 2024] [proxy_http:error] [pid 350855:tid 350855] [client 87.236.176.104:43119] AH01114: HTTP: failed to make connection to backend: 127.0.0.1
[Wed Oct 02 20:10:58.977387 2024] [proxy_fcgi:error] [pid 354132:tid 354132] [client 66.249.69.69:58296] AH01071: Got error 'Primary script unknown'
[Wed Oct 02 20:13:20.878657 2024] [proxy:error] [pid 326652:tid 326652] (111)Connection refused: AH00957: http: attempt to connect to 127.0.0.1:2095 (127.0.0.1:2095) failed
[Wed Oct 02 20:13:20.878733 2024] [proxy_http:error] [pid 326652:tid 326652] [client 138.246.253.24:52796] AH01114: HTTP: failed to make connection to backend: 127.0.0.1
[Wed Oct 02 20:13:20.878917 2024] [proxy:error] [pid 326652:tid 326652] (111)Connection refused: AH00957: http: attempt to connect to 127.0.0.1:2095 (127.0.0.1:2095) failed
[Wed Oct 02 20:13:20.878941 2024] [proxy_http:error] [pid 326652:tid 326652] [client 138.246.253.24:52796] AH01114: HTTP: failed to make connection to backend: 127.0.0.1
[Wed Oct 02 20:22:26.260921 2024] [proxy_fcgi:error] [pid 322806:tid 322806] [client 54.36.148.251:46847] AH01071: Got error 'Primary script unknown'
[Wed Oct 02 20:25:13.088212 2024] [proxy_fcgi:error] [pid 322806:tid 322806] [client 66.249.69.69:47203] AH01071: Got error 'Primary script unknown'
[Wed Oct 02 20:28:07.157248 2024] [proxy_fcgi:error] [pid 350855:tid 350855] [client 20.105.202.227:59804] AH01071: Got error 'Primary script unknown', referer: https://zonatabg.net/wp-login.php
[Wed Oct 02 20:28:07.265682 2024] [proxy_fcgi:error] [pid 354132:tid 354132] [client 20.105.202.227:59823] AH01071: Got error 'Primary script unknown', referer: https://zonatabg.net/wp-login.php
[Wed Oct 02 20:46:58.894506 2024] [proxy_fcgi:error] [pid 337900:tid 337900] [client 66.249.69.69:42858] AH01071: Got error 'Primary script unknown'
[Wed Oct 02 20:54:07.629123 2024] [proxy_fcgi:error] [pid 337900:tid 337900] [client 81.158.84.3:59197] AH01071: Got error 'Primary script unknown'
[Wed Oct 02 20:59:52.866259 2024] [proxy_fcgi:error] [pid 326597:tid 326597] [client 136.143.176.60:45036] AH01071: Got error 'Primary script unknown'
[Wed Oct 02 20:59:53.225191 2024] [proxy_fcgi:error] [pid 331733:tid 331733] [client 136.143.176.60:45280] AH01071: Got error 'Primary script unknown'
[Wed Oct 02 21:21:10.587494 2024] [proxy_fcgi:error] [pid 331733:tid 331733] [client 66.249.75.198:58740] AH01071: Got error 'Primary script unknown'
[Wed Oct 02 21:38:18.037607 2024] [proxy_fcgi:error] [pid 337900:tid 337900] [client 54.36.148.214:25097] AH01071: Got error 'Primary script unknown'
[Wed Oct 02 21:59:30.045295 2024] [proxy_fcgi:error] [pid 359044:tid 359044] [client 34.48.155.144:37471] AH01071: Got error 'Primary script unknown'
[Wed Oct 02 21:59:30.580014 2024] [proxy_fcgi:error] [pid 359042:tid 359042] [client 34.48.155.144:40104] AH01071: Got error 'Primary script unknown'
[Wed Oct 02 21:59:31.306896 2024] [proxy_fcgi:error] [pid 350855:tid 350855] [client 34.48.155.144:39283] AH01071: Got error 'Primary script unknown'
[Wed Oct 02 21:59:32.034222 2024] [proxy_fcgi:error] [pid 354132:tid 354132] [client 34.48.155.144:40899] AH01071: Got error 'Primary script unknown'
[Wed Oct 02 22:03:58.468054 2024] [proxy_fcgi:error] [pid 359042:tid 359042] [client 216.244.66.227:46732] AH01071: Got error 'Primary script unknown'
[Wed Oct 02 22:21:32.215361 2024] [core:crit] [pid 359042:tid 359042] (13)Permission denied: [client 199.45.154.127:51876] AH00529: /home/beautystudiomix/public_html/.htaccess pcfg_openfile: unable to check htaccess file, ensure it is readable and that '/home/beautystudiomix/public_html/' is executable
[Wed Oct 02 22:21:46.477572 2024] [core:crit] [pid 350855:tid 350855] (13)Permission denied: [client 199.45.154.127:38162] AH00529: /home/beautystudiomix/public_html/.htaccess pcfg_openfile: unable to check htaccess file, ensure it is readable and that '/home/beautystudiomix/public_html/' is executable
[Wed Oct 02 22:30:36.300423 2024] [proxy_fcgi:error] [pid 359043:tid 359043] [client 66.249.69.71:47573] AH01071: Got error 'Primary script unknown'
[Wed Oct 02 22:32:37.946824 2024] [proxy_fcgi:error] [pid 359042:tid 359042] [client 152.89.198.68:60450] AH01071: Got error 'Primary script unknown', referer: https://beautystudiomix.com/contact.php
[Wed Oct 02 22:32:38.211851 2024] [proxy_fcgi:error] [pid 359043:tid 359043] [client 152.89.198.68:61046] AH01071: Got error 'Primary script unknown', referer: https://beautystudiomix.com/contact.php
[Wed Oct 02 22:39:55.865249 2024] [proxy_fcgi:error] [pid 337900:tid 337900] [client 54.36.148.243:23187] AH01071: Got error 'Primary script unknown'
[Wed Oct 02 22:44:48.426228 2024] [core:crit] [pid 331743:tid 331743] (13)Permission denied: [client 78.153.140.179:39982] AH00529: /home/beautystudiomix/public_html/.htaccess pcfg_openfile: unable to check htaccess file, ensure it is readable and that '/home/beautystudiomix/public_html/' is executable
[Wed Oct 02 22:44:48.704389 2024] [core:crit] [pid 359042:tid 359042] (13)Permission denied: [client 78.153.140.179:40678] AH00529: /home/beautystudiomix/public_html/.htaccess pcfg_openfile: unable to check htaccess file, ensure it is readable and that '/home/beautystudiomix/public_html/' is executable
[Wed Oct 02 22:44:49.091338 2024] [core:crit] [pid 350855:tid 350855] (13)Permission denied: [client 78.153.140.179:42410] AH00529: /home/beautystudiomix/public_html/.htaccess pcfg_openfile: unable to check htaccess file, ensure it is readable and that '/home/beautystudiomix/public_html/' is executable
[Wed Oct 02 22:44:49.257963 2024] [core:crit] [pid 322806:tid 322806] (13)Permission denied: [client 78.153.140.179:43036] AH00529: /home/beautystudiomix/public_html/.htaccess pcfg_openfile: unable to check htaccess file, ensure it is readable and that '/home/beautystudiomix/public_html/' is executable
[Wed Oct 02 22:44:49.401189 2024] [core:crit] [pid 362628:tid 362628] (13)Permission denied: [client 78.153.140.179:43958] AH00529: /home/beautystudiomix/public_html/.htaccess pcfg_openfile: unable to check htaccess file, ensure it is readable and that '/home/beautystudiomix/public_html/' is executable
[Wed Oct 02 22:44:49.565345 2024] [core:crit] [pid 337900:tid 337900] (13)Permission denied: [client 78.153.140.179:45204] AH00529: /home/beautystudiomix/public_html/.htaccess pcfg_openfile: unable to check htaccess file, ensure it is readable and that '/home/beautystudiomix/public_html/' is executable
[Wed Oct 02 22:44:50.031450 2024] [core:crit] [pid 354132:tid 354132] (13)Permission denied: [client 78.153.140.179:47676] AH00529: /home/beautystudiomix/public_html/.htaccess pcfg_openfile: unable to check htaccess file, ensure it is readable and that '/home/beautystudiomix/public_html/' is executable
[Wed Oct 02 22:44:50.186843 2024] [core:crit] [pid 331743:tid 331743] (13)Permission denied: [client 78.153.140.179:48798] AH00529: /home/beautystudiomix/public_html/.htaccess pcfg_openfile: unable to check htaccess file, ensure it is readable and that '/home/beautystudiomix/public_html/' is executable
[Wed Oct 02 22:44:50.368086 2024] [core:crit] [pid 331733:tid 331733] (13)Permission denied: [client 78.153.140.179:49506] AH00529: /home/beautystudiomix/public_html/.htaccess pcfg_openfile: unable to check htaccess file, ensure it is readable and that '/home/beautystudiomix/public_html/' is executable
[Wed Oct 02 22:44:50.503703 2024] [core:crit] [pid 350855:tid 350855] (13)Permission denied: [client 78.153.140.179:50460] AH00529: /home/beautystudiomix/public_html/.htaccess pcfg_openfile: unable to check htaccess file, ensure it is readable and that '/home/beautystudiomix/public_html/' is executable
[Wed Oct 02 22:44:50.702103 2024] [core:crit] [pid 362628:tid 362628] (13)Permission denied: [client 78.153.140.179:51668] AH00529: /home/beautystudiomix/public_html/.htaccess pcfg_openfile: unable to check htaccess file, ensure it is readable and that '/home/beautystudiomix/public_html/' is executable
[Wed Oct 02 22:44:51.079268 2024] [core:crit] [pid 359043:tid 359043] (13)Permission denied: [client 78.153.140.179:53104] AH00529: /home/beautystudiomix/public_html/.htaccess pcfg_openfile: unable to check htaccess file, ensure it is readable and that '/home/beautystudiomix/public_html/' is executable
[Wed Oct 02 22:44:51.274902 2024] [core:crit] [pid 354132:tid 354132] (13)Permission denied: [client 78.153.140.179:53918] AH00529: /home/beautystudiomix/public_html/.htaccess pcfg_openfile: unable to check htaccess file, ensure it is readable and that '/home/beautystudiomix/public_html/' is executable
[Wed Oct 02 22:44:51.685911 2024] [core:crit] [pid 331733:tid 331733] (13)Permission denied: [client 78.153.140.179:55812] AH00529: /home/beautystudiomix/public_html/.htaccess pcfg_openfile: unable to check htaccess file, ensure it is readable and that '/home/beautystudiomix/public_html/' is executable
[Wed Oct 02 22:44:51.871046 2024] [core:crit] [pid 359042:tid 359042] (13)Permission denied: [client 78.153.140.179:56518] AH00529: /home/beautystudiomix/public_html/.htaccess pcfg_openfile: unable to check htaccess file, ensure it is readable and that '/home/beautystudiomix/public_html/' is executable
[Wed Oct 02 22:44:52.033742 2024] [core:crit] [pid 322806:tid 322806] (13)Permission denied: [client 78.153.140.179:57344] AH00529: /home/beautystudiomix/public_html/.htaccess pcfg_openfile: unable to check htaccess file, ensure it is readable and that '/home/beautystudiomix/public_html/' is executable
[Wed Oct 02 22:44:52.189228 2024] [core:crit] [pid 362628:tid 362628] (13)Permission denied: [client 78.153.140.179:58092] AH00529: /home/beautystudiomix/public_html/.htaccess pcfg_openfile: unable to check htaccess file, ensure it is readable and that '/home/beautystudiomix/public_html/' is executable
[Wed Oct 02 22:44:52.321956 2024] [core:crit] [pid 337900:tid 337900] (13)Permission denied: [client 78.153.140.179:58908] AH00529: /home/beautystudiomix/public_html/.htaccess pcfg_openfile: unable to check htaccess file, ensure it is readable and that '/home/beautystudiomix/public_html/' is executable
[Wed Oct 02 22:44:52.760436 2024] [core:crit] [pid 354132:tid 354132] (13)Permission denied: [client 78.153.140.179:59992] AH00529: /home/beautystudiomix/public_html/.htaccess pcfg_openfile: unable to check htaccess file, ensure it is readable and that '/home/beautystudiomix/public_html/' is executable
[Wed Oct 02 22:44:53.186170 2024] [core:crit] [pid 331733:tid 331733] (13)Permission denied: [client 78.153.140.179:32940] AH00529: /home/beautystudiomix/public_html/.htaccess pcfg_openfile: unable to check htaccess file, ensure it is readable and that '/home/beautystudiomix/public_html/' is executable
[Wed Oct 02 22:44:53.503832 2024] [core:crit] [pid 331743:tid 331743] (13)Permission denied: [client 78.153.140.179:34260] AH00529: /home/beautystudiomix/public_html/.htaccess pcfg_openfile: unable to check htaccess file, ensure it is readable and that '/home/beautystudiomix/public_html/' is executable
[Wed Oct 02 22:44:53.675643 2024] [core:crit] [pid 322806:tid 322806] (13)Permission denied: [client 78.153.140.179:35260] AH00529: /home/beautystudiomix/public_html/.htaccess pcfg_openfile: unable to check htaccess file, ensure it is readable and that '/home/beautystudiomix/public_html/' is executable
[Wed Oct 02 22:44:53.826997 2024] [core:crit] [pid 350855:tid 350855] (13)Permission denied: [client 78.153.140.179:35852] AH00529: /home/beautystudiomix/public_html/.htaccess pcfg_openfile: unable to check htaccess file, ensure it is readable and that '/home/beautystudiomix/public_html/' is executable
[Wed Oct 02 22:44:54.072987 2024] [core:crit] [pid 362628:tid 362628] (13)Permission denied: [client 78.153.140.179:36716] AH00529: /home/beautystudiomix/public_html/.htaccess pcfg_openfile: unable to check htaccess file, ensure it is readable and that '/home/beautystudiomix/public_html/' is executable
[Wed Oct 02 22:44:54.257478 2024] [core:crit] [pid 354132:tid 354132] (13)Permission denied: [client 78.153.140.179:37456] AH00529: /home/beautystudiomix/public_html/.htaccess pcfg_openfile: unable to check htaccess file, ensure it is readable and that '/home/beautystudiomix/public_html/' is executable
[Wed Oct 02 22:44:54.514366 2024] [core:crit] [pid 359043:tid 359043] (13)Permission denied: [client 78.153.140.179:38370] AH00529: /home/beautystudiomix/public_html/.htaccess pcfg_openfile: unable to check htaccess file, ensure it is readable and that '/home/beautystudiomix/public_html/' is executable
[Wed Oct 02 22:44:54.661519 2024] [core:crit] [pid 331733:tid 331733] (13)Permission denied: [client 78.153.140.179:39034] AH00529: /home/beautystudiomix/public_html/.htaccess pcfg_openfile: unable to check htaccess file, ensure it is readable and that '/home/beautystudiomix/public_html/' is executable
[Wed Oct 02 22:44:54.820606 2024] [core:crit] [pid 322806:tid 322806] (13)Permission denied: [client 78.153.140.179:39770] AH00529: /home/beautystudiomix/public_html/.htaccess pcfg_openfile: unable to check htaccess file, ensure it is readable and that '/home/beautystudiomix/public_html/' is executable
[Wed Oct 02 22:44:55.097569 2024] [core:crit] [pid 359042:tid 359042] (13)Permission denied: [client 78.153.140.179:40942] AH00529: /home/beautystudiomix/public_html/.htaccess pcfg_openfile: unable to check htaccess file, ensure it is readable and that '/home/beautystudiomix/public_html/' is executable
[Wed Oct 02 22:44:55.302746 2024] [core:crit] [pid 354132:tid 354132] (13)Permission denied: [client 78.153.140.179:42190] AH00529: /home/beautystudiomix/public_html/.htaccess pcfg_openfile: unable to check htaccess file, ensure it is readable and that '/home/beautystudiomix/public_html/' is executable
[Wed Oct 02 22:44:55.453270 2024] [core:crit] [pid 359043:tid 359043] (13)Permission denied: [client 78.153.140.179:42844] AH00529: /home/beautystudiomix/public_html/.htaccess pcfg_openfile: unable to check htaccess file, ensure it is readable and that '/home/beautystudiomix/public_html/' is executable
[Wed Oct 02 22:44:55.631732 2024] [core:crit] [pid 337900:tid 337900] (13)Permission denied: [client 78.153.140.179:43376] AH00529: /home/beautystudiomix/public_html/.htaccess pcfg_openfile: unable to check htaccess file, ensure it is readable and that '/home/beautystudiomix/public_html/' is executable
[Wed Oct 02 22:44:55.896966 2024] [core:crit] [pid 326652:tid 326652] (13)Permission denied: [client 78.153.140.179:44416] AH00529: /home/beautystudiomix/public_html/.htaccess pcfg_openfile: unable to check htaccess file, ensure it is readable and that '/home/beautystudiomix/public_html/' is executable
[Wed Oct 02 22:44:56.081153 2024] [core:crit] [pid 331743:tid 331743] (13)Permission denied: [client 78.153.140.179:45492] AH00529: /home/beautystudiomix/public_html/.htaccess pcfg_openfile: unable to check htaccess file, ensure it is readable and that '/home/beautystudiomix/public_html/' is executable
[Wed Oct 02 22:44:56.346105 2024] [core:crit] [pid 359042:tid 359042] (13)Permission denied: [client 78.153.140.179:47044] AH00529: /home/beautystudiomix/public_html/.htaccess pcfg_openfile: unable to check htaccess file, ensure it is readable and that '/home/beautystudiomix/public_html/' is executable
[Wed Oct 02 22:44:56.676850 2024] [core:crit] [pid 362628:tid 362628] (13)Permission denied: [client 78.153.140.179:48302] AH00529: /home/beautystudiomix/public_html/.htaccess pcfg_openfile: unable to check htaccess file, ensure it is readable and that '/home/beautystudiomix/public_html/' is executable
[Wed Oct 02 22:44:57.105858 2024] [core:crit] [pid 359043:tid 359043] (13)Permission denied: [client 78.153.140.179:49540] AH00529: /home/beautystudiomix/public_html/.htaccess pcfg_openfile: unable to check htaccess file, ensure it is readable and that '/home/beautystudiomix/public_html/' is executable
[Wed Oct 02 22:44:57.293981 2024] [core:crit] [pid 331733:tid 331733] (13)Permission denied: [client 78.153.140.179:50460] AH00529: /home/beautystudiomix/public_html/.htaccess pcfg_openfile: unable to check htaccess file, ensure it is readable and that '/home/beautystudiomix/public_html/' is executable
[Wed Oct 02 22:44:57.553616 2024] [core:crit] [pid 326652:tid 326652] (13)Permission denied: [client 78.153.140.179:51586] AH00529: /home/beautystudiomix/public_html/.htaccess pcfg_openfile: unable to check htaccess file, ensure it is readable and that '/home/beautystudiomix/public_html/' is executable
[Wed Oct 02 22:44:57.732028 2024] [core:crit] [pid 322806:tid 322806] (13)Permission denied: [client 78.153.140.179:52412] AH00529: /home/beautystudiomix/public_html/.htaccess pcfg_openfile: unable to check htaccess file, ensure it is readable and that '/home/beautystudiomix/public_html/' is executable
[Wed Oct 02 22:44:57.975817 2024] [core:crit] [pid 359042:tid 359042] (13)Permission denied: [client 78.153.140.179:53368] AH00529: /home/beautystudiomix/public_html/.htaccess pcfg_openfile: unable to check htaccess file, ensure it is readable and that '/home/beautystudiomix/public_html/' is executable
[Wed Oct 02 22:44:58.110147 2024] [core:crit] [pid 354132:tid 354132] (13)Permission denied: [client 78.153.140.179:54140] AH00529: /home/beautystudiomix/public_html/.htaccess pcfg_openfile: unable to check htaccess file, ensure it is readable and that '/home/beautystudiomix/public_html/' is executable
[Wed Oct 02 22:44:58.321603 2024] [core:crit] [pid 359043:tid 359043] (13)Permission denied: [client 78.153.140.179:55538] AH00529: /home/beautystudiomix/public_html/.htaccess pcfg_openfile: unable to check htaccess file, ensure it is readable and that '/home/beautystudiomix/public_html/' is executable
[Wed Oct 02 22:44:58.468267 2024] [core:crit] [pid 337900:tid 337900] (13)Permission denied: [client 78.153.140.179:56652] AH00529: /home/beautystudiomix/public_html/.htaccess pcfg_openfile: unable to check htaccess file, ensure it is readable and that '/home/beautystudiomix/public_html/' is executable
[Wed Oct 02 22:44:58.560307 2024] [authz_core:error] [pid 331733:tid 331733] [client 78.153.140.179:56282] AH01630: client denied by server configuration: /home/beautystudiomix/public_html/system/.env
[Wed Oct 02 22:44:58.752159 2024] [core:crit] [pid 326652:tid 326652] (13)Permission denied: [client 78.153.140.179:57148] AH00529: /home/beautystudiomix/public_html/.htaccess pcfg_openfile: unable to check htaccess file, ensure it is readable and that '/home/beautystudiomix/public_html/' is executable
[Wed Oct 02 22:44:58.925604 2024] [core:crit] [pid 331743:tid 331743] (13)Permission denied: [client 78.153.140.179:57604] AH00529: /home/beautystudiomix/public_html/.htaccess pcfg_openfile: unable to check htaccess file, ensure it is readable and that '/home/beautystudiomix/public_html/' is executable
[Wed Oct 02 22:59:04.276265 2024] [proxy_fcgi:error] [pid 331743:tid 331743] [client 145.239.10.137:41607] AH01071: Got error 'Primary script unknown', referer: http://zonatabg.net/wp-css.php
[Wed Oct 02 22:59:04.276708 2024] [proxy_fcgi:error] [pid 350855:tid 350855] [client 145.239.10.137:35996] AH01071: Got error 'Primary script unknown', referer: http://zonatabg.net/_css.php
[Wed Oct 02 22:59:04.277368 2024] [proxy_fcgi:error] [pid 362628:tid 362628] [client 145.239.10.137:41426] AH01071: Got error 'Primary script unknown', referer: http://zonatabg.net/css.php
[Wed Oct 02 23:00:19.315844 2024] [ssl:error] [pid 350855:tid 350855] [client 199.45.155.83:60468] AH02032: Hostname cpanel.xbtit.derhostingbg.com provided via SNI and hostname 92.247.223.173 provided via HTTP have no compatible SSL setup
[Wed Oct 02 23:10:05.199497 2024] [proxy_fcgi:error] [pid 331743:tid 331743] [client 185.73.124.29:5546] AH01071: Got error 'Primary script unknown'
[Wed Oct 02 23:20:15.291827 2024] [proxy_fcgi:error] [pid 326652:tid 326652] [client 5.255.231.59:45522] AH01071: Got error 'Primary script unknown'
[Wed Oct 02 23:24:05.825085 2024] [core:crit] [pid 326652:tid 326652] (13)Permission denied: [client 78.153.140.224:36884] AH00529: /home/beautystudiomix/public_html/.htaccess pcfg_openfile: unable to check htaccess file, ensure it is readable and that '/home/beautystudiomix/public_html/' is executable
[Wed Oct 02 23:24:06.187594 2024] [core:crit] [pid 362628:tid 362628] (13)Permission denied: [client 78.153.140.224:40980] AH00529: /home/beautystudiomix/public_html/.htaccess pcfg_openfile: unable to check htaccess file, ensure it is readable and that '/home/beautystudiomix/public_html/' is executable
[Wed Oct 02 23:24:06.516218 2024] [core:crit] [pid 337900:tid 337900] (13)Permission denied: [client 78.153.140.224:44788] AH00529: /home/beautystudiomix/public_html/.htaccess pcfg_openfile: unable to check htaccess file, ensure it is readable and that '/home/beautystudiomix/public_html/' is executable
[Wed Oct 02 23:24:06.704427 2024] [core:crit] [pid 350855:tid 350855] (13)Permission denied: [client 78.153.140.224:46610] AH00529: /home/beautystudiomix/public_html/.htaccess pcfg_openfile: unable to check htaccess file, ensure it is readable and that '/home/beautystudiomix/public_html/' is executable
[Wed Oct 02 23:24:06.879407 2024] [core:crit] [pid 354132:tid 354132] (13)Permission denied: [client 78.153.140.224:48518] AH00529: /home/beautystudiomix/public_html/.htaccess pcfg_openfile: unable to check htaccess file, ensure it is readable and that '/home/beautystudiomix/public_html/' is executable
[Wed Oct 02 23:24:07.019462 2024] [core:crit] [pid 331743:tid 331743] (13)Permission denied: [client 78.153.140.224:49888] AH00529: /home/beautystudiomix/public_html/.htaccess pcfg_openfile: unable to check htaccess file, ensure it is readable and that '/home/beautystudiomix/public_html/' is executable
[Wed Oct 02 23:24:07.144106 2024] [core:crit] [pid 331733:tid 331733] (13)Permission denied: [client 78.153.140.224:51300] AH00529: /home/beautystudiomix/public_html/.htaccess pcfg_openfile: unable to check htaccess file, ensure it is readable and that '/home/beautystudiomix/public_html/' is executable
[Wed Oct 02 23:24:07.346526 2024] [core:crit] [pid 322806:tid 322806] (13)Permission denied: [client 78.153.140.224:53628] AH00529: /home/beautystudiomix/public_html/.htaccess pcfg_openfile: unable to check htaccess file, ensure it is readable and that '/home/beautystudiomix/public_html/' is executable
[Wed Oct 02 23:24:09.114094 2024] [core:crit] [pid 326652:tid 326652] (13)Permission denied: [client 78.153.140.224:43304] AH00529: /home/beautystudiomix/public_html/.htaccess pcfg_openfile: unable to check htaccess file, ensure it is readable and that '/home/beautystudiomix/public_html/' is executable
[Wed Oct 02 23:24:09.528270 2024] [core:crit] [pid 362628:tid 362628] (13)Permission denied: [client 78.153.140.224:48678] AH00529: /home/beautystudiomix/public_html/.htaccess pcfg_openfile: unable to check htaccess file, ensure it is readable and that '/home/beautystudiomix/public_html/' is executable
[Wed Oct 02 23:24:09.710863 2024] [core:crit] [pid 337900:tid 337900] (13)Permission denied: [client 78.153.140.224:51096] AH00529: /home/beautystudiomix/public_html/.htaccess pcfg_openfile: unable to check htaccess file, ensure it is readable and that '/home/beautystudiomix/public_html/' is executable
[Wed Oct 02 23:24:09.873835 2024] [core:crit] [pid 350855:tid 350855] (13)Permission denied: [client 78.153.140.224:52522] AH00529: /home/beautystudiomix/public_html/.htaccess pcfg_openfile: unable to check htaccess file, ensure it is readable and that '/home/beautystudiomix/public_html/' is executable
[Wed Oct 02 23:24:10.064050 2024] [core:crit] [pid 354132:tid 354132] (13)Permission denied: [client 78.153.140.224:54662] AH00529: /home/beautystudiomix/public_html/.htaccess pcfg_openfile: unable to check htaccess file, ensure it is readable and that '/home/beautystudiomix/public_html/' is executable
[Wed Oct 02 23:24:10.189740 2024] [core:crit] [pid 331743:tid 331743] (13)Permission denied: [client 78.153.140.224:57118] AH00529: /home/beautystudiomix/public_html/.htaccess pcfg_openfile: unable to check htaccess file, ensure it is readable and that '/home/beautystudiomix/public_html/' is executable
[Wed Oct 02 23:24:11.318466 2024] [core:crit] [pid 331733:tid 331733] (13)Permission denied: [client 78.153.140.224:40372] AH00529: /home/beautystudiomix/public_html/.htaccess pcfg_openfile: unable to check htaccess file, ensure it is readable and that '/home/beautystudiomix/public_html/' is executable
[Wed Oct 02 23:24:11.754202 2024] [core:crit] [pid 359042:tid 359042] (13)Permission denied: [client 78.153.140.224:45140] AH00529: /home/beautystudiomix/public_html/.htaccess pcfg_openfile: unable to check htaccess file, ensure it is readable and that '/home/beautystudiomix/public_html/' is executable
[Wed Oct 02 23:24:12.374612 2024] [core:crit] [pid 326652:tid 326652] (13)Permission denied: [client 78.153.140.224:51028] AH00529: /home/beautystudiomix/public_html/.htaccess pcfg_openfile: unable to check htaccess file, ensure it is readable and that '/home/beautystudiomix/public_html/' is executable
[Wed Oct 02 23:24:12.731087 2024] [core:crit] [pid 362628:tid 362628] (13)Permission denied: [client 78.153.140.224:53390] AH00529: /home/beautystudiomix/public_html/.htaccess pcfg_openfile: unable to check htaccess file, ensure it is readable and that '/home/beautystudiomix/public_html/' is executable
[Wed Oct 02 23:24:13.145544 2024] [core:crit] [pid 350855:tid 350855] (13)Permission denied: [client 78.153.140.224:56496] AH00529: /home/beautystudiomix/public_html/.htaccess pcfg_openfile: unable to check htaccess file, ensure it is readable and that '/home/beautystudiomix/public_html/' is executable
[Wed Oct 02 23:24:13.441309 2024] [core:crit] [pid 354132:tid 354132] (13)Permission denied: [client 78.153.140.224:59046] AH00529: /home/beautystudiomix/public_html/.htaccess pcfg_openfile: unable to check htaccess file, ensure it is readable and that '/home/beautystudiomix/public_html/' is executable
[Wed Oct 02 23:24:13.638100 2024] [core:crit] [pid 359043:tid 359043] (13)Permission denied: [client 78.153.140.224:33116] AH00529: /home/beautystudiomix/public_html/.htaccess pcfg_openfile: unable to check htaccess file, ensure it is readable and that '/home/beautystudiomix/public_html/' is executable
[Wed Oct 02 23:24:14.006808 2024] [core:crit] [pid 331743:tid 331743] (13)Permission denied: [client 78.153.140.224:37420] AH00529: /home/beautystudiomix/public_html/.htaccess pcfg_openfile: unable to check htaccess file, ensure it is readable and that '/home/beautystudiomix/public_html/' is executable
[Wed Oct 02 23:24:14.579787 2024] [core:crit] [pid 359042:tid 359042] (13)Permission denied: [client 78.153.140.224:42938] AH00529: /home/beautystudiomix/public_html/.htaccess pcfg_openfile: unable to check htaccess file, ensure it is readable and that '/home/beautystudiomix/public_html/' is executable
[Wed Oct 02 23:24:15.534780 2024] [core:crit] [pid 326652:tid 326652] (13)Permission denied: [client 78.153.140.224:52642] AH00529: /home/beautystudiomix/public_html/.htaccess pcfg_openfile: unable to check htaccess file, ensure it is readable and that '/home/beautystudiomix/public_html/' is executable
[Wed Oct 02 23:24:15.750862 2024] [core:crit] [pid 362628:tid 362628] (13)Permission denied: [client 78.153.140.224:54890] AH00529: /home/beautystudiomix/public_html/.htaccess pcfg_openfile: unable to check htaccess file, ensure it is readable and that '/home/beautystudiomix/public_html/' is executable
[Wed Oct 02 23:24:15.958697 2024] [core:crit] [pid 350855:tid 350855] (13)Permission denied: [client 78.153.140.224:57008] AH00529: /home/beautystudiomix/public_html/.htaccess pcfg_openfile: unable to check htaccess file, ensure it is readable and that '/home/beautystudiomix/public_html/' is executable
[Wed Oct 02 23:24:16.158043 2024] [core:crit] [pid 354132:tid 354132] (13)Permission denied: [client 78.153.140.224:59240] AH00529: /home/beautystudiomix/public_html/.htaccess pcfg_openfile: unable to check htaccess file, ensure it is readable and that '/home/beautystudiomix/public_html/' is executable
[Wed Oct 02 23:24:16.500819 2024] [core:crit] [pid 337900:tid 337900] (13)Permission denied: [client 78.153.140.224:34362] AH00529: /home/beautystudiomix/public_html/.htaccess pcfg_openfile: unable to check htaccess file, ensure it is readable and that '/home/beautystudiomix/public_html/' is executable
[Wed Oct 02 23:24:16.630385 2024] [proxy_fcgi:error] [pid 322806:tid 322806] [client 78.153.140.224:53884] AH01071: Got error 'Primary script unknown'
[Wed Oct 02 23:24:17.571242 2024] [core:crit] [pid 359043:tid 359043] (13)Permission denied: [client 78.153.140.224:45258] AH00529: /home/beautystudiomix/public_html/.htaccess pcfg_openfile: unable to check htaccess file, ensure it is readable and that '/home/beautystudiomix/public_html/' is executable
[Wed Oct 02 23:24:17.929252 2024] [core:crit] [pid 359042:tid 359042] (13)Permission denied: [client 78.153.140.224:48124] AH00529: /home/beautystudiomix/public_html/.htaccess pcfg_openfile: unable to check htaccess file, ensure it is readable and that '/home/beautystudiomix/public_html/' is executable
[Wed Oct 02 23:24:18.321668 2024] [core:crit] [pid 331733:tid 331733] (13)Permission denied: [client 78.153.140.224:52058] AH00529: /home/beautystudiomix/public_html/.htaccess pcfg_openfile: unable to check htaccess file, ensure it is readable and that '/home/beautystudiomix/public_html/' is executable
[Wed Oct 02 23:24:18.648563 2024] [core:crit] [pid 326652:tid 326652] (13)Permission denied: [client 78.153.140.224:54596] AH00529: /home/beautystudiomix/public_html/.htaccess pcfg_openfile: unable to check htaccess file, ensure it is readable and that '/home/beautystudiomix/public_html/' is executable
[Wed Oct 02 23:24:26.008466 2024] [proxy_fcgi:error] [pid 326652:tid 326652] [client 78.153.140.224:57508] AH01071: Got error 'Primary script unknown'
[Wed Oct 02 23:24:38.102080 2024] [proxy_fcgi:error] [pid 331743:tid 331743] [client 78.153.140.224:45006] AH01071: Got error 'Primary script unknown'
[Wed Oct 02 23:24:45.046777 2024] [proxy_fcgi:error] [pid 362628:tid 362628] [client 78.153.140.224:60838] AH01071: Got error 'Primary script unknown'
[Wed Oct 02 23:24:46.183020 2024] [proxy_fcgi:error] [pid 337900:tid 337900] [client 78.153.140.224:43252] AH01071: Got error 'Primary script unknown'
[Wed Oct 02 23:24:49.608097 2024] [proxy_fcgi:error] [pid 322806:tid 322806] [client 78.153.140.224:55540] AH01071: Got error 'Primary script unknown'
[Wed Oct 02 23:24:50.973900 2024] [proxy_fcgi:error] [pid 354132:tid 354132] [client 78.153.140.224:43472] AH01071: Got error 'Primary script unknown'
[Wed Oct 02 23:32:10.481975 2024] [proxy_fcgi:error] [pid 359042:tid 359042] [client 185.73.124.29:50876] AH01071: Got error 'Primary script unknown'
[Wed Oct 02 23:39:31.190997 2024] [proxy_fcgi:error] [pid 362628:tid 362628] [client 216.244.66.227:46658] AH01071: Got error 'Primary script unknown'
[Wed Oct 02 23:40:11.917543 2024] [proxy_fcgi:error] [pid 359043:tid 359043] [client 54.36.148.192:36035] AH01071: Got error 'Primary script unknown'
[Wed Oct 02 23:47:18.964826 2024] [proxy_fcgi:error] [pid 337900:tid 337900] [client 185.73.124.29:62217] AH01071: Got error 'Primary script unknown'
[Thu Oct 03 00:02:52.260490 2024] [proxy_fcgi:error] [pid 359043:tid 359043] [client 66.249.69.71:42872] AH01071: Got error 'Primary script unknown'
[Thu Oct 03 00:03:19.486878 2024] [proxy_fcgi:error] [pid 322806:tid 322806] [client 165.227.231.168:44678] AH01071: Got error 'Primary script unknown'
[Thu Oct 03 00:03:20.418157 2024] [core:crit] [pid 331743:tid 331743] (13)Permission denied: [client 165.227.231.168:54818] AH00529: /home/beautystudiomix/public_html/.htaccess pcfg_openfile: unable to check htaccess file, ensure it is readable and that '/home/beautystudiomix/public_html/' is executable
[Thu Oct 03 00:03:20.806383 2024] [core:crit] [pid 326652:tid 326652] (13)Permission denied: [client 165.227.231.168:54826] AH00529: /home/beautystudiomix/public_html/.htaccess pcfg_openfile: unable to check htaccess file, ensure it is readable and that '/home/beautystudiomix/public_html/' is executable
[Thu Oct 03 00:03:21.070630 2024] [core:crit] [pid 362628:tid 362628] (13)Permission denied: [client 165.227.231.168:54838] AH00529: /home/beautystudiomix/public_html/.htaccess pcfg_openfile: unable to check htaccess file, ensure it is readable and that '/home/beautystudiomix/public_html/' is executable
[Thu Oct 03 00:04:34.633464 2024] [proxy_fcgi:error] [pid 326652:tid 326652] [client 66.249.69.70:55401] AH01071: Got error 'Primary script unknown'
[Thu Oct 03 00:04:48.919552 2024] [proxy_fcgi:error] [pid 367471:tid 367471] [client 54.36.149.7:43183] AH01071: Got error 'Primary script unknown'
[Thu Oct 03 00:17:45.366763 2024] [proxy_fcgi:error] [pid 331743:tid 331743] [client 54.36.148.144:21517] AH01071: Got error 'Primary script unknown'
[Thu Oct 03 00:30:42.648848 2024] [proxy_fcgi:error] [pid 359043:tid 359043] [client 54.36.148.64:36693] AH01071: Got error 'Primary script unknown'
[Thu Oct 03 00:43:51.175440 2024] [proxy_fcgi:error] [pid 322806:tid 322806] [client 54.36.149.85:27681] AH01071: Got error 'Primary script unknown'
[Thu Oct 03 00:51:06.417607 2024] [proxy_fcgi:error] [pid 326652:tid 326652] [client 54.36.148.74:45463] AH01071: Got error 'Primary script unknown'
[Thu Oct 03 00:58:41.050762 2024] [proxy_fcgi:error] [pid 359043:tid 359043] [client 54.36.149.28:49689] AH01071: Got error 'Primary script unknown'
[Thu Oct 03 01:05:07.495303 2024] [proxy_fcgi:error] [pid 326652:tid 326652] [client 49.12.14.170:28884] AH01071: Got error 'Primary script unknown'
[Thu Oct 03 01:05:32.445182 2024] [authz_core:error] [pid 322806:tid 322806] [client 49.12.14.170:3806] AH01630: client denied by server configuration: /home/beautystudiomix/public_html/application/.env
[Thu Oct 03 01:06:04.968449 2024] [proxy_fcgi:error] [pid 322806:tid 322806] [client 49.12.14.170:50076] AH01071: Got error 'Primary script unknown'
[Thu Oct 03 01:06:15.900801 2024] [proxy_fcgi:error] [pid 354132:tid 354132] [client 54.36.148.203:59453] AH01071: Got error 'Primary script unknown'
[Thu Oct 03 01:08:23.685043 2024] [authz_core:error] [pid 354132:tid 354132] [client 49.12.14.170:49976] AH01630: client denied by server configuration: /home/beautystudiomix/public_html/system/.env
[Thu Oct 03 01:11:02.876415 2024] [cgi:error] [pid 326652:tid 326652] [client 49.12.14.170:49502] AH02811: stderr from /usr/local/cpanel/3rdparty/mailman/cgi-bin/.env: script not found or unable to stat
[Thu Oct 03 01:11:02.876524 2024] [core:crit] [pid 326652:tid 326652] (13)Permission denied: [client 49.12.14.170:49502] AH00529: /home/beautystudiomix/public_html/.htaccess pcfg_openfile: unable to check htaccess file, ensure it is readable and that '/home/beautystudiomix/public_html/' is executable
[Thu Oct 03 01:13:48.610946 2024] [proxy_fcgi:error] [pid 354132:tid 354132] [client 54.36.148.44:50631] AH01071: Got error 'Primary script unknown'
[Thu Oct 03 01:16:17.040519 2024] [mpm_prefork:notice] [pid 27948:tid 27948] AH00171: Graceful restart requested, doing restart
[Thu Oct 03 01:16:17.157051 2024] [:notice] [pid 27948:tid 27948] mod_ruid2/0.9.8 enabled
[Thu Oct 03 01:16:17.157386 2024] [mpm_prefork:notice] [pid 27948:tid 27948] AH00163: Apache/2.4.62 (cPanel) OpenSSL/3.0.2 mod_bwlimited/1.4 configured -- resuming normal operations
[Thu Oct 03 01:16:17.157411 2024] [core:notice] [pid 27948:tid 27948] AH00094: Command line: '/usr/sbin/httpd'
[Thu Oct 03 01:30:01.639215 2024] [proxy_fcgi:error] [pid 375066:tid 375066] [client 54.36.148.36:19539] AH01071: Got error 'Primary script unknown'
[Thu Oct 03 01:37:05.011463 2024] [proxy_fcgi:error] [pid 375065:tid 375065] [client 54.36.148.82:19127] AH01071: Got error 'Primary script unknown'
[Thu Oct 03 01:51:08.604572 2024] [proxy_fcgi:error] [pid 375066:tid 375066] [client 54.36.148.176:41939] AH01071: Got error 'Primary script unknown'
[Thu Oct 03 01:55:59.707238 2024] [proxy:error] [pid 377094:tid 377094] (111)Connection refused: AH00957: http: attempt to connect to 127.0.0.1:2095 (127.0.0.1:2095) failed
[Thu Oct 03 01:55:59.707301 2024] [proxy_http:error] [pid 377094:tid 377094] [client 87.236.176.236:53701] AH01114: HTTP: failed to make connection to backend: 127.0.0.1
[Thu Oct 03 01:55:59.707494 2024] [proxy:error] [pid 377094:tid 377094] (111)Connection refused: AH00957: http: attempt to connect to 127.0.0.1:2095 (127.0.0.1:2095) failed
[Thu Oct 03 01:55:59.707519 2024] [proxy_http:error] [pid 377094:tid 377094] [client 87.236.176.236:53701] AH01114: HTTP: failed to make connection to backend: 127.0.0.1
[Thu Oct 03 01:56:32.755269 2024] [core:error] [pid 377010:tid 377010] [client 47.121.131.145:42240] AH10244: invalid URI path (/cgi-bin/.%2e/.%2e/.%2e/.%2e/.%2e/.%2e/.%2e/.%2e/.%2e/.%2e/bin/sh)
[Thu Oct 03 01:57:33.903092 2024] [proxy_fcgi:error] [pid 375066:tid 375066] [client 54.36.149.33:45503] AH01071: Got error 'Primary script unknown'
[Thu Oct 03 02:04:29.826847 2024] [proxy_fcgi:error] [pid 375066:tid 375066] [client 54.36.148.90:45497] AH01071: Got error 'Primary script unknown'
[Thu Oct 03 02:10:54.861313 2024] [proxy_fcgi:error] [pid 377093:tid 377093] [client 54.36.148.234:59665] AH01071: Got error 'Primary script unknown'
[Thu Oct 03 02:15:15.827630 2024] [proxy_fcgi:error] [pid 377010:tid 377010] [client 185.73.124.29:32612] AH01071: Got error 'Primary script unknown'
[Thu Oct 03 02:17:31.705107 2024] [proxy_fcgi:error] [pid 377009:tid 377009] [client 54.36.149.59:57081] AH01071: Got error 'Primary script unknown'
[Thu Oct 03 02:23:58.817954 2024] [proxy_fcgi:error] [pid 377094:tid 377094] [client 216.244.66.227:35508] AH01071: Got error 'Primary script unknown'
[Thu Oct 03 02:24:08.454222 2024] [proxy_fcgi:error] [pid 375067:tid 375067] [client 54.36.148.93:32445] AH01071: Got error 'Primary script unknown'
[Thu Oct 03 02:31:31.735190 2024] [proxy_fcgi:error] [pid 375067:tid 375067] [client 54.36.149.60:23979] AH01071: Got error 'Primary script unknown'
[Thu Oct 03 02:33:21.733082 2024] [proxy_fcgi:error] [pid 377363:tid 377363] [client 93.100.155.173:26048] AH01071: Got error 'Primary script unknown', referer: https://derhostingbg.com/contact.php
[Thu Oct 03 02:33:22.715479 2024] [proxy_fcgi:error] [pid 377094:tid 377094] [client 93.100.155.173:26073] AH01071: Got error 'Primary script unknown', referer: https://beautystudiomix.com/contact.php
[Thu Oct 03 02:38:15.005474 2024] [proxy_fcgi:error] [pid 377352:tid 377352] [client 54.36.148.211:27881] AH01071: Got error 'Primary script unknown'
[Thu Oct 03 02:53:49.329074 2024] [proxy_fcgi:error] [pid 377009:tid 377009] [client 54.36.149.96:43843] AH01071: Got error 'Primary script unknown'
[Thu Oct 03 02:55:07.559593 2024] [proxy_fcgi:error] [pid 375066:tid 375066] [client 54.36.149.41:18635] AH01071: Got error 'Primary script unknown'
[Thu Oct 03 02:56:15.550732 2024] [proxy_fcgi:error] [pid 377010:tid 377010] [client 54.36.148.8:60913] AH01071: Got error 'Primary script unknown'
[Thu Oct 03 02:57:39.593824 2024] [proxy_fcgi:error] [pid 379826:tid 379826] [client 54.36.148.209:38811] AH01071: Got error 'Primary script unknown'
