[Mon Sep 30 18:21:55.470209 2024] [proxy_fcgi:error] [pid 128540:tid 128540] [client 185.191.171.18:31896] AH01071: Got error 'Primary script unknown'
[Mon Sep 30 18:22:18.962496 2024] [proxy_fcgi:error] [pid 136455:tid 136455] [client 194.26.192.193:63605] AH01071: Got error 'Primary script unknown', referer: www.google.com
[Mon Sep 30 18:22:56.486942 2024] [proxy_fcgi:error] [pid 128532:tid 128532] [client 185.191.171.10:24934] AH01071: Got error 'Primary script unknown'
[Mon Sep 30 18:28:41.040446 2024] [proxy_fcgi:error] [pid 144234:tid 144234] [client 85.208.96.206:27280] AH01071: Got error 'Primary script unknown'
[Mon Sep 30 18:35:02.634363 2024] [proxy_fcgi:error] [pid 124460:tid 124460] [client 178.150.14.250:46548] AH01071: Got error 'Primary script unknown'
[Mon Sep 30 18:35:04.142647 2024] [proxy_fcgi:error] [pid 124460:tid 124460] [client 178.150.14.250:46548] AH01071: Got error 'Primary script unknown'
[Mon Sep 30 18:35:05.656141 2024] [proxy_fcgi:error] [pid 124460:tid 124460] [client 178.150.14.250:46548] AH01071: Got error 'Primary script unknown'
[Mon Sep 30 18:35:07.170350 2024] [proxy_fcgi:error] [pid 124460:tid 124460] [client 178.150.14.250:46548] AH01071: Got error 'Primary script unknown'
[Mon Sep 30 18:35:08.536989 2024] [proxy_fcgi:error] [pid 124460:tid 124460] [client 178.150.14.250:46548] AH01071: Got error 'Primary script unknown'
[Mon Sep 30 18:35:10.053218 2024] [proxy_fcgi:error] [pid 124460:tid 124460] [client 178.150.14.250:46548] AH01071: Got error 'Primary script unknown'
[Mon Sep 30 18:35:11.577216 2024] [proxy_fcgi:error] [pid 124460:tid 124460] [client 178.150.14.250:46548] AH01071: Got error 'Primary script unknown'
[Mon Sep 30 18:35:13.104510 2024] [proxy_fcgi:error] [pid 124460:tid 124460] [client 178.150.14.250:46548] AH01071: Got error 'Primary script unknown'
[Mon Sep 30 18:35:14.621712 2024] [proxy_fcgi:error] [pid 124460:tid 124460] [client 178.150.14.250:46548] AH01071: Got error 'Primary script unknown'
[Mon Sep 30 18:35:15.637436 2024] [ssl:error] [pid 144261:tid 144261] [client 167.94.146.56:51338] AH02032: Hostname www.derhosting.bg provided via SNI and hostname 92.247.223.173 provided via HTTP have no compatible SSL setup
[Mon Sep 30 18:35:16.138806 2024] [proxy_fcgi:error] [pid 124460:tid 124460] [client 178.150.14.250:46548] AH01071: Got error 'Primary script unknown'
[Mon Sep 30 18:35:17.655601 2024] [proxy_fcgi:error] [pid 124460:tid 124460] [client 178.150.14.250:46548] AH01071: Got error 'Primary script unknown'
[Mon Sep 30 18:35:19.180828 2024] [proxy_fcgi:error] [pid 124460:tid 124460] [client 178.150.14.250:46548] AH01071: Got error 'Primary script unknown'
[Mon Sep 30 18:35:20.541823 2024] [proxy_fcgi:error] [pid 124460:tid 124460] [client 178.150.14.250:46548] AH01071: Got error 'Primary script unknown'
[Mon Sep 30 18:35:22.067324 2024] [proxy_fcgi:error] [pid 124460:tid 124460] [client 178.150.14.250:46548] AH01071: Got error 'Primary script unknown'
[Mon Sep 30 18:35:23.587869 2024] [proxy_fcgi:error] [pid 124460:tid 124460] [client 178.150.14.250:46548] AH01071: Got error 'Primary script unknown'
[Mon Sep 30 18:35:25.103902 2024] [proxy_fcgi:error] [pid 124460:tid 124460] [client 178.150.14.250:46548] AH01071: Got error 'Primary script unknown'
[Mon Sep 30 18:35:26.634680 2024] [proxy_fcgi:error] [pid 124460:tid 124460] [client 178.150.14.250:46548] AH01071: Got error 'Primary script unknown'
[Mon Sep 30 18:35:28.151659 2024] [proxy_fcgi:error] [pid 124460:tid 124460] [client 178.150.14.250:46548] AH01071: Got error 'Primary script unknown'
[Mon Sep 30 18:35:29.669573 2024] [proxy_fcgi:error] [pid 124460:tid 124460] [client 178.150.14.250:46548] AH01071: Got error 'Primary script unknown'
[Mon Sep 30 18:35:31.185544 2024] [proxy_fcgi:error] [pid 124460:tid 124460] [client 178.150.14.250:46548] AH01071: Got error 'Primary script unknown'
[Mon Sep 30 18:35:32.707063 2024] [proxy_fcgi:error] [pid 124460:tid 124460] [client 178.150.14.250:46548] AH01071: Got error 'Primary script unknown'
[Mon Sep 30 18:35:34.227035 2024] [proxy_fcgi:error] [pid 124460:tid 124460] [client 178.150.14.250:46548] AH01071: Got error 'Primary script unknown'
[Mon Sep 30 18:35:35.742122 2024] [proxy_fcgi:error] [pid 124460:tid 124460] [client 178.150.14.250:46548] AH01071: Got error 'Primary script unknown'
[Mon Sep 30 18:35:37.270389 2024] [proxy_fcgi:error] [pid 124460:tid 124460] [client 178.150.14.250:46548] AH01071: Got error 'Primary script unknown'
[Mon Sep 30 18:35:38.787045 2024] [proxy_fcgi:error] [pid 124460:tid 124460] [client 178.150.14.250:46548] AH01071: Got error 'Primary script unknown'
[Mon Sep 30 18:38:22.882799 2024] [proxy_fcgi:error] [pid 143432:tid 143432] [client 185.191.171.10:14602] AH01071: Got error 'Primary script unknown'
[Mon Sep 30 18:43:12.358764 2024] [proxy_fcgi:error] [pid 124460:tid 124460] [client 185.191.171.15:25622] AH01071: Got error 'Primary script unknown'
[Mon Sep 30 18:46:42.512618 2024] [proxy_fcgi:error] [pid 145702:tid 145702] [client 185.191.171.4:43488] AH01071: Got error 'Primary script unknown'
[Mon Sep 30 18:47:41.866980 2024] [proxy_fcgi:error] [pid 128540:tid 128540] [client 66.249.66.82:38767] AH01071: Got error 'Primary script unknown'
[Mon Sep 30 18:48:36.797753 2024] [proxy_fcgi:error] [pid 144263:tid 144263] [client 185.191.171.19:57660] AH01071: Got error 'Primary script unknown'
[Mon Sep 30 18:52:52.439683 2024] [proxy_fcgi:error] [pid 128532:tid 128532] [client 185.191.171.3:51838] AH01071: Got error 'Primary script unknown'
[Mon Sep 30 18:58:09.642957 2024] [core:error] [pid 128532:tid 128532] [client 20.171.206.210:41093] AH10244: invalid URI path (/js/%url%)
[Mon Sep 30 18:58:51.718778 2024] [proxy_fcgi:error] [pid 144263:tid 144263] [client 85.208.96.195:40820] AH01071: Got error 'Primary script unknown'
[Mon Sep 30 19:00:33.121076 2024] [proxy_fcgi:error] [pid 124460:tid 124460] [client 66.249.66.85:35956] AH01071: Got error 'Primary script unknown'
[Mon Sep 30 19:03:06.090264 2024] [proxy_fcgi:error] [pid 144207:tid 144207] [client 185.191.171.7:64994] AH01071: Got error 'Primary script unknown'
[Mon Sep 30 19:03:14.686987 2024] [proxy_fcgi:error] [pid 144263:tid 144263] [client 85.208.96.201:5852] AH01071: Got error 'Primary script unknown'
[Mon Sep 30 19:05:07.161424 2024] [proxy_fcgi:error] [pid 128540:tid 128540] [client 66.249.66.83:58708] AH01071: Got error 'Primary script unknown'
[Mon Sep 30 19:05:52.563221 2024] [proxy_fcgi:error] [pid 150871:tid 150871] [client 185.191.171.11:37158] AH01071: Got error 'Primary script unknown'
[Mon Sep 30 19:09:09.699915 2024] [proxy_fcgi:error] [pid 145702:tid 145702] [client 185.191.171.10:10090] AH01071: Got error 'Primary script unknown'
[Mon Sep 30 19:12:52.515693 2024] [proxy_fcgi:error] [pid 128540:tid 128540] [client 85.208.96.200:19234] AH01071: Got error 'Primary script unknown'
[Mon Sep 30 19:14:16.815016 2024] [proxy_fcgi:error] [pid 144263:tid 144263] [client 207.46.13.36:28404] AH01071: Got error 'Primary script unknown'
[Mon Sep 30 19:19:30.876530 2024] [proxy_fcgi:error] [pid 128532:tid 128532] [client 85.208.96.212:64310] AH01071: Got error 'Primary script unknown'
[Mon Sep 30 19:20:45.469651 2024] [ssl:error] [pid 128532:tid 128532] [client 199.45.154.140:46936] AH02032: Hostname webdisk.derhostingbg.com provided via SNI and hostname 92.247.223.173 provided via HTTP have no compatible SSL setup
[Mon Sep 30 19:27:58.384338 2024] [proxy_fcgi:error] [pid 144207:tid 144207] [client 85.208.96.197:57372] AH01071: Got error 'Primary script unknown'
[Mon Sep 30 19:35:08.994876 2024] [proxy_fcgi:error] [pid 128532:tid 128532] [client 66.249.66.85:58521] AH01071: Got error 'Primary script unknown'
[Mon Sep 30 19:38:29.373141 2024] [proxy_fcgi:error] [pid 128532:tid 128532] [client 85.208.96.199:50592] AH01071: Got error 'Primary script unknown'
[Mon Sep 30 19:39:07.254808 2024] [proxy_fcgi:error] [pid 144234:tid 144234] [client 66.249.66.81:52104] AH01071: Got error 'Primary script unknown'
[Mon Sep 30 19:43:48.846870 2024] [proxy_fcgi:error] [pid 128540:tid 128540] [client 85.208.96.208:33448] AH01071: Got error 'Primary script unknown'
[Mon Sep 30 19:44:40.838330 2024] [proxy_fcgi:error] [pid 144263:tid 144263] [client 85.208.96.198:39730] AH01071: Got error 'Primary script unknown'
[Mon Sep 30 19:45:07.225164 2024] [proxy_fcgi:error] [pid 144234:tid 144234] [client 185.191.171.10:10862] AH01071: Got error 'Primary script unknown'
[Mon Sep 30 19:48:32.404736 2024] [proxy_fcgi:error] [pid 144207:tid 144207] [client 185.191.171.2:19482] AH01071: Got error 'Primary script unknown'
[Mon Sep 30 19:51:58.694680 2024] [proxy_fcgi:error] [pid 144263:tid 144263] [client 66.249.66.83:59083] AH01071: Got error 'Primary script unknown'
[Mon Sep 30 19:56:35.986122 2024] [proxy_fcgi:error] [pid 128532:tid 128532] [client 185.191.171.19:19192] AH01071: Got error 'Primary script unknown'
[Mon Sep 30 20:01:17.377299 2024] [proxy_fcgi:error] [pid 150871:tid 150871] [client 185.191.171.14:3442] AH01071: Got error 'Primary script unknown'
[Mon Sep 30 20:02:25.378820 2024] [proxy_fcgi:error] [pid 124460:tid 124460] [client 85.208.96.212:52374] AH01071: Got error 'Primary script unknown'
[Mon Sep 30 20:03:03.818165 2024] [proxy_fcgi:error] [pid 144263:tid 144263] [client 185.191.171.3:46332] AH01071: Got error 'Primary script unknown'
[Mon Sep 30 20:03:54.189811 2024] [core:error] [pid 150871:tid 150871] [client 154.213.184.15:50704] AH10244: invalid URI path (/cgi-bin/.%%%%32%%65/.%%%%32%%65/.%%%%32%%65/.%%%%32%%65/.%%%%32%%65/bin/sh)
[Mon Sep 30 20:04:44.336269 2024] [core:crit] [pid 144207:tid 144207] (13)Permission denied: [client 167.94.138.61:51366] AH00529: /home/beautystudiomix/public_html/.htaccess pcfg_openfile: unable to check htaccess file, ensure it is readable and that '/home/beautystudiomix/public_html/' is executable
[Mon Sep 30 20:04:55.500290 2024] [core:crit] [pid 143432:tid 143432] (13)Permission denied: [client 167.94.138.61:35120] AH00529: /home/beautystudiomix/public_html/.htaccess pcfg_openfile: unable to check htaccess file, ensure it is readable and that '/home/beautystudiomix/public_html/' is executable
[Mon Sep 30 20:05:07.167470 2024] [proxy_fcgi:error] [pid 150871:tid 150871] [client 66.249.66.82:56606] AH01071: Got error 'Primary script unknown'
[Mon Sep 30 20:09:03.302281 2024] [proxy_fcgi:error] [pid 128540:tid 128540] [client 91.92.250.79:60136] AH01071: Got error 'Primary script unknown'
[Mon Sep 30 20:10:49.725451 2024] [proxy_fcgi:error] [pid 144263:tid 144263] [client 85.208.96.204:8426] AH01071: Got error 'Primary script unknown'
[Mon Sep 30 20:10:51.631975 2024] [proxy_fcgi:error] [pid 144234:tid 144234] [client 85.208.96.203:9784] AH01071: Got error 'Primary script unknown'
[Mon Sep 30 20:12:52.828579 2024] [proxy_fcgi:error] [pid 136455:tid 136455] [client 188.190.10.136:57826] AH01071: Got error 'Primary script unknown'
[Mon Sep 30 20:12:52.936939 2024] [proxy_fcgi:error] [pid 128540:tid 128540] [client 188.190.10.136:57908] AH01071: Got error 'Primary script unknown'
[Mon Sep 30 20:12:53.143494 2024] [proxy_fcgi:error] [pid 144207:tid 144207] [client 188.190.10.136:57934] AH01071: Got error 'Primary script unknown'
[Mon Sep 30 20:12:53.312185 2024] [proxy_fcgi:error] [pid 124460:tid 124460] [client 188.190.10.136:57970] AH01071: Got error 'Primary script unknown'
[Mon Sep 30 20:15:35.331913 2024] [proxy_fcgi:error] [pid 145702:tid 145702] [client 85.208.96.196:38122] AH01071: Got error 'Primary script unknown'
[Mon Sep 30 20:17:01.048626 2024] [proxy_fcgi:error] [pid 124460:tid 124460] [client 185.191.171.17:42764] AH01071: Got error 'Primary script unknown'
[Mon Sep 30 20:19:19.835286 2024] [proxy_fcgi:error] [pid 150871:tid 150871] [client 85.208.96.210:52296] AH01071: Got error 'Primary script unknown'
[Mon Sep 30 20:30:22.247331 2024] [proxy_fcgi:error] [pid 128532:tid 128532] [client 145.239.10.137:50491] AH01071: Got error 'Primary script unknown', referer: http://zonatabg.net/fm.php
[Mon Sep 30 20:30:22.280628 2024] [proxy_fcgi:error] [pid 144207:tid 144207] [client 145.239.10.137:36292] AH01071: Got error 'Primary script unknown', referer: http://zonatabg.net/w.php
[Mon Sep 30 20:30:22.281596 2024] [proxy_fcgi:error] [pid 144234:tid 144234] [client 145.239.10.137:37068] AH01071: Got error 'Primary script unknown', referer: http://zonatabg.net/m.php
[Mon Sep 30 20:32:39.311710 2024] [proxy_fcgi:error] [pid 144207:tid 144207] [client 185.191.171.11:3550] AH01071: Got error 'Primary script unknown'
[Mon Sep 30 20:34:42.244964 2024] [proxy_fcgi:error] [pid 128532:tid 128532] [client 85.208.96.193:6466] AH01071: Got error 'Primary script unknown'
[Mon Sep 30 20:35:02.666732 2024] [proxy_fcgi:error] [pid 150871:tid 150871] [client 185.191.171.19:4030] AH01071: Got error 'Primary script unknown'
[Mon Sep 30 20:38:08.450999 2024] [proxy_fcgi:error] [pid 136455:tid 136455] [client 85.208.96.202:3038] AH01071: Got error 'Primary script unknown'
[Mon Sep 30 20:39:01.611392 2024] [proxy_fcgi:error] [pid 144207:tid 144207] [client 85.208.96.210:39440] AH01071: Got error 'Primary script unknown'
[Mon Sep 30 20:39:57.995138 2024] [core:crit] [pid 144234:tid 144234] (13)Permission denied: [client 199.45.155.102:41932] AH00529: /home/beautystudiomix/public_html/.htaccess pcfg_openfile: unable to check htaccess file, ensure it is readable and that '/home/beautystudiomix/public_html/' is executable
[Mon Sep 30 20:40:16.342583 2024] [proxy_fcgi:error] [pid 150871:tid 150871] [client 54.36.149.54:20077] AH01071: Got error 'Primary script unknown'
[Mon Sep 30 20:40:20.028299 2024] [core:crit] [pid 128540:tid 128540] (13)Permission denied: [client 199.45.155.102:38864] AH00529: /home/beautystudiomix/public_html/.htaccess pcfg_openfile: unable to check htaccess file, ensure it is readable and that '/home/beautystudiomix/public_html/' is executable
[Mon Sep 30 20:41:28.889615 2024] [ssl:error] [pid 144207:tid 144207] [client 199.45.154.147:38256] AH02032: Hostname cpanel.test2.derhostingbg.com provided via SNI and hostname 92.247.223.173 provided via HTTP have no compatible SSL setup
[Mon Sep 30 20:47:58.200566 2024] [proxy_fcgi:error] [pid 144207:tid 144207] [client 185.191.171.17:60074] AH01071: Got error 'Primary script unknown'
[Mon Sep 30 20:51:16.783539 2024] [proxy_fcgi:error] [pid 136455:tid 136455] [client 185.191.171.15:65230] AH01071: Got error 'Primary script unknown'
[Mon Sep 30 20:51:30.209205 2024] [core:error] [pid 145702:tid 145702] [client 47.254.122.160:37264] AH10244: invalid URI path (/cgi-bin/.%2e/.%2e/.%2e/.%2e/.%2e/.%2e/.%2e/.%2e/.%2e/.%2e/bin/sh)
[Mon Sep 30 20:51:33.022475 2024] [core:error] [pid 124460:tid 124460] [client 47.254.122.160:37266] AH10244: invalid URI path (/cgi-bin/%%32%65%%32%65/%%32%65%%32%65/%%32%65%%32%65/%%32%65%%32%65/%%32%65%%32%65/%%32%65%%32%65/%%32%65%%32%65/bin/sh)
[Mon Sep 30 20:56:00.959105 2024] [proxy_fcgi:error] [pid 128540:tid 128540] [client 85.208.96.199:60766] AH01071: Got error 'Primary script unknown'
[Mon Sep 30 21:01:09.611653 2024] [proxy_fcgi:error] [pid 124460:tid 124460] [client 85.208.96.209:37836] AH01071: Got error 'Primary script unknown'
[Mon Sep 30 21:03:49.964967 2024] [proxy_fcgi:error] [pid 136455:tid 136455] [client 85.208.96.199:11058] AH01071: Got error 'Primary script unknown'
[Mon Sep 30 21:04:13.272847 2024] [proxy_fcgi:error] [pid 154614:tid 154614] [client 85.208.96.199:6056] AH01071: Got error 'Primary script unknown'
[Mon Sep 30 21:07:53.934651 2024] [proxy_fcgi:error] [pid 145702:tid 145702] [client 185.191.171.4:8404] AH01071: Got error 'Primary script unknown'
[Mon Sep 30 21:12:42.992194 2024] [proxy_fcgi:error] [pid 124460:tid 124460] [client 185.191.171.8:36056] AH01071: Got error 'Primary script unknown'
[Mon Sep 30 21:17:53.782253 2024] [proxy_fcgi:error] [pid 145702:tid 145702] [client 66.249.66.87:56605] AH01071: Got error 'Primary script unknown'
[Mon Sep 30 21:20:24.459212 2024] [proxy_fcgi:error] [pid 144263:tid 144263] [client 185.191.171.15:3736] AH01071: Got error 'Primary script unknown'
[Mon Sep 30 21:21:12.235615 2024] [core:crit] [pid 145702:tid 145702] (13)Permission denied: [client 199.45.155.98:38400] AH00529: /home/beautystudiomix/public_html/.htaccess pcfg_openfile: unable to check htaccess file, ensure it is readable and that '/home/beautystudiomix/public_html/' is executable
[Mon Sep 30 21:21:25.797223 2024] [core:crit] [pid 136455:tid 136455] (13)Permission denied: [client 199.45.155.98:47718] AH00529: /home/beautystudiomix/public_html/.htaccess pcfg_openfile: unable to check htaccess file, ensure it is readable and that '/home/beautystudiomix/public_html/' is executable
[Mon Sep 30 21:23:19.768182 2024] [proxy_fcgi:error] [pid 144207:tid 144207] [client 85.208.96.197:20812] AH01071: Got error 'Primary script unknown'
[Mon Sep 30 21:23:52.971359 2024] [proxy_fcgi:error] [pid 124460:tid 124460] [client 185.191.171.6:23452] AH01071: Got error 'Primary script unknown'
[Mon Sep 30 21:25:40.811422 2024] [proxy_fcgi:error] [pid 136455:tid 136455] [client 85.208.96.194:54966] AH01071: Got error 'Primary script unknown'
[Mon Sep 30 21:29:34.849433 2024] [proxy_fcgi:error] [pid 124460:tid 124460] [client 38.152.58.189:49101] AH01071: Got error 'Primary script unknown'
[Mon Sep 30 21:31:27.094003 2024] [proxy_fcgi:error] [pid 136455:tid 136455] [client 85.208.96.201:18702] AH01071: Got error 'Primary script unknown'
[Mon Sep 30 21:41:22.105961 2024] [proxy_fcgi:error] [pid 154614:tid 154614] [client 85.208.96.196:64962] AH01071: Got error 'Primary script unknown'
[Mon Sep 30 21:47:41.669433 2024] [proxy_fcgi:error] [pid 144207:tid 144207] [client 66.249.66.85:38503] AH01071: Got error 'Primary script unknown'
[Mon Sep 30 21:56:39.593085 2024] [proxy_fcgi:error] [pid 154614:tid 154614] [client 85.208.96.211:62800] AH01071: Got error 'Primary script unknown'
[Mon Sep 30 22:01:36.467784 2024] [proxy_fcgi:error] [pid 128532:tid 128532] [client 185.191.171.7:27962] AH01071: Got error 'Primary script unknown'
[Mon Sep 30 22:02:45.977347 2024] [proxy_fcgi:error] [pid 144263:tid 144263] [client 194.26.192.193:57700] AH01071: Got error 'Primary script unknown', referer: www.google.com
[Mon Sep 30 22:06:32.895112 2024] [proxy_fcgi:error] [pid 144234:tid 144234] [client 185.191.171.10:53934] AH01071: Got error 'Primary script unknown'
[Mon Sep 30 22:07:15.039505 2024] [proxy_fcgi:error] [pid 136455:tid 136455] [client 85.208.96.204:14894] AH01071: Got error 'Primary script unknown'
[Mon Sep 30 22:12:50.042561 2024] [proxy_fcgi:error] [pid 145702:tid 145702] [client 85.208.96.212:27794] AH01071: Got error 'Primary script unknown'
[Mon Sep 30 22:16:05.603803 2024] [proxy_fcgi:error] [pid 145702:tid 145702] [client 185.191.171.7:48320] AH01071: Got error 'Primary script unknown'
[Mon Sep 30 22:16:22.996855 2024] [proxy_fcgi:error] [pid 128532:tid 128532] [client 186.121.238.58:53267] AH01071: Got error 'Primary script unknown'
[Mon Sep 30 22:16:49.085815 2024] [proxy_fcgi:error] [pid 144234:tid 144234] [client 85.208.96.198:45694] AH01071: Got error 'Primary script unknown'
[Mon Sep 30 22:17:10.111925 2024] [proxy_fcgi:error] [pid 136455:tid 136455] [client 66.249.66.86:47525] AH01071: Got error 'Primary script unknown'
[Mon Sep 30 22:18:40.469525 2024] [proxy_fcgi:error] [pid 144234:tid 144234] [client 85.208.96.204:56318] AH01071: Got error 'Primary script unknown'
[Mon Sep 30 22:18:59.039509 2024] [proxy_fcgi:error] [pid 145702:tid 145702] [client 185.191.171.4:25964] AH01071: Got error 'Primary script unknown'
[Mon Sep 30 22:20:50.683421 2024] [proxy_fcgi:error] [pid 128532:tid 128532] [client 85.208.96.204:56472] AH01071: Got error 'Primary script unknown'
[Mon Sep 30 22:26:22.445476 2024] [proxy_fcgi:error] [pid 145702:tid 145702] [client 85.208.96.194:45558] AH01071: Got error 'Primary script unknown'
[Mon Sep 30 22:31:07.949073 2024] [proxy_fcgi:error] [pid 145702:tid 145702] [client 83.16.76.169:64158] AH01071: Got error 'Primary script unknown'
[Mon Sep 30 22:32:45.691875 2024] [proxy_fcgi:error] [pid 150871:tid 150871] [client 85.208.96.197:49034] AH01071: Got error 'Primary script unknown'
[Mon Sep 30 22:35:01.221270 2024] [proxy_fcgi:error] [pid 128532:tid 128532] [client 85.208.96.207:36062] AH01071: Got error 'Primary script unknown'
[Mon Sep 30 22:37:14.779358 2024] [proxy_fcgi:error] [pid 144234:tid 144234] [client 210.16.189.15:63302] AH01071: Got error 'Primary script unknown'
[Mon Sep 30 22:41:33.631043 2024] [proxy_fcgi:error] [pid 144263:tid 144263] [client 85.208.96.212:8788] AH01071: Got error 'Primary script unknown'
[Mon Sep 30 22:42:59.620982 2024] [proxy_fcgi:error] [pid 128540:tid 128540] [client 185.191.171.4:34940] AH01071: Got error 'Primary script unknown'
[Mon Sep 30 22:43:05.544746 2024] [proxy_fcgi:error] [pid 144234:tid 144234] [client 185.191.171.5:12562] AH01071: Got error 'Primary script unknown'
[Mon Sep 30 22:54:53.884702 2024] [proxy_fcgi:error] [pid 128532:tid 128532] [client 66.249.66.87:39901] AH01071: Got error 'Primary script unknown'
[Mon Sep 30 22:57:04.231746 2024] [proxy_fcgi:error] [pid 154614:tid 154614] [client 185.191.171.16:21036] AH01071: Got error 'Primary script unknown'
[Mon Sep 30 23:01:59.333193 2024] [proxy_fcgi:error] [pid 154614:tid 154614] [client 5.255.231.147:47704] AH01071: Got error 'Primary script unknown'
[Mon Sep 30 23:03:01.548399 2024] [proxy_fcgi:error] [pid 145702:tid 145702] [client 85.208.96.198:53122] AH01071: Got error 'Primary script unknown'
[Mon Sep 30 23:04:30.059717 2024] [proxy_fcgi:error] [pid 144234:tid 144234] [client 5.255.231.4:53848] AH01071: Got error 'Primary script unknown'
[Mon Sep 30 23:14:58.704437 2024] [proxy_fcgi:error] [pid 136455:tid 136455] [client 185.191.171.17:20270] AH01071: Got error 'Primary script unknown'
[Mon Sep 30 23:22:55.005354 2024] [proxy_fcgi:error] [pid 154614:tid 154614] [client 185.191.171.19:3630] AH01071: Got error 'Primary script unknown'
[Mon Sep 30 23:24:24.070888 2024] [proxy_fcgi:error] [pid 124460:tid 124460] [client 185.191.171.16:33112] AH01071: Got error 'Primary script unknown'
[Mon Sep 30 23:28:41.194376 2024] [proxy_fcgi:error] [pid 128532:tid 128532] [client 185.191.171.4:2804] AH01071: Got error 'Primary script unknown'
[Mon Sep 30 23:30:42.304772 2024] [proxy_fcgi:error] [pid 128532:tid 128532] [client 185.191.171.8:5416] AH01071: Got error 'Primary script unknown'
[Mon Sep 30 23:33:15.053993 2024] [proxy_fcgi:error] [pid 124460:tid 124460] [client 85.208.96.212:53042] AH01071: Got error 'Primary script unknown'
[Mon Sep 30 23:34:02.047825 2024] [proxy_fcgi:error] [pid 128532:tid 128532] [client 185.191.171.1:49732] AH01071: Got error 'Primary script unknown'
[Mon Sep 30 23:37:07.018514 2024] [proxy_fcgi:error] [pid 160757:tid 160757] [client 85.208.96.196:34866] AH01071: Got error 'Primary script unknown'
[Mon Sep 30 23:37:16.208196 2024] [proxy_fcgi:error] [pid 136455:tid 136455] [client 85.208.96.201:51844] AH01071: Got error 'Primary script unknown'
[Mon Sep 30 23:38:32.613176 2024] [proxy_fcgi:error] [pid 128540:tid 128540] [client 185.191.171.16:46428] AH01071: Got error 'Primary script unknown'
[Mon Sep 30 23:42:03.146904 2024] [proxy_fcgi:error] [pid 128540:tid 128540] [client 51.79.138.180:54174] AH01071: Got error 'Primary script unknown'
[Mon Sep 30 23:42:08.373794 2024] [proxy_fcgi:error] [pid 136455:tid 136455] [client 51.79.138.180:57970] AH01071: Got error 'Primary script unknown'
[Mon Sep 30 23:42:08.896908 2024] [proxy_fcgi:error] [pid 144234:tid 144234] [client 51.79.138.180:58279] AH01071: Got error 'Primary script unknown'
[Mon Sep 30 23:42:11.612007 2024] [proxy_fcgi:error] [pid 144207:tid 144207] [client 51.79.138.180:60037] AH01071: Got error 'Primary script unknown'
[Mon Sep 30 23:42:12.557546 2024] [proxy_fcgi:error] [pid 150871:tid 150871] [client 51.79.138.180:60620] AH01071: Got error 'Primary script unknown'
[Mon Sep 30 23:42:14.012250 2024] [proxy_fcgi:error] [pid 145702:tid 145702] [client 51.79.138.180:61710] AH01071: Got error 'Primary script unknown'
[Mon Sep 30 23:42:16.009020 2024] [proxy_fcgi:error] [pid 128532:tid 128532] [client 51.79.138.180:63115] AH01071: Got error 'Primary script unknown'
[Mon Sep 30 23:42:26.648352 2024] [proxy_fcgi:error] [pid 144234:tid 144234] [client 51.79.138.180:53733] AH01071: Got error 'Primary script unknown'
[Mon Sep 30 23:42:27.343503 2024] [proxy_fcgi:error] [pid 154614:tid 154614] [client 51.79.138.180:54301] AH01071: Got error 'Primary script unknown'
[Mon Sep 30 23:42:27.950405 2024] [proxy_fcgi:error] [pid 128540:tid 128540] [client 51.79.138.180:54729] AH01071: Got error 'Primary script unknown'
[Mon Sep 30 23:42:31.408801 2024] [proxy_fcgi:error] [pid 145702:tid 145702] [client 51.79.138.180:57004] AH01071: Got error 'Primary script unknown'
[Mon Sep 30 23:42:37.183599 2024] [proxy_fcgi:error] [pid 160757:tid 160757] [client 51.79.138.180:60552] AH01071: Got error 'Primary script unknown'
[Mon Sep 30 23:42:37.991969 2024] [proxy_fcgi:error] [pid 154614:tid 154614] [client 51.79.138.180:61193] AH01071: Got error 'Primary script unknown'
[Mon Sep 30 23:42:40.681057 2024] [proxy_fcgi:error] [pid 144207:tid 144207] [client 51.79.138.180:63300] AH01071: Got error 'Primary script unknown'
[Mon Sep 30 23:42:41.668889 2024] [proxy_fcgi:error] [pid 145702:tid 145702] [client 185.191.171.15:22820] AH01071: Got error 'Primary script unknown'
[Mon Sep 30 23:42:41.748069 2024] [proxy_fcgi:error] [pid 160757:tid 160757] [client 51.79.138.180:64267] AH01071: Got error 'Primary script unknown'
[Mon Sep 30 23:42:43.442063 2024] [proxy_fcgi:error] [pid 144234:tid 144234] [client 51.79.138.180:65151] AH01071: Got error 'Primary script unknown'
[Mon Sep 30 23:42:51.266568 2024] [proxy_fcgi:error] [pid 128540:tid 128540] [client 51.79.138.180:54069] AH01071: Got error 'Primary script unknown'
[Mon Sep 30 23:42:51.819875 2024] [proxy_fcgi:error] [pid 128532:tid 128532] [client 51.79.138.180:54382] AH01071: Got error 'Primary script unknown'
[Mon Sep 30 23:42:52.400013 2024] [proxy_fcgi:error] [pid 144207:tid 144207] [client 51.79.138.180:54837] AH01071: Got error 'Primary script unknown'
[Mon Sep 30 23:45:33.854875 2024] [proxy_fcgi:error] [pid 128532:tid 128532] [client 85.208.96.208:46674] AH01071: Got error 'Primary script unknown'
[Mon Sep 30 23:52:44.029839 2024] [proxy_fcgi:error] [pid 160757:tid 160757] [client 185.191.171.12:31432] AH01071: Got error 'Primary script unknown'
[Mon Sep 30 23:53:15.794335 2024] [proxy_fcgi:error] [pid 150871:tid 150871] [client 85.208.96.200:22592] AH01071: Got error 'Primary script unknown'
[Mon Sep 30 23:55:18.534782 2024] [proxy_fcgi:error] [pid 136455:tid 136455] [client 66.249.66.82:37630] AH01071: Got error 'Primary script unknown'
[Mon Sep 30 23:57:01.885449 2024] [proxy_fcgi:error] [pid 150871:tid 150871] [client 185.191.171.11:47184] AH01071: Got error 'Primary script unknown'
[Mon Sep 30 23:59:22.611347 2024] [proxy_fcgi:error] [pid 154614:tid 154614] [client 185.191.171.5:39800] AH01071: Got error 'Primary script unknown'
[Tue Oct 01 00:00:37.839048 2024] [proxy_fcgi:error] [pid 145702:tid 145702] [client 185.191.171.16:26544] AH01071: Got error 'Primary script unknown'
[Tue Oct 01 00:02:59.829240 2024] [proxy_fcgi:error] [pid 162895:tid 162895] [client 85.208.96.206:63428] AH01071: Got error 'Primary script unknown'
[Tue Oct 01 00:03:42.135318 2024] [proxy_fcgi:error] [pid 144234:tid 144234] [client 185.191.171.16:4638] AH01071: Got error 'Primary script unknown'
[Tue Oct 01 00:07:52.542517 2024] [proxy_fcgi:error] [pid 160757:tid 160757] [client 185.191.171.18:54650] AH01071: Got error 'Primary script unknown'
[Tue Oct 01 00:09:25.395074 2024] [core:crit] [pid 144234:tid 144234] (13)Permission denied: [client 146.190.119.189:56620] AH00529: /home/beautystudiomix/public_html/.htaccess pcfg_openfile: unable to check htaccess file, ensure it is readable and that '/home/beautystudiomix/public_html/' is executable
[Tue Oct 01 00:29:05.687521 2024] [proxy_fcgi:error] [pid 164223:tid 164223] [client 185.191.171.19:60482] AH01071: Got error 'Primary script unknown'
[Tue Oct 01 00:31:43.139123 2024] [proxy_fcgi:error] [pid 136455:tid 136455] [client 185.191.171.2:35002] AH01071: Got error 'Primary script unknown'
[Tue Oct 01 00:33:57.577566 2024] [proxy_fcgi:error] [pid 128540:tid 128540] [client 85.208.96.208:43256] AH01071: Got error 'Primary script unknown'
[Tue Oct 01 00:38:45.749325 2024] [core:error] [pid 160757:tid 160757] [client 154.213.184.15:44834] AH10244: invalid URI path (/cgi-bin/.%%%%32%%65/.%%%%32%%65/.%%%%32%%65/.%%%%32%%65/.%%%%32%%65/bin/sh)
[Tue Oct 01 00:44:44.660385 2024] [proxy_fcgi:error] [pid 164223:tid 164223] [client 185.191.171.2:56428] AH01071: Got error 'Primary script unknown'
[Tue Oct 01 00:45:10.983363 2024] [proxy_fcgi:error] [pid 160757:tid 160757] [client 185.191.171.11:21136] AH01071: Got error 'Primary script unknown'
[Tue Oct 01 00:46:14.456904 2024] [proxy_fcgi:error] [pid 162895:tid 162895] [client 85.208.96.199:23552] AH01071: Got error 'Primary script unknown'
[Tue Oct 01 00:47:52.818445 2024] [proxy_fcgi:error] [pid 154614:tid 154614] [client 85.208.96.210:2276] AH01071: Got error 'Primary script unknown'
[Tue Oct 01 00:57:19.525351 2024] [proxy_fcgi:error] [pid 164645:tid 164645] [client 85.208.96.199:24718] AH01071: Got error 'Primary script unknown'
[Tue Oct 01 00:57:42.298035 2024] [proxy_fcgi:error] [pid 150871:tid 150871] [client 185.191.171.1:47206] AH01071: Got error 'Primary script unknown'
[Tue Oct 01 01:00:16.807141 2024] [proxy_fcgi:error] [pid 160757:tid 160757] [client 185.191.171.7:15884] AH01071: Got error 'Primary script unknown'
[Tue Oct 01 01:00:57.263847 2024] [core:crit] [pid 164645:tid 164645] (13)Permission denied: [client 45.33.109.8:38517] AH00529: /home/beautystudiomix/public_html/.htaccess pcfg_openfile: unable to check htaccess file, ensure it is readable and that '/home/beautystudiomix/public_html/' is executable
[Tue Oct 01 01:03:02.248796 2024] [proxy_fcgi:error] [pid 144234:tid 144234] [client 185.191.171.2:41998] AH01071: Got error 'Primary script unknown'
[Tue Oct 01 01:06:22.492089 2024] [proxy_fcgi:error] [pid 164645:tid 164645] [client 85.208.96.201:4384] AH01071: Got error 'Primary script unknown'
[Tue Oct 01 01:08:02.201422 2024] [proxy_fcgi:error] [pid 160757:tid 160757] [client 185.191.171.15:53980] AH01071: Got error 'Primary script unknown'
[Tue Oct 01 01:10:42.781549 2024] [proxy_fcgi:error] [pid 164645:tid 164645] [client 185.191.171.12:7072] AH01071: Got error 'Primary script unknown'
[Tue Oct 01 01:13:46.160525 2024] [proxy_fcgi:error] [pid 154614:tid 154614] [client 185.191.171.18:15502] AH01071: Got error 'Primary script unknown'
[Tue Oct 01 01:23:50.005057 2024] [proxy_fcgi:error] [pid 160757:tid 160757] [client 85.208.96.207:55048] AH01071: Got error 'Primary script unknown'
[Tue Oct 01 01:28:33.856273 2024] [proxy_fcgi:error] [pid 164645:tid 164645] [client 185.191.171.18:21264] AH01071: Got error 'Primary script unknown'
[Tue Oct 01 01:30:24.918351 2024] [proxy_fcgi:error] [pid 162895:tid 162895] [client 85.208.96.210:60530] AH01071: Got error 'Primary script unknown'
[Tue Oct 01 01:33:43.542591 2024] [proxy_fcgi:error] [pid 171174:tid 171174] [client 85.208.96.200:14464] AH01071: Got error 'Primary script unknown'
[Tue Oct 01 01:35:26.418109 2024] [proxy_fcgi:error] [pid 164645:tid 164645] [client 85.208.96.202:42902] AH01071: Got error 'Primary script unknown'
[Tue Oct 01 01:37:53.149040 2024] [proxy_fcgi:error] [pid 144234:tid 144234] [client 185.191.171.14:34744] AH01071: Got error 'Primary script unknown'
[Tue Oct 01 01:40:39.536864 2024] [proxy_fcgi:error] [pid 128532:tid 128532] [client 185.191.171.16:54874] AH01071: Got error 'Primary script unknown'
[Tue Oct 01 01:41:19.142605 2024] [proxy_fcgi:error] [pid 164645:tid 164645] [client 85.208.96.200:6780] AH01071: Got error 'Primary script unknown'
[Tue Oct 01 01:49:04.284407 2024] [proxy_fcgi:error] [pid 154614:tid 154614] [client 185.191.171.9:63116] AH01071: Got error 'Primary script unknown'
[Tue Oct 01 01:56:55.828334 2024] [proxy_fcgi:error] [pid 136455:tid 136455] [client 185.191.171.9:11634] AH01071: Got error 'Primary script unknown'
[Tue Oct 01 01:57:34.802737 2024] [proxy_fcgi:error] [pid 171173:tid 171173] [client 185.191.171.17:26150] AH01071: Got error 'Primary script unknown'
[Tue Oct 01 01:59:17.286624 2024] [proxy_fcgi:error] [pid 144234:tid 144234] [client 54.162.101.52:49466] AH01071: Got error 'Primary script unknown'
[Tue Oct 01 02:00:23.770115 2024] [proxy_fcgi:error] [pid 162895:tid 162895] [client 85.208.96.200:54264] AH01071: Got error 'Primary script unknown'
[Tue Oct 01 02:01:31.425817 2024] [proxy_fcgi:error] [pid 128540:tid 128540] [client 92.222.181.205:34148] AH01071: Got error 'Primary script unknown'
[Tue Oct 01 02:05:21.965790 2024] [proxy_fcgi:error] [pid 128540:tid 128540] [client 185.191.171.13:52858] AH01071: Got error 'Primary script unknown'
[Tue Oct 01 02:11:40.051666 2024] [proxy_fcgi:error] [pid 171173:tid 171173] [client 85.208.96.207:63706] AH01071: Got error 'Primary script unknown'
[Tue Oct 01 02:14:43.844643 2024] [proxy_fcgi:error] [pid 154614:tid 154614] [client 38.152.58.165:12295] AH01071: Got error 'Primary script unknown'
[Tue Oct 01 02:15:45.434694 2024] [proxy_fcgi:error] [pid 150871:tid 150871] [client 104.252.131.194:34299] AH01071: Got error 'Primary script unknown'
[Tue Oct 01 02:20:33.215391 2024] [proxy_fcgi:error] [pid 171174:tid 171174] [client 185.191.171.10:35464] AH01071: Got error 'Primary script unknown'
[Tue Oct 01 02:20:56.287927 2024] [proxy_fcgi:error] [pid 128532:tid 128532] [client 185.191.171.14:33572] AH01071: Got error 'Primary script unknown'
[Tue Oct 01 02:22:28.556671 2024] [proxy_fcgi:error] [pid 154614:tid 154614] [client 185.191.171.10:53852] AH01071: Got error 'Primary script unknown'
[Tue Oct 01 02:26:26.126215 2024] [proxy_fcgi:error] [pid 128532:tid 128532] [client 185.191.171.1:32652] AH01071: Got error 'Primary script unknown'
[Tue Oct 01 02:28:24.639266 2024] [proxy_fcgi:error] [pid 154614:tid 154614] [client 85.208.96.194:40364] AH01071: Got error 'Primary script unknown'
[Tue Oct 01 02:30:38.490834 2024] [proxy_fcgi:error] [pid 128540:tid 128540] [client 85.208.96.203:39540] AH01071: Got error 'Primary script unknown'
[Tue Oct 01 02:33:20.483336 2024] [proxy_fcgi:error] [pid 128532:tid 128532] [client 85.208.96.208:16162] AH01071: Got error 'Primary script unknown'
[Tue Oct 01 02:36:04.935805 2024] [proxy_fcgi:error] [pid 164645:tid 164645] [client 37.99.96.170:18271] AH01071: Got error 'Primary script unknown', referer: https://derhosting.bg/contact.php
[Tue Oct 01 02:37:30.342424 2024] [proxy_fcgi:error] [pid 162895:tid 162895] [client 85.208.96.194:33186] AH01071: Got error 'Primary script unknown'
[Tue Oct 01 02:37:50.974016 2024] [proxy_fcgi:error] [pid 171174:tid 171174] [client 85.208.96.205:15204] AH01071: Got error 'Primary script unknown'
[Tue Oct 01 02:39:50.029200 2024] [proxy_fcgi:error] [pid 154614:tid 154614] [client 185.191.171.11:25260] AH01071: Got error 'Primary script unknown'
[Tue Oct 01 02:47:12.337438 2024] [proxy_fcgi:error] [pid 171173:tid 171173] [client 20.171.206.251:23631] AH01071: Got error 'Primary script unknown'
[Tue Oct 01 02:47:15.842238 2024] [proxy_fcgi:error] [pid 171174:tid 171174] [client 146.70.144.107:59253] AH01071: Got error 'Primary script unknown'
[Tue Oct 01 02:47:15.915359 2024] [proxy_fcgi:error] [pid 171173:tid 171173] [client 20.171.206.251:23631] AH01071: Got error 'Primary script unknown'
[Tue Oct 01 02:47:15.956859 2024] [proxy_fcgi:error] [pid 171174:tid 171174] [client 146.70.144.107:59253] AH01071: Got error 'Primary script unknown'
[Tue Oct 01 02:47:56.181351 2024] [core:error] [pid 144234:tid 144234] [client 20.171.206.120:13761] AH10244: invalid URI path (/js/libs/%url%)
[Tue Oct 01 02:57:43.838044 2024] [proxy_fcgi:error] [pid 162895:tid 162895] [client 20.171.206.14:56205] AH01071: Got error 'Primary script unknown'
[Tue Oct 01 02:57:51.463303 2024] [proxy_fcgi:error] [pid 171174:tid 171174] [client 20.171.206.89:29247] AH01071: Got error 'Primary script unknown'
[Tue Oct 01 03:00:26.138691 2024] [proxy_fcgi:error] [pid 175610:tid 175610] [client 85.208.96.195:51170] AH01071: Got error 'Primary script unknown'
[Tue Oct 01 03:01:10.901136 2024] [proxy_fcgi:error] [pid 136455:tid 136455] [client 185.191.171.13:4446] AH01071: Got error 'Primary script unknown'
[Tue Oct 01 03:03:34.806377 2024] [proxy_fcgi:error] [pid 150871:tid 150871] [client 185.191.171.3:19872] AH01071: Got error 'Primary script unknown'
[Tue Oct 01 03:07:46.623228 2024] [proxy_fcgi:error] [pid 164645:tid 164645] [client 185.191.171.12:18694] AH01071: Got error 'Primary script unknown'
[Tue Oct 01 03:09:08.880294 2024] [proxy_fcgi:error] [pid 150871:tid 150871] [client 85.208.96.212:29888] AH01071: Got error 'Primary script unknown'
[Tue Oct 01 03:14:13.688905 2024] [proxy_fcgi:error] [pid 128540:tid 128540] [client 185.191.171.14:29834] AH01071: Got error 'Primary script unknown'
[Tue Oct 01 03:14:18.392649 2024] [proxy_fcgi:error] [pid 162895:tid 162895] [client 85.208.96.205:50814] AH01071: Got error 'Primary script unknown'
[Tue Oct 01 03:27:26.551670 2024] [proxy_fcgi:error] [pid 128540:tid 128540] [client 85.208.96.211:61180] AH01071: Got error 'Primary script unknown'
[Tue Oct 01 03:29:35.849325 2024] [proxy_fcgi:error] [pid 164645:tid 164645] [client 85.208.96.196:42602] AH01071: Got error 'Primary script unknown'
[Tue Oct 01 03:29:52.508113 2024] [proxy_fcgi:error] [pid 144234:tid 144234] [client 85.208.96.202:43900] AH01071: Got error 'Primary script unknown'
[Tue Oct 01 03:32:00.206262 2024] [proxy_fcgi:error] [pid 164645:tid 164645] [client 185.191.171.10:37128] AH01071: Got error 'Primary script unknown'
[Tue Oct 01 03:33:20.256855 2024] [proxy_fcgi:error] [pid 150871:tid 150871] [client 185.191.171.13:45442] AH01071: Got error 'Primary script unknown'
[Tue Oct 01 03:38:16.109899 2024] [proxy_fcgi:error] [pid 154614:tid 154614] [client 85.208.96.208:59552] AH01071: Got error 'Primary script unknown'
[Tue Oct 01 03:41:00.682594 2024] [proxy_fcgi:error] [pid 154614:tid 154614] [client 185.191.171.18:37272] AH01071: Got error 'Primary script unknown'
[Tue Oct 01 03:44:40.559489 2024] [proxy_fcgi:error] [pid 150871:tid 150871] [client 85.208.96.196:33844] AH01071: Got error 'Primary script unknown'
[Tue Oct 01 03:46:36.272107 2024] [proxy_fcgi:error] [pid 164645:tid 164645] [client 185.191.171.15:26718] AH01071: Got error 'Primary script unknown'
[Tue Oct 01 03:48:50.109616 2024] [ssl:error] [pid 171174:tid 171174] [client 167.94.138.45:44394] AH02032: Hostname cpcontacts.zonatabg.net provided via SNI and hostname 92.247.223.173 provided via HTTP have no compatible SSL setup
[Tue Oct 01 03:50:36.871295 2024] [proxy_fcgi:error] [pid 171174:tid 171174] [client 185.191.171.4:28416] AH01071: Got error 'Primary script unknown'
[Tue Oct 01 03:51:32.290799 2024] [proxy_fcgi:error] [pid 171173:tid 171173] [client 85.208.96.198:39314] AH01071: Got error 'Primary script unknown'
[Tue Oct 01 03:51:33.945486 2024] [proxy_fcgi:error] [pid 162895:tid 162895] [client 85.208.96.203:12786] AH01071: Got error 'Primary script unknown'
[Tue Oct 01 03:52:22.677025 2024] [cgi:error] [pid 144234:tid 144234] [client 23.178.112.109:64523] AH01215: stderr from /usr/local/cpanel/cgi-priv/get_local.cgi: 400: No cPanel user controls a local domain called \xe2\x80\x9c92-247-223-173.cprapid.com\xe2\x80\x9d. at cgi-priv/get_local.cgi.pl line 151.
[Tue Oct 01 03:52:22.828236 2024] [cgi:error] [pid 150871:tid 150871] [client 23.178.112.106:38735] AH01215: stderr from /usr/local/cpanel/cgi-priv/get_local.cgi: 400: No cPanel user controls a local domain called \xe2\x80\x9c92-247-223-173.cprapid.com\xe2\x80\x9d. at cgi-priv/get_local.cgi.pl line 151.
[Tue Oct 01 03:52:23.146577 2024] [cgi:error] [pid 164645:tid 164645] [client 23.178.112.100:57471] AH01215: stderr from /usr/local/cpanel/cgi-priv/get_local.cgi: 400: No cPanel user controls a local domain called \xe2\x80\x9c92-247-223-173.cprapid.com\xe2\x80\x9d. at cgi-priv/get_local.cgi.pl line 151.
[Tue Oct 01 03:52:23.220634 2024] [cgi:error] [pid 175610:tid 175610] [client 23.178.112.100:57485] AH01215: stderr from /usr/local/cpanel/cgi-priv/get_local.cgi: 400: No cPanel user controls a local domain called \xe2\x80\x9c92-247-223-173.cprapid.com\xe2\x80\x9d. at cgi-priv/get_local.cgi.pl line 151.
[Tue Oct 01 03:52:23.329844 2024] [cgi:error] [pid 178218:tid 178218] [client 23.178.112.103:35989] AH01215: stderr from /usr/local/cpanel/cgi-priv/get_local.cgi: 400: No cPanel user controls a local domain called \xe2\x80\x9c92-247-223-173.cprapid.com\xe2\x80\x9d. at cgi-priv/get_local.cgi.pl line 151.
[Tue Oct 01 03:52:23.930175 2024] [cgi:error] [pid 171174:tid 171174] [client 23.178.112.108:33239] AH01215: stderr from /usr/local/cpanel/cgi-priv/get_local.cgi: 400: No cPanel user controls a local domain called \xe2\x80\x9c92-247-223-173.cprapid.com\xe2\x80\x9d. at cgi-priv/get_local.cgi.pl line 151.
[Tue Oct 01 03:52:23.999604 2024] [cgi:error] [pid 171173:tid 171173] [client 23.178.112.100:57497] AH01215: stderr from /usr/local/cpanel/cgi-priv/get_local.cgi: 400: No cPanel user controls a local domain called \xe2\x80\x9c92-247-223-173.cprapid.com\xe2\x80\x9d. at cgi-priv/get_local.cgi.pl line 151.
[Tue Oct 01 03:52:24.267059 2024] [cgi:error] [pid 162895:tid 162895] [client 23.178.112.108:33243] AH01215: stderr from /usr/local/cpanel/cgi-priv/get_local.cgi: 400: No cPanel user controls a local domain called \xe2\x80\x9c92-247-223-173.cprapid.com\xe2\x80\x9d. at cgi-priv/get_local.cgi.pl line 151.
[Tue Oct 01 03:57:21.260380 2024] [proxy_fcgi:error] [pid 162895:tid 162895] [client 185.191.171.8:46330] AH01071: Got error 'Primary script unknown'
[Tue Oct 01 03:58:56.452299 2024] [proxy_fcgi:error] [pid 136455:tid 136455] [client 185.191.171.5:50336] AH01071: Got error 'Primary script unknown'
[Tue Oct 01 04:03:41.620196 2024] [proxy_fcgi:error] [pid 175610:tid 175610] [client 85.208.96.208:55334] AH01071: Got error 'Primary script unknown'
[Tue Oct 01 04:06:45.954746 2024] [proxy_fcgi:error] [pid 171173:tid 171173] [client 185.191.171.1:35930] AH01071: Got error 'Primary script unknown'
[Tue Oct 01 04:13:51.737288 2024] [proxy_fcgi:error] [pid 150871:tid 150871] [client 64.44.110.225:49338] AH10414: To be forwarded path contains control characters or spaces
[Tue Oct 01 04:18:00.825689 2024] [proxy_fcgi:error] [pid 178218:tid 178218] [client 185.191.171.7:2138] AH01071: Got error 'Primary script unknown'
[Tue Oct 01 04:23:31.979258 2024] [proxy_fcgi:error] [pid 136455:tid 136455] [client 85.208.96.198:42882] AH01071: Got error 'Primary script unknown'
[Tue Oct 01 04:32:51.358512 2024] [proxy_fcgi:error] [pid 136455:tid 136455] [client 66.249.66.81:54635] AH01071: Got error 'Primary script unknown'
[Tue Oct 01 04:33:29.393096 2024] [proxy_fcgi:error] [pid 175610:tid 175610] [client 185.191.171.2:18706] AH01071: Got error 'Primary script unknown'
[Tue Oct 01 04:33:31.057012 2024] [proxy_fcgi:error] [pid 150871:tid 150871] [client 85.208.96.210:63840] AH01071: Got error 'Primary script unknown'
[Tue Oct 01 04:39:02.967585 2024] [proxy_fcgi:error] [pid 150871:tid 150871] [client 85.208.96.210:8118] AH01071: Got error 'Primary script unknown'
[Tue Oct 01 04:40:40.920884 2024] [proxy_fcgi:error] [pid 136455:tid 136455] [client 65.108.31.164:62011] AH01071: Got error 'Primary script unknown'
[Tue Oct 01 04:46:02.209963 2024] [proxy_fcgi:error] [pid 181895:tid 181895] [client 86.104.72.144:61651] AH01071: Got error 'Primary script unknown', referer: https://derhosting.bg/cart.php?a=view
[Tue Oct 01 04:46:02.767239 2024] [proxy_fcgi:error] [pid 181895:tid 181895] [client 86.104.72.144:61651] AH01071: Got error 'Primary script unknown', referer: https://derhosting.bg/cart.php?a=view'[0]
[Tue Oct 01 04:50:28.046775 2024] [proxy_fcgi:error] [pid 181895:tid 181895] [client 192.99.3.137:47844] AH01071: Got error 'Primary script unknown'
[Tue Oct 01 04:50:30.098225 2024] [proxy_fcgi:error] [pid 136455:tid 136455] [client 192.99.3.137:48986] AH01071: Got error 'Primary script unknown'
[Tue Oct 01 04:56:36.176995 2024] [proxy_fcgi:error] [pid 171174:tid 171174] [client 185.191.171.14:15582] AH01071: Got error 'Primary script unknown'
[Tue Oct 01 04:56:54.800784 2024] [proxy_fcgi:error] [pid 154614:tid 154614] [client 185.191.171.18:63504] AH01071: Got error 'Primary script unknown'
[Tue Oct 01 05:03:31.821009 2024] [proxy_fcgi:error] [pid 183832:tid 183832] [client 192.99.3.137:55332] AH01071: Got error 'Primary script unknown'
[Tue Oct 01 05:03:33.375400 2024] [proxy_fcgi:error] [pid 183832:tid 183832] [client 192.99.3.137:55332] AH01071: Got error 'Primary script unknown'
[Tue Oct 01 05:03:34.897567 2024] [proxy_fcgi:error] [pid 183832:tid 183832] [client 192.99.3.137:55332] AH01071: Got error 'Primary script unknown'
[Tue Oct 01 05:03:36.435045 2024] [proxy_fcgi:error] [pid 183832:tid 183832] [client 192.99.3.137:55332] AH01071: Got error 'Primary script unknown'
[Tue Oct 01 05:03:38.110856 2024] [proxy_fcgi:error] [pid 183832:tid 183832] [client 192.99.3.137:55332] AH01071: Got error 'Primary script unknown'
[Tue Oct 01 05:03:39.672486 2024] [proxy_fcgi:error] [pid 183832:tid 183832] [client 192.99.3.137:55332] AH01071: Got error 'Primary script unknown'
[Tue Oct 01 05:03:41.340302 2024] [proxy_fcgi:error] [pid 183832:tid 183832] [client 192.99.3.137:55332] AH01071: Got error 'Primary script unknown'
[Tue Oct 01 05:03:42.729531 2024] [proxy_fcgi:error] [pid 183832:tid 183832] [client 192.99.3.137:55332] AH01071: Got error 'Primary script unknown'
[Tue Oct 01 05:03:44.185444 2024] [proxy_fcgi:error] [pid 183832:tid 183832] [client 192.99.3.137:55332] AH01071: Got error 'Primary script unknown'
[Tue Oct 01 05:03:45.980595 2024] [proxy_fcgi:error] [pid 183832:tid 183832] [client 192.99.3.137:55332] AH01071: Got error 'Primary script unknown'
[Tue Oct 01 05:03:47.532246 2024] [proxy_fcgi:error] [pid 183832:tid 183832] [client 192.99.3.137:55332] AH01071: Got error 'Primary script unknown'
[Tue Oct 01 05:03:49.074722 2024] [proxy_fcgi:error] [pid 183832:tid 183832] [client 192.99.3.137:55332] AH01071: Got error 'Primary script unknown'
[Tue Oct 01 05:03:50.552261 2024] [proxy_fcgi:error] [pid 183832:tid 183832] [client 192.99.3.137:55332] AH01071: Got error 'Primary script unknown'
[Tue Oct 01 05:03:52.132466 2024] [proxy_fcgi:error] [pid 183832:tid 183832] [client 192.99.3.137:55332] AH01071: Got error 'Primary script unknown'
[Tue Oct 01 05:03:53.518488 2024] [proxy_fcgi:error] [pid 183832:tid 183832] [client 192.99.3.137:55332] AH01071: Got error 'Primary script unknown'
[Tue Oct 01 05:03:55.047800 2024] [proxy_fcgi:error] [pid 183832:tid 183832] [client 192.99.3.137:55332] AH01071: Got error 'Primary script unknown'
[Tue Oct 01 05:03:56.422621 2024] [proxy_fcgi:error] [pid 183832:tid 183832] [client 192.99.3.137:55332] AH01071: Got error 'Primary script unknown'
[Tue Oct 01 05:03:57.951830 2024] [proxy_fcgi:error] [pid 183832:tid 183832] [client 192.99.3.137:55332] AH01071: Got error 'Primary script unknown'
[Tue Oct 01 05:03:59.343444 2024] [proxy_fcgi:error] [pid 183832:tid 183832] [client 192.99.3.137:55332] AH01071: Got error 'Primary script unknown'
[Tue Oct 01 05:04:00.746936 2024] [proxy_fcgi:error] [pid 183832:tid 183832] [client 192.99.3.137:55332] AH01071: Got error 'Primary script unknown'
[Tue Oct 01 05:04:02.277995 2024] [proxy_fcgi:error] [pid 183832:tid 183832] [client 192.99.3.137:55332] AH01071: Got error 'Primary script unknown'
[Tue Oct 01 05:04:04.145536 2024] [proxy_fcgi:error] [pid 183832:tid 183832] [client 192.99.3.137:55332] AH01071: Got error 'Primary script unknown'
[Tue Oct 01 05:04:05.681760 2024] [proxy_fcgi:error] [pid 183832:tid 183832] [client 192.99.3.137:55332] AH01071: Got error 'Primary script unknown'
[Tue Oct 01 05:04:07.219625 2024] [proxy_fcgi:error] [pid 183832:tid 183832] [client 192.99.3.137:55332] AH01071: Got error 'Primary script unknown'
[Tue Oct 01 05:04:09.254298 2024] [proxy_fcgi:error] [pid 136455:tid 136455] [client 192.99.3.137:36864] AH01071: Got error 'Primary script unknown'
[Tue Oct 01 05:04:10.883158 2024] [proxy_fcgi:error] [pid 136455:tid 136455] [client 192.99.3.137:36864] AH01071: Got error 'Primary script unknown'
[Tue Oct 01 05:04:12.511176 2024] [proxy_fcgi:error] [pid 136455:tid 136455] [client 192.99.3.137:36864] AH01071: Got error 'Primary script unknown'
[Tue Oct 01 05:04:14.045949 2024] [proxy_fcgi:error] [pid 136455:tid 136455] [client 192.99.3.137:36864] AH01071: Got error 'Primary script unknown'
[Tue Oct 01 05:04:15.606570 2024] [proxy_fcgi:error] [pid 136455:tid 136455] [client 192.99.3.137:36864] AH01071: Got error 'Primary script unknown'
[Tue Oct 01 05:04:17.136354 2024] [proxy_fcgi:error] [pid 136455:tid 136455] [client 192.99.3.137:36864] AH01071: Got error 'Primary script unknown'
[Tue Oct 01 05:04:18.511945 2024] [proxy_fcgi:error] [pid 136455:tid 136455] [client 192.99.3.137:36864] AH01071: Got error 'Primary script unknown'
[Tue Oct 01 05:04:20.066835 2024] [proxy_fcgi:error] [pid 136455:tid 136455] [client 192.99.3.137:36864] AH01071: Got error 'Primary script unknown'
[Tue Oct 01 05:04:21.446451 2024] [proxy_fcgi:error] [pid 136455:tid 136455] [client 192.99.3.137:36864] AH01071: Got error 'Primary script unknown'
[Tue Oct 01 05:04:22.865868 2024] [proxy_fcgi:error] [pid 136455:tid 136455] [client 192.99.3.137:36864] AH01071: Got error 'Primary script unknown'
[Tue Oct 01 05:04:24.415134 2024] [proxy_fcgi:error] [pid 136455:tid 136455] [client 192.99.3.137:36864] AH01071: Got error 'Primary script unknown'
[Tue Oct 01 05:04:25.951671 2024] [proxy_fcgi:error] [pid 136455:tid 136455] [client 192.99.3.137:36864] AH01071: Got error 'Primary script unknown'
